{"id":120,"date":"2019-09-04T14:24:05","date_gmt":"2019-09-04T07:24:05","guid":{"rendered":"http:\/\/demo18.muathemewordpress.net\/chi-tiet\/ban-giam-doc-hoa-phat-ntp1890t1"},"modified":"2019-09-04T14:27:16","modified_gmt":"2019-09-04T07:27:16","slug":"ban-giam-doc-hoa-phat-ntp1890t1","status":"publish","type":"product","link":"https:\/\/webmaibinh.com\/w\/noithat142011\/chi-tiet\/ban-giam-doc-hoa-phat-ntp1890t1","title":{"rendered":"B\u00e0n gi\u00e1m \u0111\u1ed1c h\u00f2a ph\u00e1t NTP1890T1"},"content":{"rendered":"<p>\u0110ang c\u1eadp nh\u1eadt&#8230;.<\/p>\n","protected":false},"excerpt":{"rendered":"<p>\u0110ang c\u1eadp nh\u1eadt&#8230;.<\/p>\n","protected":false},"featured_media":121,"comment_status":"open","ping_status":"closed","template":"","meta":[],"_links":{"self":[{"href":"https:\/\/webmaibinh.com\/w\/noithat142011\/wp-json\/wp\/v2\/product\/120"}],"collection":[{"href":"https:\/\/webmaibinh.com\/w\/noithat142011\/wp-json\/wp\/v2\/product"}],"about":[{"href":"https:\/\/webmaibinh.com\/w\/noithat142011\/wp-json\/wp\/v2\/types\/product"}],"replies":[{"embeddable":true,"href":"https:\/\/webmaibinh.com\/w\/noithat142011\/wp-json\/wp\/v2\/comments?post=120"}],"wp:featuredmedia":[{"embeddable":true,"href":"https:\/\/webmaibinh.com\/w\/noithat142011\/wp-json\/wp\/v2\/media\/121"}],"wp:attachment":[{"href":"https:\/\/webmaibinh.com\/w\/noithat142011\/wp-json\/wp\/v2\/media?parent=120"}],"curies":[{"name":"wp","href":"https:\/\/api.w.org\/{rel}","templated":true}]}}