{"id":405,"date":"2019-10-07T23:07:43","date_gmt":"2019-10-07T16:07:43","guid":{"rendered":"http:\/\/shop2.ninhbinhweb.biz\/?post_type=product&#038;p=405"},"modified":"2019-11-05T11:29:03","modified_gmt":"2019-11-05T04:29:03","slug":"may-hut-mun-dau-den-cao-cap-amida-d250","status":"publish","type":"product","link":"https:\/\/webmaibinh.com\/w\/noithat132011\/san-pham\/may-hut-mun-dau-den-cao-cap-amida-d250\/","title":{"rendered":"M\u00e1y h\u00fat m\u1ee5n \u0111\u1ea7u \u0111en cao c\u1ea5p Amida D250"},"content":{"rendered":"<p>M\u00e1y h\u00fat m\u1ee5n Nh\u1eadt B\u1ea3n Amida D250 kh\u00f4ng ch\u1ec9 h\u00fat m\u1ee5n th\u00f4ng th\u01b0\u1eddng m\u00e0 c\u00f2n\u00a0\u0111\u01b0\u1ee3c t\u00edch h\u1ee3p t\u00ednh n\u0103ng l\u00e0m\u00a0\u0111\u1eb9p v\u00e0 ch\u0103m s\u00f3c da m\u1eb7t b\u1eb1ng c\u00f4ng ngh\u1ec7\u00a0\u00e1nh s\u00e1ng sinh h\u1ecdc.\u00a0\u0110\u01b0\u1ee3c h\u00e0ng ngh\u00ecn ph\u1ee5 n\u1eef Nh\u1eadt B\u1ea3n y\u00eau th\u00edch s\u1eed d\u1ee5ng v\u1edbi l\u1ef1c h\u00fat m\u1ea1nh, thi\u1ebft k\u1ebf tinh t\u1ebf v\u00f4 c\u00f9ng d\u1ec5 s\u1eed d\u1ee5ng.<\/p>\n","protected":false},"excerpt":{"rendered":"<p>M\u00e1y h\u00fat m\u1ee5n chuy\u00ean d\u1ee5ng v\u1edbi 5 \u0111\u1ea7u h\u00fat gi\u00fap b\u1ea1n h\u00fat s\u1ea1ch t\u1ea5t c\u1ea3 c\u00e1c lo\u1ea1i m\u1ee5n. M\u00e1y t\u00edch h\u1ee3p c\u00f4ng ngh\u1ec7 tr\u1ecb m\u1ee5n, gi\u1ea3m v\u1ebft th\u00e2m, vi\u00eam m\u1ee5n b\u1eb1ng \u00e1nh s\u00e1ng sinh h\u1ecdc xanh \u2013 \u0111\u1ecf. L\u00e0 d\u00f2ng m\u00e1y \u0111\u01b0\u1ee3c \u01b0a chu\u1ed9ng h\u00e0ng \u0111\u1ea7u t\u1ea1i \u0111\u1ea5t n\u01b0\u1edbc m\u1eb7t tr\u1eddi m\u1ecdc.<\/p>\n","protected":false},"featured_media":468,"comment_status":"open","ping_status":"closed","template":"","meta":[],"_links":{"self":[{"href":"https:\/\/webmaibinh.com\/w\/noithat132011\/wp-json\/wp\/v2\/product\/405"}],"collection":[{"href":"https:\/\/webmaibinh.com\/w\/noithat132011\/wp-json\/wp\/v2\/product"}],"about":[{"href":"https:\/\/webmaibinh.com\/w\/noithat132011\/wp-json\/wp\/v2\/types\/product"}],"replies":[{"embeddable":true,"href":"https:\/\/webmaibinh.com\/w\/noithat132011\/wp-json\/wp\/v2\/comments?post=405"}],"wp:featuredmedia":[{"embeddable":true,"href":"https:\/\/webmaibinh.com\/w\/noithat132011\/wp-json\/wp\/v2\/media\/468"}],"wp:attachment":[{"href":"https:\/\/webmaibinh.com\/w\/noithat132011\/wp-json\/wp\/v2\/media?parent=405"}],"curies":[{"name":"wp","href":"https:\/\/api.w.org\/{rel}","templated":true}]}}