{"id":1117,"date":"2019-10-07T15:26:51","date_gmt":"2019-10-07T08:26:51","guid":{"rendered":"http:\/\/shop2.ninhbinhweb.biz\/?post_type=product&#038;p=198"},"modified":"2019-11-05T11:27:35","modified_gmt":"2019-11-05T04:27:35","slug":"may-rua-mat-cong-nghe-sieu-am-anh-quoc-giyfero-g400","status":"publish","type":"product","link":"https:\/\/webmaibinh.com\/w\/noithat132011\/san-pham\/may-rua-mat-cong-nghe-sieu-am-anh-quoc-giyfero-g400\/","title":{"rendered":"M\u00e1y r\u1eeda m\u1eb7t c\u00f4ng ngh\u1ec7 si\u00eau \u00e2m Anh Qu\u1ed1c GIYFERO G400"},"content":{"rendered":"<figure id=\"attachment_36343\" class=\"wp-caption alignnone\" aria-describedby=\"caption-attachment-36343\"><figcaption id=\"caption-attachment-36343\" class=\"wp-caption-text\"><strong>T\u00ednh n\u0103ng, \u0111\u1eb7c \u0111i\u1ec3m c\u1ee7a m\u00e1y r\u1eeda m\u1eb7t Anh Qu\u1ed1c GIYFERO G400:<\/strong><\/figcaption><\/figure>\n<ul>\n<li>Thi\u1ebft k\u1ebf hi\u1ec7n \u0111\u1ea1i khu v\u1ef1c sinh nhi\u1ec7t t\u1ea1i th\u00e2n m\u00e1y<\/li>\n<li>S\u1eed d\u1ee5ng c\u00f4ng ngh\u1ec7 s\u00f3ng \u00e2m Si\u00eau nhanh v\u00e0 m\u1ea1nh l\u00ean t\u1edbi 1200 s\u00f3ng \u00e2m\/ph\u00fat<\/li>\n<li>S\u1edf h\u1eefu 2000 s\u1ee3i silicone kh\u00e1ng khu\u1ea9n, m\u1ec1m m\u1ecbn<\/li>\n<li>T\u00edch h\u1ee3p s\u1ea1c c\u1ea3m \u1ee9ng \u0111i\u1ec7n t\u1eeb<\/li>\n<li>Ti\u00eau chu\u1ea9n qu\u00e2n d\u1ed9i IPX7 ch\u1ed1ng th\u1ea5m n\u01b0\u1edbc<\/li>\n<li>Thi\u1ebft k\u1ec3 nh\u1eb9 v\u00e0 nh\u1ecf g\u1ecdn v\u1edbi chi\u1ec1u cao 7,5 cm n\u1eb7ng 68 gam<\/li>\n<li>C\u00f3 5 m\u1ee9c c\u01b0\u1eddng \u0111\u1ed9 ph\u00f9 h\u1ee3p v\u1edbi m\u1ed7i lo\u1ea1i da kh\u00e1c nhau<\/li>\n<li>S\u1edf h\u1eefu c\u00e1c n\u00fat b\u1ea5m t\u1ea1o nhi\u1ec7t, b\u1eadt, t\u1eaft, t\u0103ng gi\u1ea3m c\u01b0\u1eddng \u0111\u1ed9 nh\u1ea1y b\u00e9n<\/li>\n<\/ul>\n<h3><strong>L\u1ee3i \u00edch Kh\u00e1ch h\u00e0ng nh\u1eadn \u0111\u01b0\u1ee3c:<\/strong><\/h3>\n<ul>\n<li>Nhi\u1ec7t \u0111\u1ed9 45 \u0111\u1ed9 C gi\u00fap gi\u00e3n n\u1edf l\u1ed7 ch\u00e2n l\u00f4ng, l\u00e0m s\u1ea1ch nhanh ch\u00f3ng, hi\u1ec7u qu\u1ea3<\/li>\n<li>R\u1eeda m\u1eb7t b\u1eb1ng tay kh\u00f4ng th\u1ec3 l\u1ea5y \u0111i \u0111\u01b0\u1ee3c h\u1ebft nh\u1eefng b\u1ee5i b\u1ea9n s\u00e2u b\u00ean trong l\u1ed7 ch\u00e2n l\u00f4ng hay l\u00e0m s\u1ea1ch \u0111i l\u1edbp makeup h\u00e0ng ng\u00e0y. N\u00ean m\u00e1y s\u1eed d\u1ee5ng c\u00f4ng ngh\u1ec7 s\u00f3ng \u00e2m gi\u00fap s\u1ea1ch s\u00e2u, th\u01b0 gi\u00e3n \u0111em l\u1ea1i m\u1ed9t l\u00e0n da t\u01b0\u01a1i s\u00e1ng, kh\u1ecfe m\u1ea1nh h\u01a1n.<\/li>\n<li>Ph\u1ea7n \u0111\u1ea7u c\u1ecd c\u1ef1c k\u00ec m\u1ec1m m\u1ea1i v\u00e0 d\u1ecbu nh\u1eb9, gi\u00fap t\u1ea9y t\u1ebf b\u00e0o ch\u1ebft, l\u00e0m th\u00f4ng tho\u00e1ng l\u1ed7 ch\u00e2n l\u00f4ng nh\u1edd vi\u1ec7c l\u00e0m s\u1ea1ch t\u1edbi 99,5% b\u1ee5i b\u1ea9n, d\u1ea7u v\u00e0 98,5% t\u00e0n d\u01b0 trang \u0111i\u1ec3m.<\/li>\n<li>\u0110\u1ed9 rung c\u1ee7a m\u00e1y l\u00ean t\u1edbi 12.000 rung \u0111\u1ed9ng m\u1ed7i ph\u00fat gi\u00fap l\u01b0u th\u00f4ng tu\u1ea7n ho\u00e0n m\u00e1u, t\u00e1i t\u1ea1o l\u00e0n da h\u1ed3ng h\u00e0o, s\u0103n ch\u1eafc.<\/li>\n<li>M\u00e1y r\u1eeda m\u1eb7t \u0111\u01b0\u1ee3c l\u00e0m b\u1eb1ng silicone kh\u00e1ng khu\u1ea9n kh\u00f4ng th\u1ea5m n\u01b0\u1edbc, d\u1ec5 d\u00e0ng v\u1ec7 sinh sau m\u1ed7i l\u1ea7n s\u1eed d\u1ee5ng.<\/li>\n<li>C\u00e1c m\u1ee9c c\u01b0\u1eddng \u0111\u1ed9 kh\u00e1c nhau ph\u00f9 h\u1ee3p v\u1edbi da b\u00ecnh th\u01b0\u1eddng v\u00e0 da nh\u1ea1y c\u1ea3m.<\/li>\n<li>Thi\u1ebft k\u1ebf nh\u1ecf g\u1ecdn, c\u00f3 h\u1ed9p nh\u1ef1a cao c\u1ea5p c\u00f3 th\u1ec3 mang theo m\u1ecdi n\u01a1i nh\u01b0 du l\u1ecbch, d\u00e3 ngo\u1ea1i hay c\u00f4ng t\u00e1c xa,\u2026<\/li>\n<li>\u00c1p d\u1ee5ng s\u1ea1c c\u1ea3m \u1ee9ng kh\u00f4ng d\u00e2y ti\u1ec7n l\u1ee3i, an to\u00e0n v\u00e0 hi\u1ec7u qu\u1ea3<\/li>\n<\/ul>\n<h3><strong>B\u1ed9 s\u1ea3n ph\u1ea9m ch\u00ednh h\u00e3ng bao g\u1ed3m:<\/strong><\/h3>\n<ul>\n<li>01 m\u00e1y r\u1eeda m\u1eb7t Anh Qu\u1ed1c GIYFERO G400<\/li>\n<li>01 \u0111\u1ebf s\u1ea1c c\u1ea3m \u1ee9ng \u0111i\u1ec7n t\u1eeb<\/li>\n<li>01 s\u00e1p s\u1ea1c microUSB<\/li>\n<li>01 h\u1ed9p \u0111\u1ef1ng m\u00e1y r\u1eeda m\u1eb7t<\/li>\n<li>01 th\u1ebb b\u1ea3o h\u00e0nh 12 th\u00e1ng<\/li>\n<\/ul>\n","protected":false},"excerpt":{"rendered":"<p>M\u00e1y r\u1eeda m\u1eb7t Anh Qu\u1ed1c GIYFERO thi\u1ebft k\u1ebf nh\u1ecf g\u1ecdn v\u1edbi c\u00f4ng ngh\u1ec7 s\u00f3ng \u00e2m n\u00f3ng hi\u1ec7n \u0111\u1ea1i lo\u1ea1i b\u1ecf c\u00e1c b\u1ee5i b\u1ea9n, t\u1ea9y t\u1ebf b\u00e0o ch\u1ebft, m\u1ee5n c\u00e1m\u2026gi\u00fap da s\u1ea1ch, kh\u00f4 tho\u00e1ng h\u01a1n. Ch\u1ec9 c\u00f3 m\u1eb7t t\u1ea1i H\u00e0ng T\u1ed1t Nh\u1eadp Kh\u1ea9u. Nhanh tay \u0111\u1eb7t h\u00e0ng \u0111\u1ec3 nh\u1eadn m\u1ee9c gi\u00e1 \u01b0u \u0111\u00e3i nh\u1ea5t!<\/p>\n","protected":false},"featured_media":1124,"comment_status":"open","ping_status":"closed","template":"","meta":[],"_links":{"self":[{"href":"https:\/\/webmaibinh.com\/w\/noithat132011\/wp-json\/wp\/v2\/product\/1117"}],"collection":[{"href":"https:\/\/webmaibinh.com\/w\/noithat132011\/wp-json\/wp\/v2\/product"}],"about":[{"href":"https:\/\/webmaibinh.com\/w\/noithat132011\/wp-json\/wp\/v2\/types\/product"}],"replies":[{"embeddable":true,"href":"https:\/\/webmaibinh.com\/w\/noithat132011\/wp-json\/wp\/v2\/comments?post=1117"}],"wp:featuredmedia":[{"embeddable":true,"href":"https:\/\/webmaibinh.com\/w\/noithat132011\/wp-json\/wp\/v2\/media\/1124"}],"wp:attachment":[{"href":"https:\/\/webmaibinh.com\/w\/noithat132011\/wp-json\/wp\/v2\/media?parent=1117"}],"curies":[{"name":"wp","href":"https:\/\/api.w.org\/{rel}","templated":true}]}}