{"id":290,"date":"2019-03-27T08:35:54","date_gmt":"2019-03-27T08:35:54","guid":{"rendered":"https:\/\/noithat12.khowebseotop.vn\/?page_id=290"},"modified":"2019-03-27T08:43:09","modified_gmt":"2019-03-27T08:43:09","slug":"trang-tuyen-dung","status":"publish","type":"page","link":"https:\/\/webmaibinh.com\/w\/noithat122011\/trang-tuyen-dung\/","title":{"rendered":"Trang tuy\u1ec3n d\u1ee5ng"},"content":{"rendered":"<div class=\"container section-title-container\" ><h3 class=\"section-title section-title-normal\"><b><\/b><span class=\"section-title-main\" >Trang tuy\u1ec3n d\u1ee5ng<\/span><b><\/b><\/h3><\/div>\n\n  \n    <div class=\"row large-columns-1 medium-columns-1 small-columns-1\">\n  \t\t<div class=\"col post-item\" >\n\t\t\t<div class=\"col-inner\">\n\t\t\t<a href=\"https:\/\/webmaibinh.com\/w\/noithat122011\/tuyen-dung-nhan-vien-ban-hang-khu-vuc-long-bien\/\" class=\"plain\">\n\t\t\t\t<div class=\"box box-vertical box-text-bottom box-blog-post has-hover\">\n            \t\t\t\t\t<div class=\"box-image\" style=\"width:18%;\">\n  \t\t\t\t\t\t<div class=\"image-cover\" style=\"padding-top:89%;\">\n  \t\t\t\t\t\t\t<img width=\"711\" height=\"400\" src=\"https:\/\/webmaibinh.com\/w\/noithat122011\/wp-content\/uploads\/2019\/03\/g3-711x400.jpg\" class=\"attachment-medium size-medium wp-post-image\" alt=\"\" loading=\"lazy\" srcset=\"https:\/\/webmaibinh.com\/w\/noithat122011\/wp-content\/uploads\/2019\/03\/g3-711x400.jpg 711w, https:\/\/webmaibinh.com\/w\/noithat122011\/wp-content\/uploads\/2019\/03\/g3-510x287.jpg 510w, https:\/\/webmaibinh.com\/w\/noithat122011\/wp-content\/uploads\/2019\/03\/g3-768x432.jpg 768w, https:\/\/webmaibinh.com\/w\/noithat122011\/wp-content\/uploads\/2019\/03\/g3-1400x788.jpg 1400w, https:\/\/webmaibinh.com\/w\/noithat122011\/wp-content\/uploads\/2019\/03\/g3.jpg 1920w\" sizes=\"(max-width: 711px) 100vw, 711px\" \/>  \t\t\t\t\t\t\t  \t\t\t\t\t\t\t  \t\t\t\t\t\t<\/div>\n  \t\t\t\t\t\t  \t\t\t\t\t<\/div>\n          \t\t\t\t\t<div class=\"box-text text-left\" >\n\t\t\t\t\t<div class=\"box-text-inner blog-post-inner\">\n\n\t\t\t\t\t\n\t\t\t\t\t\t\t\t\t\t<h5 class=\"post-title is-large \">Tuy\u1ec3n d\u1ee5ng nh\u00e2n vi\u00ean b\u00e1n h\u00e0ng khu v\u1ef1c Long Bi\u00ean<\/h5>\n\t\t\t\t\t<div class=\"post-meta is-small op-8\">27\/03\/2019<\/div>\t\t\t\t\t<div class=\"is-divider\"><\/div>\n\t\t\t\t\t\t\t\t\t\t<p class=\"from_the_blog_excerpt \">Tuy\u1ec3n d\u1ee5ng nh\u00e2n vi\u00ean b\u00e1n h\u00e0ng khu v\u1ef1c C\u1ea7u Gi\u1ea5y\u00a0Tuy\u1ec3n d\u1ee5ng nh\u00e2n vi\u00ean b\u00e1n h\u00e0ng...\t\t\t\t\t<\/p>\n\t\t\t\t\t                    \n\t\t\t\t\t\n\t\t\t\t\t\n\t\t\t\t\t<\/div>\n\t\t\t\t\t<\/div>\n\t\t\t\t\t\t\t\t\t<\/div>\n\t\t\t\t<\/a>\n\t\t\t<\/div>\n\t\t<\/div>\n\t\t<div class=\"col post-item\" >\n\t\t\t<div class=\"col-inner\">\n\t\t\t<a href=\"https:\/\/webmaibinh.com\/w\/noithat122011\/tuyen-dung-nhan-vien-ban-hang-khu-vuc-cau-giay\/\" class=\"plain\">\n\t\t\t\t<div class=\"box box-vertical box-text-bottom box-blog-post has-hover\">\n            \t\t\t\t\t<div class=\"box-image\" style=\"width:18%;\">\n  \t\t\t\t\t\t<div class=\"image-cover\" style=\"padding-top:89%;\">\n  \t\t\t\t\t\t\t<img width=\"629\" height=\"400\" src=\"https:\/\/webmaibinh.com\/w\/noithat122011\/wp-content\/uploads\/2019\/03\/123-629x400.jpg\" class=\"attachment-medium size-medium wp-post-image\" alt=\"\" loading=\"lazy\" srcset=\"https:\/\/webmaibinh.com\/w\/noithat122011\/wp-content\/uploads\/2019\/03\/123-629x400.jpg 629w, https:\/\/webmaibinh.com\/w\/noithat122011\/wp-content\/uploads\/2019\/03\/123-510x325.jpg 510w, https:\/\/webmaibinh.com\/w\/noithat122011\/wp-content\/uploads\/2019\/03\/123-768x489.jpg 768w, https:\/\/webmaibinh.com\/w\/noithat122011\/wp-content\/uploads\/2019\/03\/123-1257x800.jpg 1257w\" sizes=\"(max-width: 629px) 100vw, 629px\" \/>  \t\t\t\t\t\t\t  \t\t\t\t\t\t\t  \t\t\t\t\t\t<\/div>\n  \t\t\t\t\t\t  \t\t\t\t\t<\/div>\n          \t\t\t\t\t<div class=\"box-text text-left\" >\n\t\t\t\t\t<div class=\"box-text-inner blog-post-inner\">\n\n\t\t\t\t\t\n\t\t\t\t\t\t\t\t\t\t<h5 class=\"post-title is-large \">Tuy\u1ec3n d\u1ee5ng nh\u00e2n vi\u00ean b\u00e1n h\u00e0ng khu v\u1ef1c C\u1ea7u Gi\u1ea5y<\/h5>\n\t\t\t\t\t<div class=\"post-meta is-small op-8\">27\/03\/2019<\/div>\t\t\t\t\t<div class=\"is-divider\"><\/div>\n\t\t\t\t\t\t\t\t\t\t<p class=\"from_the_blog_excerpt \">Tuy\u1ec3n d\u1ee5ng nh\u00e2n vi\u00ean b\u00e1n h\u00e0ng khu v\u1ef1c C\u1ea7u Gi\u1ea5y\u00a0Tuy\u1ec3n d\u1ee5ng nh\u00e2n vi\u00ean b\u00e1n h\u00e0ng...\t\t\t\t\t<\/p>\n\t\t\t\t\t                    \n\t\t\t\t\t\n\t\t\t\t\t\n\t\t\t\t\t<\/div>\n\t\t\t\t\t<\/div>\n\t\t\t\t\t\t\t\t\t<\/div>\n\t\t\t\t<\/a>\n\t\t\t<\/div>\n\t\t<\/div>\n<\/div>\n","protected":false},"excerpt":{"rendered":"","protected":false},"author":1,"featured_media":0,"parent":0,"menu_order":0,"comment_status":"closed","ping_status":"closed","template":"","meta":[],"_links":{"self":[{"href":"https:\/\/webmaibinh.com\/w\/noithat122011\/wp-json\/wp\/v2\/pages\/290"}],"collection":[{"href":"https:\/\/webmaibinh.com\/w\/noithat122011\/wp-json\/wp\/v2\/pages"}],"about":[{"href":"https:\/\/webmaibinh.com\/w\/noithat122011\/wp-json\/wp\/v2\/types\/page"}],"author":[{"embeddable":true,"href":"https:\/\/webmaibinh.com\/w\/noithat122011\/wp-json\/wp\/v2\/users\/1"}],"replies":[{"embeddable":true,"href":"https:\/\/webmaibinh.com\/w\/noithat122011\/wp-json\/wp\/v2\/comments?post=290"}],"version-history":[{"count":2,"href":"https:\/\/webmaibinh.com\/w\/noithat122011\/wp-json\/wp\/v2\/pages\/290\/revisions"}],"predecessor-version":[{"id":296,"href":"https:\/\/webmaibinh.com\/w\/noithat122011\/wp-json\/wp\/v2\/pages\/290\/revisions\/296"}],"wp:attachment":[{"href":"https:\/\/webmaibinh.com\/w\/noithat122011\/wp-json\/wp\/v2\/media?parent=290"}],"curies":[{"name":"wp","href":"https:\/\/api.w.org\/{rel}","templated":true}]}}