{"id":167,"date":"2019-07-23T14:34:55","date_gmt":"2019-07-23T07:34:55","guid":{"rendered":"http:\/\/noithat8.w2steam.com\/?post_type=product&#038;p=167"},"modified":"2019-07-23T15:17:42","modified_gmt":"2019-07-23T08:17:42","slug":"bo-ban-ghe-an-grand","status":"publish","type":"product","link":"https:\/\/webmaibinh.com\/w\/noithat112011\/san-pham\/bo-ban-ghe-an-grand\/","title":{"rendered":"B\u1ed9 b\u00e0n gh\u1ebf \u0103n Grand"},"content":{"rendered":"<ul>\n<li><strong>M\u00e3 s\u1ea3n ph\u1ea9m:<\/strong>\u00a0BAN\/019<\/li>\n<li><strong>T\u00ean s\u1ea3n ph\u1ea9m:<\/strong>\u00a0B\u1ed8 B\u00c0N GH\u1ebe \u0102N GRAND<\/li>\n<li><strong>K\u00edch th\u01b0\u1edbc:<\/strong>\u00a02200 x 1000 x 760<\/li>\n<li><strong>Ch\u1ea5t li\u1ec7u:<\/strong>\u00a0G\u1ed7 \u00f3c ch\u00f3 t\u1ef1 nhi\u00ean<\/li>\n<li><strong>Nh\u00e0 s\u1ea3n xu\u1ea5t:<\/strong>\u00a0N\u1ed9i th\u1ea5t \u0110\u1ee9c D\u01b0\u01a1ng<\/li>\n<li><strong>B\u1ea3o h\u00e0nh:<\/strong>\u00a012 th\u00e1ng<\/li>\n<li><strong>Lo\u1ea1i h\u00e0ng:<\/strong>\u00a0C\u00f3 s\u1eb5n<\/li>\n<li><strong>Gi\u00e1 s\u1ea3n ph\u1ea9m:<\/strong>\u00a0Li\u00ean h\u1ec7<\/li>\n<li><strong>S\u1ed1 l\u01b0\u1ee3ng:<\/strong>\u00a0Theo y\u00eau c\u1ea7u<\/li>\n<\/ul>\n<h3>M\u1ed9t c\u0103n b\u1ebfp th\u1eddi hi\u1ec7n \u0111\u1ea1i kh\u00f4ng ch\u1ec9 \u0111\u1ea7y \u0111\u1ee7 ti\u1ec7n nghi m\u00e0 c\u00f2n to\u00e1t l\u00ean v\u1ebb \u0111\u1eb9p sang tr\u1ecdng v\u00e0 \u0111\u1eb3ng c\u1ea5p. N\u1ebfu Qu\u00fd v\u1ecb \u0111ang c\u1ea7n t\u00ecm m\u1ed9t b\u1ed9 b\u00e0n gh\u1ebf \u0103n cho n\u1ed9i th\u1ea5t gia \u0111\u00ecnh th\u00ec b\u1ed9 b\u00e0n gh\u1ebf \u0103n Grand x\u1ee9ng t\u1ea7m \u0111\u1ec3 s\u1eafp \u0111\u1eb7t trong kh\u00f4ng gian gia \u0111\u00ecnh.<\/h3>\n<h3>B\u1ed8 B\u00c0N GH\u1ebe \u0102N GRAND: N\u00c2NG NIU T\u1eeaNG KHO\u1ea2NH KH\u1eaeC<\/h3>\n<p>H\u00e3y d\u00e0nh cho ng\u01b0\u1eddi ph\u1ee5 n\u1eef tuy\u1ec7t v\u1eddi nh\u1ea5t trong gia \u0111\u00ecnh b\u1ed9 b\u00e0n gh\u1ebf \u0103n Grand \u0111\u1ec3 c\u1ea3m nh\u1eadn \u0111\u01b0\u1ee3c r\u1eb1ng, h\u1ea1nh ph\u00fac kh\u00f4ng c\u1ea7n t\u00ecm ki\u1ebfm \u0111\u00e2u xa m\u00e0 \u0111\u01a1n gi\u1ea3n ch\u1ec9 l\u00e0 gi\u00e2y ph\u00fat c\u1ea3 gia \u0111\u00ecnh \u0111\u01b0\u1ee3c qu\u00e2y qu\u1ea7n b\u00ean nhau.<\/p>\n<p>&nbsp;<\/p>\n<p><img loading=\"lazy\" class=\"alignnone wp-image-71211 aligncenter lazyloaded\" src=\"https:\/\/noithatducduong.com\/wp-content\/uploads\/2018\/09\/17.jpg\" sizes=\"(max-width: 690px) 100vw, 690px\" srcset=\"https:\/\/noithatducduong.com\/wp-content\/uploads\/2018\/09\/17.jpg 4951w, https:\/\/noithatducduong.com\/wp-content\/uploads\/2018\/09\/17-250x167.jpg 250w, https:\/\/noithatducduong.com\/wp-content\/uploads\/2018\/09\/17-450x300.jpg 450w, https:\/\/noithatducduong.com\/wp-content\/uploads\/2018\/09\/17-768x512.jpg 768w, https:\/\/noithatducduong.com\/wp-content\/uploads\/2018\/09\/17-1500x1000.jpg 1500w\" alt=\"\" width=\"690\" height=\"460\" data-lazy-srcset=\"https:\/\/noithatducduong.com\/wp-content\/uploads\/2018\/09\/17.jpg 4951w, https:\/\/noithatducduong.com\/wp-content\/uploads\/2018\/09\/17-250x167.jpg 250w, https:\/\/noithatducduong.com\/wp-content\/uploads\/2018\/09\/17-450x300.jpg 450w, https:\/\/noithatducduong.com\/wp-content\/uploads\/2018\/09\/17-768x512.jpg 768w, https:\/\/noithatducduong.com\/wp-content\/uploads\/2018\/09\/17-1500x1000.jpg 1500w\" data-lazy-sizes=\"(max-width: 690px) 100vw, 690px\" data-lazy-src=\"https:\/\/noithatducduong.com\/wp-content\/uploads\/2018\/09\/17.jpg\" data-was-processed=\"true\" \/><\/p>\n<p>&nbsp;<\/p>\n<table class=\" aligncenter\">\n<tbody>\n<tr>\n<td>Th\u00f4ng s\u1ed1 k\u1ef9 thu\u1eadt<\/td>\n<td>\n<ul>\n<li>Ch\u1ea5t li\u1ec7u g\u1ed7: G\u1ed7 \u00f3c ch\u00f3 t\u1ef1 nhi\u00ean nh\u1eadp kh\u1ea9u B\u1eafc M\u1ef9<\/li>\n<li>K\u00edch th\u01b0\u1edbc: 2200 x 1000 x 760<\/li>\n<li>C\u00f3 th\u1ec3 k\u1ebft h\u1ee3p 6-8 gh\u1ebf<\/li>\n<\/ul>\n<\/td>\n<\/tr>\n<\/tbody>\n<\/table>\n<p>B\u1ed9 b\u00e0n gh\u1ebf \u0103n Grand quy t\u1ee5 t\u00ednh n\u0103ng \u01b0u vi\u1ec7t c\u00f9ng di\u1ec7n m\u1ea1o th\u1eddi th\u01b0\u1ee3ng cho m\u1ed9t m\u1eabu b\u00e0n gh\u1ebf \u0103n hi\u1ec7n \u0111\u1ea1i. M\u1eb7t b\u00e0n thi\u1ebft k\u1ebf d\u1ea1ng kh\u1ed1i b\u1ec1 th\u1ebf t\u1ea1o s\u1ef1 v\u1eefng ch\u1eafc, b\u1ec1 th\u1ebf. Ch\u00e2n b\u00e0n c\u00e1ch \u0111i\u1ec7u v\u1edbi ki\u1ec3u d\u00e1ng m\u1edbi l\u1ea1, \u0111\u1eb3ng c\u1ea5p v\u00e0 c\u00f3 s\u1ee9c h\u00fat k\u1ef3 l\u1ea1 cho nh\u1eefng ng\u01b0\u1eddi v\u1eeba CH\u1ea0M th\u1ea5y ngay t\u1eeb gi\u00e2y ph\u00fat \u0111\u1ea7u ti\u00ean.<\/p>\n<p>Gh\u1ebf \u0103n \u0111\u01b0\u1ee3c \u0111\u1ed9i ng\u0169 thi\u1ebft k\u1ebf nghi\u00ean c\u1ee9u t\u1ec9 m\u1ec9 \u0111\u1ebfn chi\u1ec1u cao c\u1ee7a ch\u00e2n gh\u1ebf v\u00e0 l\u01b0ng gh\u1ebf. \u0110\u1eb7c bi\u1ec7t, ph\u1ea7n d\u1ef1a l\u01b0ng u\u1ed1n cong theo \u0111\u00fang k\u00edch th\u01b0\u1edbc chu\u1ea9n c\u1ee7a c\u01a1 th\u1ec3 ng\u01b0\u1eddi Vi\u1ec7t Nam mang \u0111\u1ebfn s\u1ef1 tho\u1ea3i m\u00e1i nh\u1ea5t cho ng\u01b0\u1eddi s\u1eed d\u1ee5ng.<\/p>\n<p>B\u1ed9 b\u00e0n gh\u1ebf \u0103n Grand k\u00edch th\u01b0\u1edbc d\u00e0i 2m2, Qu\u00fd kh\u00e1ch c\u00f3 th\u1ec3 k\u1ebft h\u1ee3p \u0111\u01b0\u1ee3c t\u1eeb 6-8 gh\u1ebf gi\u00fap \u0111\u00f4ng \u0111\u1ee7 c\u00e1c th\u00e0nh vi\u00ean trong gia \u0111\u00ecnh \u0111\u01b0\u1ee3c sum h\u1ecdp b\u00ean nhau.<\/p>\n<p>&nbsp;<\/p>\n<p><img loading=\"lazy\" class=\"alignnone wp-image-72063 aligncenter lazyloaded\" src=\"https:\/\/noithatducduong.com\/wp-content\/uploads\/2018\/09\/IMG_1974.jpg\" sizes=\"(max-width: 690px) 100vw, 690px\" srcset=\"https:\/\/noithatducduong.com\/wp-content\/uploads\/2018\/09\/IMG_1974.jpg 4544w, https:\/\/noithatducduong.com\/wp-content\/uploads\/2018\/09\/IMG_1974-250x188.jpg 250w, https:\/\/noithatducduong.com\/wp-content\/uploads\/2018\/09\/IMG_1974-400x300.jpg 400w, https:\/\/noithatducduong.com\/wp-content\/uploads\/2018\/09\/IMG_1974-768x576.jpg 768w, https:\/\/noithatducduong.com\/wp-content\/uploads\/2018\/09\/IMG_1974-1500x1125.jpg 1500w\" alt=\"\" width=\"690\" height=\"518\" data-lazy-srcset=\"https:\/\/noithatducduong.com\/wp-content\/uploads\/2018\/09\/IMG_1974.jpg 4544w, https:\/\/noithatducduong.com\/wp-content\/uploads\/2018\/09\/IMG_1974-250x188.jpg 250w, https:\/\/noithatducduong.com\/wp-content\/uploads\/2018\/09\/IMG_1974-400x300.jpg 400w, https:\/\/noithatducduong.com\/wp-content\/uploads\/2018\/09\/IMG_1974-768x576.jpg 768w, https:\/\/noithatducduong.com\/wp-content\/uploads\/2018\/09\/IMG_1974-1500x1125.jpg 1500w\" data-lazy-sizes=\"(max-width: 690px) 100vw, 690px\" data-lazy-src=\"https:\/\/noithatducduong.com\/wp-content\/uploads\/2018\/09\/IMG_1974.jpg\" data-was-processed=\"true\" \/><\/p>\n<p>&nbsp;<\/p>\n<p>N\u1ebfu m\u1ed7i b\u1eefa \u0103n gia \u0111\u00ecnh lu\u00f4n \u0111i\u1ec1u Qu\u00fd kh\u00e1ch tr\u00e2n qu\u00fd th\u00ec h\u00e3y \u0111\u1ec3 N\u1ed9i th\u1ea5t \u0110\u1ee9c D\u01b0\u01a1ng n\u00e2ng niu, l\u01b0u gi\u1eef nh\u1eefng kho\u1ea3nh kh\u1eafc \u0111\u00f3.<\/p>\n<p>C\u1ea3m \u01a1n Qu\u00fd kh\u00e1ch \u0111\u00e3 l\u1ef1a ch\u1ecdn b\u1ed9 b\u00e0n gh\u1ebf \u0103n Grand t\u1ea1i N\u1ed9i th\u1ea5t \u0110\u1ee9c D\u01b0\u01a1ng!<\/p>\n","protected":false},"excerpt":{"rendered":"<p>M\u00e3 s\u1ea3n ph\u1ea9m:\u00a0BAN\/019 T\u00ean s\u1ea3n ph\u1ea9m:\u00a0B\u1ed8 B\u00c0N GH\u1ebe \u0102N GRAND K\u00edch th\u01b0\u1edbc:\u00a02200 x 1000 x 760 Ch\u1ea5t li\u1ec7u:\u00a0G\u1ed7 \u00f3c ch\u00f3 t\u1ef1 nhi\u00ean Nh\u00e0 s\u1ea3n xu\u1ea5t:\u00a0N\u1ed9i th\u1ea5t \u0110\u1ee9c D\u01b0\u01a1ng B\u1ea3o h\u00e0nh:\u00a012 th\u00e1ng Lo\u1ea1i h\u00e0ng:\u00a0C\u00f3 s\u1eb5n Gi\u00e1 s\u1ea3n ph\u1ea9m:\u00a0Li\u00ean h\u1ec7 S\u1ed1 l\u01b0\u1ee3ng:\u00a0Theo y\u00eau c\u1ea7u M\u1ed9t c\u0103n b\u1ebfp th\u1eddi hi\u1ec7n \u0111\u1ea1i kh\u00f4ng ch\u1ec9 \u0111\u1ea7y \u0111\u1ee7 ti\u1ec7n nghi m\u00e0 &#8230;<\/p>\n","protected":false},"featured_media":168,"template":"","meta":[],"_links":{"self":[{"href":"https:\/\/webmaibinh.com\/w\/noithat112011\/wp-json\/wp\/v2\/product\/167"}],"collection":[{"href":"https:\/\/webmaibinh.com\/w\/noithat112011\/wp-json\/wp\/v2\/product"}],"about":[{"href":"https:\/\/webmaibinh.com\/w\/noithat112011\/wp-json\/wp\/v2\/types\/product"}],"wp:featuredmedia":[{"embeddable":true,"href":"https:\/\/webmaibinh.com\/w\/noithat112011\/wp-json\/wp\/v2\/media\/168"}],"wp:attachment":[{"href":"https:\/\/webmaibinh.com\/w\/noithat112011\/wp-json\/wp\/v2\/media?parent=167"}],"curies":[{"name":"wp","href":"https:\/\/api.w.org\/{rel}","templated":true}]}}