{"id":165,"date":"2019-07-23T14:34:11","date_gmt":"2019-07-23T07:34:11","guid":{"rendered":"http:\/\/noithat8.w2steam.com\/?post_type=product&#038;p=165"},"modified":"2019-07-23T15:18:24","modified_gmt":"2019-07-23T08:18:24","slug":"sofa-cosy","status":"publish","type":"product","link":"https:\/\/webmaibinh.com\/w\/noithat112011\/san-pham\/sofa-cosy\/","title":{"rendered":"Sofa Cosy"},"content":{"rendered":"<ul>\n<li><strong>M\u00e3 s\u1ea3n ph\u1ea9m:<\/strong>\u00a0SOFA\/003<\/li>\n<li><strong>T\u00ean s\u1ea3n ph\u1ea9m:<\/strong>\u00a0Sofa Cosy<\/li>\n<li><strong>K\u00edch th\u01b0\u1edbc:<\/strong>\u00a02000 x 720 x 660<\/li>\n<li><strong>Ch\u1ea5t li\u1ec7u:<\/strong>\u00a0G\u1ed7 \u00f3c ch\u00f3 + n\u1ec9<\/li>\n<li><strong>Nh\u00e0 s\u1ea3n xu\u1ea5t:<\/strong>\u00a0N\u1ed9i th\u1ea5t \u0110\u1ee9c D\u01b0\u01a1ng<\/li>\n<li><strong>B\u1ea3o h\u00e0nh:<\/strong>\u00a012 th\u00e1ng<\/li>\n<li><strong>Lo\u1ea1i h\u00e0ng:<\/strong>\u00a0C\u00f3 s\u1eb5n<\/li>\n<li><strong>Gi\u00e1 s\u1ea3n ph\u1ea9m:<\/strong>\u00a0Li\u00ean h\u1ec7<\/li>\n<li><strong>S\u1ed1 l\u01b0\u1ee3ng:<\/strong>\u00a0Theo y\u00eau c\u1ea7u<\/li>\n<\/ul>\n<p>H\u00f2a nh\u1ecbp \u0111\u01b0\u1ee3c s\u1ef1 b\u1ec1 th\u1ebf v\u00e0 ho\u00e0nh tr\u00e1ng c\u1ee7a kh\u00f4ng gian ph\u00f2ng kh\u00e1ch l\u1edbn, sofa Cosy c\u1ee7a N\u1ed9i th\u1ea5t \u0110\u1ee9c D\u01b0\u01a1ng v\u1eabn gi\u1eef \u0111\u01b0\u1ee3c v\u1ebb\u00a0nh\u1eb9 nh\u00e0ng, tinh t\u1ebf b\u1edfi\u00a0thi\u1ebft k\u1ebf d\u1ea1ng thanh nan k\u1ebft h\u1ee3p v\u1edbi \u0111\u1ec7m n\u1ec9 \u1ea5m \u00e1p. Sofa Cosy ph\u00f9 h\u1ee3p \u0111\u1eb7t trong ph\u00f2ng kh\u00e1ch c\u1ee7a nh\u1eefng\u00a0ch\u1ee7 nh\u00e2n c\u00f3 tri th\u1ee9c v\u00e0 coi tr\u1ecdng c\u00e1c gi\u00e1 tr\u1ecb v\u0103n h\u00f3a.<\/p>\n<p><img loading=\"lazy\" class=\"alignnone size-full wp-image-68778 aligncenter lazyloaded\" src=\"https:\/\/noithatducduong.com\/wp-content\/uploads\/2018\/07\/DSC05059-2.jpg\" sizes=\"(max-width: 690px) 100vw, 690px\" srcset=\"https:\/\/noithatducduong.com\/wp-content\/uploads\/2018\/07\/DSC05059-2.jpg 690w, https:\/\/noithatducduong.com\/wp-content\/uploads\/2018\/07\/DSC05059-2-250x82.jpg 250w, https:\/\/noithatducduong.com\/wp-content\/uploads\/2018\/07\/DSC05059-2-500x164.jpg 500w\" alt=\"\" width=\"690\" height=\"227\" data-lazy-srcset=\"https:\/\/noithatducduong.com\/wp-content\/uploads\/2018\/07\/DSC05059-2.jpg 690w, https:\/\/noithatducduong.com\/wp-content\/uploads\/2018\/07\/DSC05059-2-250x82.jpg 250w, https:\/\/noithatducduong.com\/wp-content\/uploads\/2018\/07\/DSC05059-2-500x164.jpg 500w\" data-lazy-sizes=\"(max-width: 690px) 100vw, 690px\" data-lazy-src=\"https:\/\/noithatducduong.com\/wp-content\/uploads\/2018\/07\/DSC05059-2.jpg\" data-was-processed=\"true\" \/><\/p>\n<h2><strong>SOFA COSY: KHO\u00c1NG \u0110\u1ea0T V\u00c0 QU\u00dd PH\u00c1I<\/strong><\/h2>\n<p>N\u1ebfu nh\u01b0 b\u1ed9\u00a0<a href=\"https:\/\/noithatducduong.com\/product\/sofa-gorgeous\/\">sofa Luxury<\/a>\u00a0mang v\u1ebb quy\u1ec1n uy, m\u1ea1nh m\u1ebd; b\u1ed9\u00a0<a href=\"https:\/\/noithatducduong.com\/product\/sofa-chu-l\/\">sofa Noble<\/a>\u00a0sang tr\u1ecdng, \u0111\u1eb3ng c\u1ea5p th\u00ec b\u1ed9 sofa nan l\u1ea1i to\u00e1t l\u00ean v\u1ebb \u0111\u1eb9p kho\u00e1ng \u0111\u1ea1t, qu\u00fd ph\u00e1i. D\u00f9 l\u00e0 sofa g\u1ed7 t\u1ef1 nhi\u00ean nh\u01b0ng sofa Cosy kh\u00f4ng h\u1ec1 n\u1eb7ng n\u1ec1, c\u1ee5c m\u1ecbch c\u1ee7a t\u1eebng kh\u1ed1i g\u1ed7 m\u00e0 nh\u1eb9 nh\u00e0ng, uy\u1ec3n chuy\u1ec3n, ph\u00f3ng kho\u00e1ng v\u00e0 kh\u00f4ng l\u00e0m m\u1ea5t \u0111i t\u00ednh m\u1ed9c c\u1ee7a s\u1ea3n ph\u1ea9m.<\/p>\n<p>B\u1ed9 sofa Cosy bao g\u1ed3m sofa v\u0103ng Cosy, 2 sofa \u0111\u01a1n Cosy v\u00e0 b\u00e0n tr\u00e0.<\/p>\n<h3><strong>SOFA V\u0102NG COSY<\/strong><\/h3>\n<p><img loading=\"lazy\" class=\"alignnone size-full wp-image-68832 aligncenter lazyloaded\" src=\"https:\/\/noithatducduong.com\/wp-content\/uploads\/2018\/07\/vang-noble1.jpg\" sizes=\"(max-width: 690px) 100vw, 690px\" srcset=\"https:\/\/noithatducduong.com\/wp-content\/uploads\/2018\/07\/vang-noble1.jpg 690w, https:\/\/noithatducduong.com\/wp-content\/uploads\/2018\/07\/vang-noble1-250x128.jpg 250w, https:\/\/noithatducduong.com\/wp-content\/uploads\/2018\/07\/vang-noble1-500x256.jpg 500w\" alt=\"\" width=\"690\" height=\"353\" data-lazy-srcset=\"https:\/\/noithatducduong.com\/wp-content\/uploads\/2018\/07\/vang-noble1.jpg 690w, https:\/\/noithatducduong.com\/wp-content\/uploads\/2018\/07\/vang-noble1-250x128.jpg 250w, https:\/\/noithatducduong.com\/wp-content\/uploads\/2018\/07\/vang-noble1-500x256.jpg 500w\" data-lazy-sizes=\"(max-width: 690px) 100vw, 690px\" data-lazy-src=\"https:\/\/noithatducduong.com\/wp-content\/uploads\/2018\/07\/vang-noble1.jpg\" data-was-processed=\"true\" \/><\/p>\n<p>&nbsp;<\/p>\n<table class=\" aligncenter\">\n<tbody>\n<tr>\n<td>Th\u00f4ng s\u1ed1 k\u1ef9 thu\u1eadt<\/td>\n<td>\n<ul>\n<li>Ch\u1ea5t li\u1ec7u g\u1ed7: G\u1ed7 \u00f3c ch\u00f3 nh\u1eadp kh\u1ea9u B\u1eafc M\u1ef9<\/li>\n<li>\u0110\u1ec7m da: N\u1ec9<\/li>\n<li>M\u00e0u s\u1eafc \u0111\u1ec7m: T\u00f9y ch\u1ecdn<\/li>\n<li>K\u00edch th\u01b0\u1edbc: d\u00e0i 2040 x s\u00e2u 790 x cao 580 (mm)<\/li>\n<\/ul>\n<\/td>\n<\/tr>\n<\/tbody>\n<\/table>\n<p>Sofa Cosy \u0111\u01b0\u1ee3c thi\u1ebft k\u1ebf v\u1edbi d\u1ea1ng thanh nan d\u1ecdc. Ph\u1ea7n tay v\u1ecbn c\u1ee7a gh\u1ebf \u0111\u01b0\u1ee3c thi\u1ebft k\u1ebf d\u01b0\u1edbi d\u1ea1ng bo vi\u1ec1n. Ch\u00e2n gh\u1ebf ph\u00eda sau xo\u1ea3i v\u1eeba c\u00e1ch \u0111i\u1ec7u v\u1eeba t\u1ea1o s\u1ef1 v\u1eefng ch\u1eafc cho gh\u1ebf. Sofa v\u0103ng Cosy c\u00f3 k\u00edch th\u01b0\u1edbc r\u1ea5t r\u1ed9ng r\u00e3i \u0111\u1ec3 ng\u01b0\u1eddi s\u1eed d\u1ee5ng c\u00f3 th\u1ec3 ng\u1ed3i ho\u1eb7c n\u1eb1m \u0111\u1ecdc s\u00e1ch, xem tivi th\u01b0 gi\u00e3n m\u1ed9t c\u00e1ch tho\u1ea3i m\u00e1i.<\/p>\n<h3><strong>SOFA \u0110\u01a0N COSY<\/strong><\/h3>\n<p><img loading=\"lazy\" class=\"aligncenter wp-image-68831 lazyloaded\" src=\"https:\/\/noithatducduong.com\/wp-content\/uploads\/2018\/07\/sofa-don-425x300.jpg\" sizes=\"(max-width: 500px) 100vw, 500px\" srcset=\"https:\/\/noithatducduong.com\/wp-content\/uploads\/2018\/07\/sofa-don-425x300.jpg 425w, https:\/\/noithatducduong.com\/wp-content\/uploads\/2018\/07\/sofa-don-250x176.jpg 250w, https:\/\/noithatducduong.com\/wp-content\/uploads\/2018\/07\/sofa-don.jpg 690w\" alt=\"\" width=\"500\" height=\"353\" data-lazy-srcset=\"https:\/\/noithatducduong.com\/wp-content\/uploads\/2018\/07\/sofa-don-425x300.jpg 425w, https:\/\/noithatducduong.com\/wp-content\/uploads\/2018\/07\/sofa-don-250x176.jpg 250w, https:\/\/noithatducduong.com\/wp-content\/uploads\/2018\/07\/sofa-don.jpg 690w\" data-lazy-sizes=\"(max-width: 500px) 100vw, 500px\" data-lazy-src=\"https:\/\/noithatducduong.com\/wp-content\/uploads\/2018\/07\/sofa-don-425x300.jpg\" data-was-processed=\"true\" \/><\/p>\n<p>&nbsp;<\/p>\n<table class=\" aligncenter\">\n<tbody>\n<tr>\n<td>Th\u00f4ng s\u1ed1 k\u1ef9 thu\u1eadt<\/td>\n<td>\n<ul>\n<li>Ch\u1ea5t li\u1ec7u g\u1ed7: G\u1ed7 \u00f3c ch\u00f3 nh\u1eadp kh\u1ea9u B\u1eafc M\u1ef9<\/li>\n<li>\u0110\u1ec7m da: N\u1ec9<\/li>\n<li>M\u00e0u s\u1eafc \u0111\u1ec7m: T\u00f9y ch\u1ecdn<\/li>\n<li>K\u00edch th\u01b0\u1edbc: d\u00e0i 780 x s\u00e2u 790 x cao 580 (mm)<\/li>\n<\/ul>\n<\/td>\n<\/tr>\n<\/tbody>\n<\/table>\n<p>C\u0169ng nh\u01b0 nhi\u1ec1u m\u1eabu sofa kh\u00e1c t\u1ea1i showroom N\u1ed9i th\u1ea5t \u0110\u1ee9c D\u01b0\u01a1ng, sofa Cosy l\u00e0 m\u1ed9t trong nh\u1eefng ki\u1ec7t t\u00e1c t\u1eeb g\u1ed7 \u00f3c ch\u00f3.<\/p>\n<p>Ph\u1ea7n \u0111\u1ec7m c\u1ee7a gh\u1ebf c\u0169ng \u0111\u01b0\u1ee3c thi\u1ebft k\u1ebf theo d\u00e2y chuy\u1ec1n hi\u1ec7n \u0111\u1ea1i t\u1eeb l\u00f2 xo v\u00e0 b\u00f4ng \u00e9p c\u1ee9ng nh\u1eadp kh\u1ea9u. Kh\u00e1ch h\u00e0ng ho\u00e0n to\u00e0n y\u00ean t\u00e2m s\u1eed d\u1ee5ng l\u00e2u d\u00e0i m\u00e0 kh\u00f4ng b\u1ecb m\u1ea5t \u201cform\u201d. \u0110\u1ec7m v\u00e0 t\u1ef1a l\u01b0ng \u0111\u01b0\u1ee3c b\u1ecdc l\u1edbp n\u1ec9 b\u00ean ngo\u00e0i v\u1edbi thi\u1ebft k\u1ebf d\u1ea1ng kh\u00f3a k\u00e9o, c\u00f3 th\u1ec3 th\u00e1o r\u1eddi v\u1ec7 sinh d\u1ec5 d\u00e0ng c\u0169ng nh\u01b0 thay \u0111\u1ed5i phong c\u00e1ch.<\/p>\n<p><img loading=\"lazy\" class=\"aligncenter wp-image-68833 size-medium lazyloaded\" src=\"https:\/\/noithatducduong.com\/wp-content\/uploads\/2018\/07\/sofa-don-sosy-476x300.jpg\" sizes=\"(max-width: 476px) 100vw, 476px\" srcset=\"https:\/\/noithatducduong.com\/wp-content\/uploads\/2018\/07\/sofa-don-sosy-476x300.jpg 476w, https:\/\/noithatducduong.com\/wp-content\/uploads\/2018\/07\/sofa-don-sosy-250x158.jpg 250w, https:\/\/noithatducduong.com\/wp-content\/uploads\/2018\/07\/sofa-don-sosy.jpg 690w\" alt=\"\" width=\"476\" height=\"300\" data-lazy-srcset=\"https:\/\/noithatducduong.com\/wp-content\/uploads\/2018\/07\/sofa-don-sosy-476x300.jpg 476w, https:\/\/noithatducduong.com\/wp-content\/uploads\/2018\/07\/sofa-don-sosy-250x158.jpg 250w, https:\/\/noithatducduong.com\/wp-content\/uploads\/2018\/07\/sofa-don-sosy.jpg 690w\" data-lazy-sizes=\"(max-width: 476px) 100vw, 476px\" data-lazy-src=\"https:\/\/noithatducduong.com\/wp-content\/uploads\/2018\/07\/sofa-don-sosy-476x300.jpg\" data-was-processed=\"true\" \/><\/p>\n<p>&nbsp;<\/p>\n<h3><strong>B\u00c0N TR\u00c0\u00a0<\/strong><\/h3>\n<p>Sofa Cosy d\u1ec5 d\u00e0ng k\u1ebft h\u1ee3p v\u1edbi c\u00e1c m\u1eabu b\u00e0n tr\u00e0 hi\u1ec7n \u0111\u1ea1i nh\u01b0 b\u00e0n tr\u00e0 vu\u00f4ng m\u1eb7t k\u00ednh, b\u00e0n tr\u00e0 tam gi\u00e1c, b\u00e0n tr\u00e0 tr\u00f2n\u2026<\/p>\n<p>Ngo\u00e0i ra, c\u00e1c v\u1eadt d\u1ee5ng c\u00f3 th\u1ec3 trang tr\u00ed th\u00eam nh\u01b0 th\u1ea3m tr\u1ea3i s\u00e0n phong c\u00e1ch ho\u00e0ng gia, l\u1ecd hoa vintage xinh x\u1eafn, g\u1ed1i \u00f4m\u2026 nh\u1eb9 nh\u00e0ng s\u1ebd nh\u1ea5n nh\u00e1 th\u00eam cho b\u1ed9 sofa l\u00e3ng m\u1ea1n n\u00e0y.<\/p>\n<div id=\"attachment_68696\" class=\"wp-caption aligncenter\">\n<p><img loading=\"lazy\" class=\"wp-image-68696 size-medium lazyloaded\" src=\"https:\/\/noithatducduong.com\/wp-content\/uploads\/2018\/07\/DSC04927-450x300.png\" sizes=\"(max-width: 450px) 100vw, 450px\" srcset=\"https:\/\/noithatducduong.com\/wp-content\/uploads\/2018\/07\/DSC04927-450x300.png 450w, https:\/\/noithatducduong.com\/wp-content\/uploads\/2018\/07\/DSC04927-250x167.png 250w, https:\/\/noithatducduong.com\/wp-content\/uploads\/2018\/07\/DSC04927.png 690w\" alt=\"\" width=\"450\" height=\"300\" aria-describedby=\"caption-attachment-68696\" data-lazy-srcset=\"https:\/\/noithatducduong.com\/wp-content\/uploads\/2018\/07\/DSC04927-450x300.png 450w, https:\/\/noithatducduong.com\/wp-content\/uploads\/2018\/07\/DSC04927-250x167.png 250w, https:\/\/noithatducduong.com\/wp-content\/uploads\/2018\/07\/DSC04927.png 690w\" data-lazy-sizes=\"(max-width: 450px) 100vw, 450px\" data-lazy-src=\"https:\/\/noithatducduong.com\/wp-content\/uploads\/2018\/07\/DSC04927-450x300.png\" data-was-processed=\"true\" \/><\/p>\n<p id=\"caption-attachment-68696\" class=\"wp-caption-text\">B\u00e0n tr\u00e0 Hebe<\/p>\n<\/div>\n<div id=\"attachment_68697\" class=\"wp-caption aligncenter\">\n<p><img loading=\"lazy\" class=\"wp-image-68697 size-medium lazyloaded\" src=\"https:\/\/noithatducduong.com\/wp-content\/uploads\/2018\/07\/DSC04941-450x300.png\" sizes=\"(max-width: 450px) 100vw, 450px\" srcset=\"https:\/\/noithatducduong.com\/wp-content\/uploads\/2018\/07\/DSC04941-450x300.png 450w, https:\/\/noithatducduong.com\/wp-content\/uploads\/2018\/07\/DSC04941-250x167.png 250w, https:\/\/noithatducduong.com\/wp-content\/uploads\/2018\/07\/DSC04941.png 690w\" alt=\"\" width=\"450\" height=\"300\" aria-describedby=\"caption-attachment-68697\" data-lazy-srcset=\"https:\/\/noithatducduong.com\/wp-content\/uploads\/2018\/07\/DSC04941-450x300.png 450w, https:\/\/noithatducduong.com\/wp-content\/uploads\/2018\/07\/DSC04941-250x167.png 250w, https:\/\/noithatducduong.com\/wp-content\/uploads\/2018\/07\/DSC04941.png 690w\" data-lazy-sizes=\"(max-width: 450px) 100vw, 450px\" data-lazy-src=\"https:\/\/noithatducduong.com\/wp-content\/uploads\/2018\/07\/DSC04941-450x300.png\" data-was-processed=\"true\" \/><\/p>\n<p id=\"caption-attachment-68697\" class=\"wp-caption-text\">B\u00e0n tr\u00e0 Cosy<\/p>\n<\/div>\n<p>\u0110\u01b0\u1ee3c thi\u1ebft k\u1ebf v\u1edbi 1 sofa v\u0103ng v\u00e0 2 sofa \u0111\u01a1n, Qu\u00fd kh\u00e1ch h\u00e0ng c\u00f3 th\u1ec3 s\u1eafp b\u1ed9 \u0111\u1eb7t sofa Cosy theo d\u1ea1ng song song ho\u1eb7c ch\u1eef U \u0111\u1ec3 lu\u00f4n l\u00e0m m\u1edbi cho n\u1ed9i th\u1ea5t kh\u00f4ng gian ph\u00f2ng kh\u00e1ch.<\/p>\n<div id=\"attachment_69341\" class=\"wp-caption aligncenter\">\n<p><img loading=\"lazy\" class=\"wp-image-69341 lazyloaded\" src=\"https:\/\/noithatducduong.com\/wp-content\/uploads\/2018\/08\/DSC025001.jpg\" sizes=\"(max-width: 690px) 100vw, 690px\" srcset=\"https:\/\/noithatducduong.com\/wp-content\/uploads\/2018\/08\/DSC025001.jpg 2400w, https:\/\/noithatducduong.com\/wp-content\/uploads\/2018\/08\/DSC025001-250x167.jpg 250w, https:\/\/noithatducduong.com\/wp-content\/uploads\/2018\/08\/DSC025001-450x300.jpg 450w, https:\/\/noithatducduong.com\/wp-content\/uploads\/2018\/08\/DSC025001-768x512.jpg 768w, https:\/\/noithatducduong.com\/wp-content\/uploads\/2018\/08\/DSC025001-1500x1000.jpg 1500w\" alt=\"\" width=\"690\" height=\"460\" aria-describedby=\"caption-attachment-69341\" data-lazy-srcset=\"https:\/\/noithatducduong.com\/wp-content\/uploads\/2018\/08\/DSC025001.jpg 2400w, https:\/\/noithatducduong.com\/wp-content\/uploads\/2018\/08\/DSC025001-250x167.jpg 250w, https:\/\/noithatducduong.com\/wp-content\/uploads\/2018\/08\/DSC025001-450x300.jpg 450w, https:\/\/noithatducduong.com\/wp-content\/uploads\/2018\/08\/DSC025001-768x512.jpg 768w, https:\/\/noithatducduong.com\/wp-content\/uploads\/2018\/08\/DSC025001-1500x1000.jpg 1500w\" data-lazy-sizes=\"(max-width: 690px) 100vw, 690px\" data-lazy-src=\"https:\/\/noithatducduong.com\/wp-content\/uploads\/2018\/08\/DSC025001.jpg\" data-was-processed=\"true\" \/><\/p>\n<p id=\"caption-attachment-69341\" class=\"wp-caption-text\">Qu\u00fd kh\u00e1ch h\u00e0ng c\u00f3 th\u1ec3 l\u1ef1a ch\u1ecdn m\u00e0u \u0111\u1ec7m theo s\u1edf th\u00edch.<\/p>\n<\/div>\n<p><img loading=\"lazy\" class=\"alignnone wp-image-71162 aligncenter lazyloaded\" src=\"https:\/\/noithatducduong.com\/wp-content\/uploads\/2018\/08\/IMG_1898.jpg\" sizes=\"(max-width: 690px) 100vw, 690px\" srcset=\"https:\/\/noithatducduong.com\/wp-content\/uploads\/2018\/08\/IMG_1898.jpg 5472w, https:\/\/noithatducduong.com\/wp-content\/uploads\/2018\/08\/IMG_1898-250x167.jpg 250w, https:\/\/noithatducduong.com\/wp-content\/uploads\/2018\/08\/IMG_1898-450x300.jpg 450w, https:\/\/noithatducduong.com\/wp-content\/uploads\/2018\/08\/IMG_1898-768x512.jpg 768w, https:\/\/noithatducduong.com\/wp-content\/uploads\/2018\/08\/IMG_1898-1500x1000.jpg 1500w\" alt=\"\" width=\"690\" height=\"460\" data-lazy-srcset=\"https:\/\/noithatducduong.com\/wp-content\/uploads\/2018\/08\/IMG_1898.jpg 5472w, https:\/\/noithatducduong.com\/wp-content\/uploads\/2018\/08\/IMG_1898-250x167.jpg 250w, https:\/\/noithatducduong.com\/wp-content\/uploads\/2018\/08\/IMG_1898-450x300.jpg 450w, https:\/\/noithatducduong.com\/wp-content\/uploads\/2018\/08\/IMG_1898-768x512.jpg 768w, https:\/\/noithatducduong.com\/wp-content\/uploads\/2018\/08\/IMG_1898-1500x1000.jpg 1500w\" data-lazy-sizes=\"(max-width: 690px) 100vw, 690px\" data-lazy-src=\"https:\/\/noithatducduong.com\/wp-content\/uploads\/2018\/08\/IMG_1898.jpg\" data-was-processed=\"true\" \/><\/p>\n<p>&nbsp;<\/p>\n<p>Sofa Cosy l\u00e0 l\u1ef1a ch\u1ecdn ho\u00e0n h\u1ea3o cho\u00a0<strong>n\u1ed9i th\u1ea5t gia \u0111\u00ecnh.<\/strong><\/p>\n<p>L\u00e0 m\u1ed9t trong nh\u1eefng \u0111\u01a1n v\u1ecb \u0111i \u0111\u1ea7u trong ng\u00e0nh n\u1ed9i th\u1ea5t, ngo\u00e0i vi\u1ec7c thi\u1ebft k\u1ebf thi c\u00f4ng c\u00f4ng tr\u00ecnh n\u1ed9i th\u1ea5t gia \u0111\u00ecnh, kh\u00e1ch s\u1ea1n, N\u1ed9i th\u1ea5t \u0110\u1ee9c D\u01b0\u01a1ng c\u00f2n bi\u1ebft \u0111\u1ebfn v\u1edbi showroom c\u1ea3 ngh\u00ecn m2 tr\u01b0ng b\u00e0y v\u00e0 ph\u00e2n ph\u1ed1i s\u1ea3n ph\u1ea9m n\u1ed9i th\u1ea5t. Qu\u00fd kh\u00e1ch h\u00e3y li\u00ean h\u1ec7 qua s\u1ed1 hotline 0906232528 \u0111\u1ec3 \u0111\u01b0\u1ee3c t\u01b0 v\u1ea5n mi\u1ec5n ph\u00ed.<\/p>\n","protected":false},"excerpt":{"rendered":"<p>M\u00e3 s\u1ea3n ph\u1ea9m:\u00a0SOFA\/003 T\u00ean s\u1ea3n ph\u1ea9m:\u00a0Sofa Cosy K\u00edch th\u01b0\u1edbc:\u00a02000 x 720 x 660 Ch\u1ea5t li\u1ec7u:\u00a0G\u1ed7 \u00f3c ch\u00f3 + n\u1ec9 Nh\u00e0 s\u1ea3n xu\u1ea5t:\u00a0N\u1ed9i th\u1ea5t \u0110\u1ee9c D\u01b0\u01a1ng B\u1ea3o h\u00e0nh:\u00a012 th\u00e1ng Lo\u1ea1i h\u00e0ng:\u00a0C\u00f3 s\u1eb5n Gi\u00e1 s\u1ea3n ph\u1ea9m:\u00a0Li\u00ean h\u1ec7 S\u1ed1 l\u01b0\u1ee3ng:\u00a0Theo y\u00eau c\u1ea7u H\u00f2a nh\u1ecbp \u0111\u01b0\u1ee3c s\u1ef1 b\u1ec1 th\u1ebf v\u00e0 ho\u00e0nh tr\u00e1ng c\u1ee7a kh\u00f4ng gian ph\u00f2ng kh\u00e1ch l\u1edbn, sofa &#8230;<\/p>\n","protected":false},"featured_media":166,"template":"","meta":[],"_links":{"self":[{"href":"https:\/\/webmaibinh.com\/w\/noithat112011\/wp-json\/wp\/v2\/product\/165"}],"collection":[{"href":"https:\/\/webmaibinh.com\/w\/noithat112011\/wp-json\/wp\/v2\/product"}],"about":[{"href":"https:\/\/webmaibinh.com\/w\/noithat112011\/wp-json\/wp\/v2\/types\/product"}],"wp:featuredmedia":[{"embeddable":true,"href":"https:\/\/webmaibinh.com\/w\/noithat112011\/wp-json\/wp\/v2\/media\/166"}],"wp:attachment":[{"href":"https:\/\/webmaibinh.com\/w\/noithat112011\/wp-json\/wp\/v2\/media?parent=165"}],"curies":[{"name":"wp","href":"https:\/\/api.w.org\/{rel}","templated":true}]}}