{"id":163,"date":"2019-07-23T14:33:30","date_gmt":"2019-07-23T07:33:30","guid":{"rendered":"http:\/\/noithat8.w2steam.com\/?post_type=product&#038;p=163"},"modified":"2019-07-23T15:19:40","modified_gmt":"2019-07-23T08:19:40","slug":"sofa-noble","status":"publish","type":"product","link":"https:\/\/webmaibinh.com\/w\/noithat112011\/san-pham\/sofa-noble\/","title":{"rendered":"Sofa Noble"},"content":{"rendered":"<ul>\n<li><strong>M\u00e3 s\u1ea3n ph\u1ea9m:<\/strong>\u00a0SF\/005<\/li>\n<li><strong>T\u00ean s\u1ea3n ph\u1ea9m:<\/strong>\u00a0Sofa Noble<\/li>\n<li><strong>K\u00edch th\u01b0\u1edbc:<\/strong>\u00a03050 x 2000 x 620<\/li>\n<li><strong>Ch\u1ea5t li\u1ec7u:<\/strong>\u00a0G\u1ed7 \u00f3c ch\u00f3 + \u0111\u1ec7m da<\/li>\n<li><strong>Nh\u00e0 s\u1ea3n xu\u1ea5t:<\/strong>\u00a0N\u1ed9i th\u1ea5t \u0110\u1ee9c D\u01b0\u01a1ng<\/li>\n<li><strong>B\u1ea3o h\u00e0nh:<\/strong>\u00a012 th\u00e1ng<\/li>\n<li><strong>Lo\u1ea1i h\u00e0ng:<\/strong>\u00a0C\u00f3 s\u1eb5n<\/li>\n<li><strong>Gi\u00e1 s\u1ea3n ph\u1ea9m:<\/strong>\u00a0Li\u00ean h\u1ec7<\/li>\n<li><strong>S\u1ed1 l\u01b0\u1ee3ng:<\/strong>\u00a0Theo y\u00eau c\u1ea7u<\/li>\n<\/ul>\n<h2><strong>SOFA NOBLE \u2013 TH\u00c1CH TH\u1ee8C M\u1eccI KH\u00d4NG GIAN<\/strong><\/h2>\n<p>Sofa Noble t\u1ea1i showroom N\u1ed9i th\u1ea5t \u0110\u1ee9c D\u01b0\u01a1ng thi\u1ebft k\u1ebf t\u1ed1i gi\u1ea3n v\u00e0 phong c\u00e1ch hi\u1ec7n \u0111\u1ea1i ph\u00f9 h\u1ee3p cho n\u1ed9i th\u1ea5t\u00a0ph\u00f2ng kh\u00e1ch\u00a0c\u00f3 kh\u00f4ng gian m\u1edf. \u0110\u00e2y l\u00e0 gi\u1ea3i ph\u00e1p cho ph\u00f2ng kh\u00e1ch c\u1ee7a c\u00e1c c\u0103n h\u1ed9 chung c\u01b0 c\u00f3 di\u1ec7n t\u00edch 30m2.<\/p>\n<p><a class=\"fancybox image\" href=\"https:\/\/noithatducduong.com\/wp-content\/uploads\/2018\/05\/4-1.jpg\"><img loading=\"lazy\" class=\"aligncenter wp-image-68759 size-full lazyloaded\" src=\"https:\/\/noithatducduong.com\/wp-content\/uploads\/2018\/05\/4-1.jpg\" sizes=\"(max-width: 690px) 100vw, 690px\" srcset=\"https:\/\/noithatducduong.com\/wp-content\/uploads\/2018\/05\/4-1.jpg 690w, https:\/\/noithatducduong.com\/wp-content\/uploads\/2018\/05\/4-1-250x171.jpg 250w, https:\/\/noithatducduong.com\/wp-content\/uploads\/2018\/05\/4-1-439x300.jpg 439w\" alt=\"\" width=\"690\" height=\"471\" data-lazy-srcset=\"https:\/\/noithatducduong.com\/wp-content\/uploads\/2018\/05\/4-1.jpg 690w, https:\/\/noithatducduong.com\/wp-content\/uploads\/2018\/05\/4-1-250x171.jpg 250w, https:\/\/noithatducduong.com\/wp-content\/uploads\/2018\/05\/4-1-439x300.jpg 439w\" data-lazy-sizes=\"(max-width: 690px) 100vw, 690px\" data-lazy-src=\"https:\/\/noithatducduong.com\/wp-content\/uploads\/2018\/05\/4-1.jpg\" data-was-processed=\"true\" \/><\/a><\/p>\n<p>B\u1ed9 sofa Noble bao g\u1ed3m sofa g\u00f3c, \u0111\u00f4n v\u00e0 b\u00e0n tr\u00e0 l\u1ea5y c\u1ea3m h\u1ee9ng t\u1eeb nh\u1eefng h\u00ecnh kh\u1ed1i th\u1eddi th\u01b0\u1ee3ng.<\/p>\n<h3><strong>SOFA G\u00d3C NOBLE<\/strong><\/h3>\n<p><a class=\"fancybox image\" href=\"https:\/\/noithatducduong.com\/wp-content\/uploads\/2018\/05\/GOC.jpg\"><img loading=\"lazy\" class=\"aligncenter wp-image-68760 size-full lazyloaded\" src=\"https:\/\/noithatducduong.com\/wp-content\/uploads\/2018\/05\/GOC.jpg\" sizes=\"(max-width: 690px) 100vw, 690px\" srcset=\"https:\/\/noithatducduong.com\/wp-content\/uploads\/2018\/05\/GOC.jpg 690w, https:\/\/noithatducduong.com\/wp-content\/uploads\/2018\/05\/GOC-250x98.jpg 250w, https:\/\/noithatducduong.com\/wp-content\/uploads\/2018\/05\/GOC-500x196.jpg 500w\" alt=\"\" width=\"690\" height=\"270\" data-lazy-srcset=\"https:\/\/noithatducduong.com\/wp-content\/uploads\/2018\/05\/GOC.jpg 690w, https:\/\/noithatducduong.com\/wp-content\/uploads\/2018\/05\/GOC-250x98.jpg 250w, https:\/\/noithatducduong.com\/wp-content\/uploads\/2018\/05\/GOC-500x196.jpg 500w\" data-lazy-sizes=\"(max-width: 690px) 100vw, 690px\" data-lazy-src=\"https:\/\/noithatducduong.com\/wp-content\/uploads\/2018\/05\/GOC.jpg\" data-was-processed=\"true\" \/><\/a><\/p>\n<p>&nbsp;<\/p>\n<table class=\" aligncenter\">\n<tbody>\n<tr>\n<td>Th\u00f4ng s\u1ed1 k\u1ef9 thu\u1eadt<\/td>\n<td>\n<ul>\n<li>Ch\u1ea5t li\u1ec7u g\u1ed7: G\u1ed7 \u00f3c ch\u00f3 nh\u1eadp kh\u1ea9u B\u1eafc M\u1ef9<\/li>\n<li>\u0110\u1ec7m da: da t\u1ef1 nhi\u00ean<\/li>\n<li>M\u00e0u s\u1eafc \u0111\u1ec7m da: T\u00f9y ch\u1ecdn<\/li>\n<li>K\u00edch th\u01b0\u1edbc: d\u00e0i 3050 x s\u00e2u 2000 x cao 620 (mm)<\/li>\n<\/ul>\n<\/td>\n<\/tr>\n<\/tbody>\n<\/table>\n<p>Sofa g\u00f3c hay c\u00f2n g\u1ecdi l\u00e0 sofa ch\u1eef L l\u00e0 gi\u1ea3i ph\u00e1p th\u00edch h\u1ee3p v\u1edbi ph\u00f2ng kh\u00e1ch c\u00f3 di\u1ec7n t\u00edch kh\u00f4ng qu\u00e1 r\u1ed9ng. Sofa g\u00f3c Noble t\u1ea1i showroom N\u1ed9i th\u1ea5t \u0110\u1ee9c D\u01b0\u01a1ng n\u1ed5i b\u1eadt v\u1edbi \u0111\u01b0\u1eddng n\u00e9t thi\u1ebft k\u1ebf tinh x\u1ea3o, to\u00e1t l\u00ean v\u1ebb \u0111\u1eb9p sang tr\u1ecdng cho kh\u00f4ng gian gia \u0111\u00ecnh.<\/p>\n<h3><strong>\u0110\u00d4N NOBLE<\/strong><\/h3>\n<p><img loading=\"lazy\" class=\"size-full wp-image-68758 aligncenter lazyloaded\" src=\"https:\/\/noithatducduong.com\/wp-content\/uploads\/2018\/05\/DON.jpg\" sizes=\"(max-width: 450px) 100vw, 450px\" srcset=\"https:\/\/noithatducduong.com\/wp-content\/uploads\/2018\/05\/DON.jpg 450w, https:\/\/noithatducduong.com\/wp-content\/uploads\/2018\/05\/DON-250x186.jpg 250w, https:\/\/noithatducduong.com\/wp-content\/uploads\/2018\/05\/DON-404x300.jpg 404w\" alt=\"\" width=\"450\" height=\"334\" data-lazy-srcset=\"https:\/\/noithatducduong.com\/wp-content\/uploads\/2018\/05\/DON.jpg 450w, https:\/\/noithatducduong.com\/wp-content\/uploads\/2018\/05\/DON-250x186.jpg 250w, https:\/\/noithatducduong.com\/wp-content\/uploads\/2018\/05\/DON-404x300.jpg 404w\" data-lazy-sizes=\"(max-width: 450px) 100vw, 450px\" data-lazy-src=\"https:\/\/noithatducduong.com\/wp-content\/uploads\/2018\/05\/DON.jpg\" data-was-processed=\"true\" \/><\/p>\n<table class=\" aligncenter\">\n<tbody>\n<tr>\n<td>Th\u00f4ng s\u1ed1 k\u1ef9 thu\u1eadt<\/td>\n<td>\n<ul>\n<li>Ch\u1ea5t li\u1ec7u g\u1ed7: G\u1ed7 \u00f3c ch\u00f3 nh\u1eadp kh\u1ea9u B\u1eafc M\u1ef9<\/li>\n<li>\u0110\u1ec7m da: da t\u1ef1 nhi\u00ean<\/li>\n<li>M\u00e0u s\u1eafc \u0111\u1ec7m da: T\u00f9y ch\u1ecdn<\/li>\n<li>K\u00edch th\u01b0\u1edbc: d\u00e0i 900 x s\u00e2u 490 x cao 420 (mm)<\/li>\n<\/ul>\n<\/td>\n<\/tr>\n<\/tbody>\n<\/table>\n<p><strong>Gh\u1ebf \u0111\u00f4n<\/strong>\u00a0s\u1eed d\u1ee5ng di \u0111\u1ed9ng cho m\u1ecdi kh\u00f4ng gian gia \u0111\u00ecnh t\u1eeb ph\u00f2ng kh\u00e1ch, ph\u00f2ng ng\u1ee7 \u0111\u1ebfn ph\u00f2ng \u0111\u1ecdc s\u00e1ch, th\u01b0 gi\u00e3n, nghe nh\u1ea1c\u2026 \u0110\u01b0\u1ee3c thi\u1ebft k\u1ebf theo phong c\u00e1ch tr\u1ebb trung, \u0111\u01a1n gi\u1ea3n, nh\u1ecf g\u1ecdn v\u00e0 linh ho\u1ea1t c\u00e1c m\u1eabu sofa k\u1ebft h\u1ee3p v\u1edbi \u0111\u00f4n \u0111ang l\u00e0 s\u1ef1 l\u1ef1a ch\u1ecdn h\u00e0ng \u0111\u1ea7u theo xu th\u1ebf hi\u1ec7n nay.<\/p>\n<h3><strong>B\u00c0N TR\u00c0<\/strong><\/h3>\n<p>Sofa Noble d\u1ec5 d\u00e0ng k\u1ebft h\u1ee3p v\u1edbi b\u00e0n tr\u00e0 ki\u1ec3u d\u00e1ng vu\u00f4ng, ch\u1eef nh\u1eadt ho\u1eb7c tr\u00f2n\u2026 t\u1ea1i showroom N\u1ed9i th\u1ea5t \u0110\u1ee9c D\u01b0\u01a1ng.\u00a0B\u00e0n tr\u00e0 v\u1edbi design m\u1ea1nh m\u1ebd, t\u1eebng chi ti\u1ebft, \u0111\u01b0\u1eddng n\u00e9t \u0111\u1ec1u to\u00e1t l\u00ean v\u1ebb sang tr\u1ecdng, b\u1ec1n v\u1eefng, th\u1ec3 hi\u1ec7n \u0111\u1eb3ng c\u1ea5p, c\u00e1 t\u00ednh c\u1ee7a gia ch\u1ee7.<\/p>\n<div id=\"attachment_68682\" class=\"wp-caption aligncenter\">\n<p><img loading=\"lazy\" class=\"wp-image-68682 size-medium lazyloaded\" src=\"https:\/\/noithatducduong.com\/wp-content\/uploads\/2018\/06\/DSC04922-450x300.png\" sizes=\"(max-width: 450px) 100vw, 450px\" srcset=\"https:\/\/noithatducduong.com\/wp-content\/uploads\/2018\/06\/DSC04922-450x300.png 450w, https:\/\/noithatducduong.com\/wp-content\/uploads\/2018\/06\/DSC04922-250x167.png 250w, https:\/\/noithatducduong.com\/wp-content\/uploads\/2018\/06\/DSC04922.png 690w\" alt=\"\" width=\"450\" height=\"300\" aria-describedby=\"caption-attachment-68682\" data-lazy-srcset=\"https:\/\/noithatducduong.com\/wp-content\/uploads\/2018\/06\/DSC04922-450x300.png 450w, https:\/\/noithatducduong.com\/wp-content\/uploads\/2018\/06\/DSC04922-250x167.png 250w, https:\/\/noithatducduong.com\/wp-content\/uploads\/2018\/06\/DSC04922.png 690w\" data-lazy-sizes=\"(max-width: 450px) 100vw, 450px\" data-lazy-src=\"https:\/\/noithatducduong.com\/wp-content\/uploads\/2018\/06\/DSC04922-450x300.png\" data-was-processed=\"true\" \/><\/p>\n<p id=\"caption-attachment-68682\" class=\"wp-caption-text\">B\u00e0n tr\u00e0 Dilys<\/p>\n<\/div>\n<div id=\"attachment_68753\" class=\"wp-caption aligncenter\">\n<p><img loading=\"lazy\" class=\"wp-image-68753 size-full lazyloaded\" src=\"https:\/\/noithatducduong.com\/wp-content\/uploads\/2018\/06\/DSC04964.png\" sizes=\"(max-width: 450px) 100vw, 450px\" srcset=\"https:\/\/noithatducduong.com\/wp-content\/uploads\/2018\/06\/DSC04964.png 450w, https:\/\/noithatducduong.com\/wp-content\/uploads\/2018\/06\/DSC04964-250x167.png 250w\" alt=\"\" width=\"450\" height=\"300\" aria-describedby=\"caption-attachment-68753\" data-lazy-srcset=\"https:\/\/noithatducduong.com\/wp-content\/uploads\/2018\/06\/DSC04964.png 450w, https:\/\/noithatducduong.com\/wp-content\/uploads\/2018\/06\/DSC04964-250x167.png 250w\" data-lazy-sizes=\"(max-width: 450px) 100vw, 450px\" data-lazy-src=\"https:\/\/noithatducduong.com\/wp-content\/uploads\/2018\/06\/DSC04964.png\" data-was-processed=\"true\" \/><\/p>\n<p id=\"caption-attachment-68753\" class=\"wp-caption-text\">B\u00e0n tr\u00e0 Daria<\/p>\n<\/div>\n<div id=\"attachment_68761\" class=\"wp-caption aligncenter\">\n<p><img loading=\"lazy\" class=\"wp-image-68761 size-medium lazyloaded\" src=\"https:\/\/noithatducduong.com\/wp-content\/uploads\/2018\/05\/DSC04927-450x300.png\" sizes=\"(max-width: 450px) 100vw, 450px\" srcset=\"https:\/\/noithatducduong.com\/wp-content\/uploads\/2018\/05\/DSC04927-450x300.png 450w, https:\/\/noithatducduong.com\/wp-content\/uploads\/2018\/05\/DSC04927-250x167.png 250w, https:\/\/noithatducduong.com\/wp-content\/uploads\/2018\/05\/DSC04927.png 690w\" alt=\"\" width=\"450\" height=\"300\" aria-describedby=\"caption-attachment-68761\" data-lazy-srcset=\"https:\/\/noithatducduong.com\/wp-content\/uploads\/2018\/05\/DSC04927-450x300.png 450w, https:\/\/noithatducduong.com\/wp-content\/uploads\/2018\/05\/DSC04927-250x167.png 250w, https:\/\/noithatducduong.com\/wp-content\/uploads\/2018\/05\/DSC04927.png 690w\" data-lazy-sizes=\"(max-width: 450px) 100vw, 450px\" data-lazy-src=\"https:\/\/noithatducduong.com\/wp-content\/uploads\/2018\/05\/DSC04927-450x300.png\" data-was-processed=\"true\" \/><\/p>\n<p id=\"caption-attachment-68761\" class=\"wp-caption-text\">B\u00e0n tr\u00e0 Hebe<\/p>\n<\/div>\n<h3><strong>HO\u00c0N H\u1ea2O T\u1eea KI\u1ec2U D\u00c1NG \u0110\u1ebeN CH\u1ea4T LI\u1ec6U<\/strong><\/h3>\n<p>B\u1ed9 sofa Noble \u0111\u01b0\u1ee3c l\u00e0m t\u1eeb g\u1ed7 \u00f3c ch\u00f3 t\u1ef1 nhi\u00ean nh\u1eadp kh\u1ea9u B\u1eafc M\u1ef9. Ngo\u00e0i s\u1ee9c ch\u1ecbu l\u1ef1c cao, kh\u00e1ng s\u00e2u m\u1ecdt, b\u1ed9 sofa c\u00f2n \u0111\u01b0\u1ee3c t\u00f4n l\u00ean v\u1edbi m\u00e0u s\u1eafc n\u00e2u tr\u1ea7m, h\u1ec7 v\u00e2n l\u01b0\u1ee3n s\u00f3ng, cu\u1ed9n xo\u00e1y cu\u1ed1n h\u00fat.<\/p>\n<p>N\u1ebfu nh\u01b0 ph\u1ea7n g\u1ed7 t\u1ea1o n\u00ean s\u1ef1 b\u1ec1 th\u1ebf v\u00e0 th\u1ecbnh v\u01b0\u1ee3ng th\u00ec ph\u1ea7n \u0111\u1ec7m da mang \u0111\u1ebfn v\u1ebb sang tr\u1ecdng, l\u1ecbch s\u1ef1. Ch\u1ea5t li\u1ec7u da n\u00e0y d\u1ec5 l\u00e0m s\u1ea1ch, kh\u00f4ng th\u1ea5m n\u01b0\u1edbc, ph\u00f9 h\u1ee3p v\u1edbi c\u1ea3 gia \u0111\u00ecnh c\u00f3 tr\u1ebb nh\u1ecf. Ph\u1ea7n \u0111\u1ec7m c\u00f9ng t\u1ef1a l\u01b0ng m\u1ec1m m\u1ea1i, kh\u00f4ng m\u1ea5t d\u00e1ng khi d\u00f9ng l\u00e2u, thi\u1ebft k\u1ebf ph\u00f9 h\u1ee3p v\u1edbi c\u01a1 th\u1ec3 ng\u01b0\u1eddi Vi\u1ec7t n\u00ean t\u1ea1o c\u1ea3m gi\u00e1c th\u01b0 th\u00e1i nh\u01b0 ng\u1ed3i tr\u00ean l\u1edbp s\u00f3ng bi\u1ec3n b\u1ed3ng b\u1ec1nh.<\/p>\n<p><img loading=\"lazy\" class=\"alignnone size-full wp-image-68480 aligncenter lazyloaded\" src=\"https:\/\/noithatducduong.com\/wp-content\/uploads\/2017\/05\/q1-e1532590682166.jpg\" alt=\"\" width=\"690\" height=\"414\" data-lazy-src=\"https:\/\/noithatducduong.com\/wp-content\/uploads\/2017\/05\/q1-e1532590682166.jpg\" data-was-processed=\"true\" \/><\/p>\n<p><img loading=\"lazy\" class=\"alignnone wp-image-70679 aligncenter lazyloaded\" src=\"https:\/\/noithatducduong.com\/wp-content\/uploads\/2018\/09\/DSC03114-1.jpg\" sizes=\"(max-width: 690px) 100vw, 690px\" srcset=\"https:\/\/noithatducduong.com\/wp-content\/uploads\/2018\/09\/DSC03114-1.jpg 2400w, https:\/\/noithatducduong.com\/wp-content\/uploads\/2018\/09\/DSC03114-1-250x167.jpg 250w, https:\/\/noithatducduong.com\/wp-content\/uploads\/2018\/09\/DSC03114-1-450x300.jpg 450w, https:\/\/noithatducduong.com\/wp-content\/uploads\/2018\/09\/DSC03114-1-768x512.jpg 768w, https:\/\/noithatducduong.com\/wp-content\/uploads\/2018\/09\/DSC03114-1-1500x1000.jpg 1500w\" alt=\"\" width=\"690\" height=\"460\" data-lazy-srcset=\"https:\/\/noithatducduong.com\/wp-content\/uploads\/2018\/09\/DSC03114-1.jpg 2400w, https:\/\/noithatducduong.com\/wp-content\/uploads\/2018\/09\/DSC03114-1-250x167.jpg 250w, https:\/\/noithatducduong.com\/wp-content\/uploads\/2018\/09\/DSC03114-1-450x300.jpg 450w, https:\/\/noithatducduong.com\/wp-content\/uploads\/2018\/09\/DSC03114-1-768x512.jpg 768w, https:\/\/noithatducduong.com\/wp-content\/uploads\/2018\/09\/DSC03114-1-1500x1000.jpg 1500w\" data-lazy-sizes=\"(max-width: 690px) 100vw, 690px\" data-lazy-src=\"https:\/\/noithatducduong.com\/wp-content\/uploads\/2018\/09\/DSC03114-1.jpg\" data-was-processed=\"true\" \/><\/p>\n<p>Sofa Noble t\u1ea1i nh\u00e0 kh\u00e1ch h\u00e0ng.<\/p>\n<p>&nbsp;<\/p>\n<p>Sofa Noble ph\u00f9 h\u1ee3p v\u1edbi 70% c\u00e1c c\u0103n h\u1ed9 chung c\u01b0, c\u00f3 th\u1ec3 k\u00ea s\u00e1t v\u00e0o t\u01b0\u1eddng \u0111\u1ec3 t\u1eadn d\u1ee5ng t\u1ed1i \u0111a di\u1ec7n t\u00edch kh\u00f4ng gian. Qu\u00fd kh\u00e1ch c\u00f3 th\u1ec3 trang tr\u00ed tr\u00ean t\u01b0\u1eddng m\u1ed9t b\u1ee9c tranh s\u1ed1ng \u0111\u1ed9ng, l\u00e0m \u0111i\u1ec3m nh\u1ea5n th\u00eam cho ph\u00f2ng kh\u00e1ch.<\/p>\n<p>M\u1eabu thi\u1ebft k\u1ebf n\u00e0y ch\u1eafc ch\u1eafn s\u1ebd l\u00e0m h\u00e0i l\u00f2ng m\u1ecdi Qu\u00fd kh\u00e1ch h\u00e0ng.<\/p>\n<p><strong>C\u00e1ch th\u1ee9c mua h\u00e0ng:<\/strong><\/p>\n<ol>\n<li>Mua h\u00e0ng t\u1ea1i showroom: Qu\u00fd kh\u00e1ch \u0111\u1ebfn xem h\u00e0ng tr\u1ef1c ti\u1ebfp t\u1ea1i showroom N\u1ed9i th\u1ea5t \u0110\u1ee9c D\u01b0\u01a1ng,\u00a0t\u1ea7ng 3 t\u00f2a C14 B\u1eafc H\u00e0, \u0110\u01b0\u1eddng T\u1ed1 H\u1eefu \u2013 Nam T\u1eeb Li\u00eam \u2013 H\u00e0 N\u1ed9i<\/li>\n<li>Mua h\u00e0ng qua \u0111i\u1ec7n tho\u1ea1i: Qu\u00fd kh\u00e1ch g\u1ecdi \u0111i\u1ec7n t\u1edbi s\u1ed1 hotline\u00a00906232528\u00a0\u0111\u1ec3 \u0111\u01b0\u1ee3c nh\u00e2n vi\u00ean t\u01b0 v\u1ea5n chi ti\u1ebft s\u1ea3n ph\u1ea9m v\u00e0 h\u01b0\u1edbng d\u1eabn mua h\u00e0ng.<\/li>\n<li>Mua h\u00e0ng tr\u00ean website: Qu\u00fd kh\u00e1ch v\u00e0o web\u00a0<a href=\"https:\/\/noithatducduong.com\/\">Noithatducduong.com<\/a>;\u00a0Cuagoducduong.com\u00a0\u0111\u1ec3 xem h\u00e0ng, ch\u1ecdn s\u1ea3n ph\u1ea9m \u01b0ng \u00fd, ch\u1ecdn m\u1ee5c Mua h\u00e0ng ho\u1eb7c g\u1eedi th\u00f4ng tin li\u00ean h\u1ec7 t\u1edbi m\u1ee5c T\u01b0 v\u1ea5n tr\u1ef1c tuy\u1ebfn (hi\u1ec3n th\u1ecb ph\u00eda d\u01b0\u1edbi b\u00ean ph\u1ea3i m\u00e0n h\u00ecnh)\u00a0ho\u1eb7c li\u00ean h\u1ec7 qua Facebook\u00a0N\u1ed9i th\u1ea5t \u0110\u1ee9c D\u01b0\u01a1ng.<\/li>\n<li>Mua h\u00e0ng t\u1ea1i nh\u00e0: H\u00e3y li\u00ean h\u1ec7 qua s\u1ed1 hotline 0906232528\u00a0ho\u1eb7c m\u1ee5c T\u01b0 v\u1ea5n tr\u1ef1c tuy\u1ebfn \u0111\u1ec3 ch\u00fang t\u00f4i \u0111\u1ebfn t\u1eadn nh\u00e0 kh\u1ea3o s\u00e1t th\u1ef1c t\u1ebf v\u00e0 gi\u1edbi thi\u1ec7u s\u1ea3n ph\u1ea9m t\u1ed1t nh\u1ea5t.<\/li>\n<\/ol>\n<p>C\u1ea3m \u01a1n Qu\u00fd kh\u00e1ch \u0111\u00e3 l\u1ef1a ch\u1ecdn\u00a0<strong>sofa g\u1ed7 t\u1ef1 nhi\u00ean<\/strong>\u00a0c\u1ee7a N\u1ed9i th\u1ea5t \u0110\u1ee9c D\u01b0\u01a1ng!<\/p>\n","protected":false},"excerpt":{"rendered":"<p>M\u00e3 s\u1ea3n ph\u1ea9m:\u00a0SF\/005 T\u00ean s\u1ea3n ph\u1ea9m:\u00a0Sofa Noble K\u00edch th\u01b0\u1edbc:\u00a03050 x 2000 x 620 Ch\u1ea5t li\u1ec7u:\u00a0G\u1ed7 \u00f3c ch\u00f3 + \u0111\u1ec7m da Nh\u00e0 s\u1ea3n xu\u1ea5t:\u00a0N\u1ed9i th\u1ea5t \u0110\u1ee9c D\u01b0\u01a1ng B\u1ea3o h\u00e0nh:\u00a012 th\u00e1ng Lo\u1ea1i h\u00e0ng:\u00a0C\u00f3 s\u1eb5n Gi\u00e1 s\u1ea3n ph\u1ea9m:\u00a0Li\u00ean h\u1ec7 S\u1ed1 l\u01b0\u1ee3ng:\u00a0Theo y\u00eau c\u1ea7u SOFA NOBLE \u2013 TH\u00c1CH TH\u1ee8C M\u1eccI KH\u00d4NG GIAN Sofa Noble t\u1ea1i showroom N\u1ed9i th\u1ea5t \u0110\u1ee9c &#8230;<\/p>\n","protected":false},"featured_media":164,"template":"","meta":[],"_links":{"self":[{"href":"https:\/\/webmaibinh.com\/w\/noithat112011\/wp-json\/wp\/v2\/product\/163"}],"collection":[{"href":"https:\/\/webmaibinh.com\/w\/noithat112011\/wp-json\/wp\/v2\/product"}],"about":[{"href":"https:\/\/webmaibinh.com\/w\/noithat112011\/wp-json\/wp\/v2\/types\/product"}],"wp:featuredmedia":[{"embeddable":true,"href":"https:\/\/webmaibinh.com\/w\/noithat112011\/wp-json\/wp\/v2\/media\/164"}],"wp:attachment":[{"href":"https:\/\/webmaibinh.com\/w\/noithat112011\/wp-json\/wp\/v2\/media?parent=163"}],"curies":[{"name":"wp","href":"https:\/\/api.w.org\/{rel}","templated":true}]}}