{"id":601,"date":"2019-07-23T23:45:04","date_gmt":"2019-07-23T16:45:04","guid":{"rendered":"http:\/\/noithat8.w2steam.com\/?page_id=601"},"modified":"2019-07-24T00:12:41","modified_gmt":"2019-07-23T17:12:41","slug":"dich-vu-thi-cong-noi-that","status":"publish","type":"page","link":"https:\/\/webmaibinh.com\/w\/noithat112011\/dich-vu-thi-cong-noi-that\/","title":{"rendered":"Thi c\u00f4ng n\u1ed9i th\u1ea5t"},"content":{"rendered":"<div class=\"tom-tat\">\n<p><span style=\"color: #555555; font-size: 14.4px;\">Chuy\u00ean nghi\u1ec7p v\u1ec1 c\u1eeda g\u1ed7, t\u1ee7 b\u1ebfp T\u1ea1i Vi\u1ec7t Nam. N\u1eb1m trong chu\u1ed7i nh\u1eefng s\u1ea3n ph\u1ea9m ph\u1ee5c v\u1ee5 c\u00e1c d\u1ef1 \u00e1n B\u0110S cao c\u1ea5p, th\u01b0\u01a1ng hi\u1ec7u c\u1eeda g\u1ed7 \u2013 T\u1ee7 b\u1ebfp\u00a0 mang t\u00ean Timberdoor hi\u1ec7n \u0111ang \u0111\u01b0\u1ee3c nhi\u1ec1u nh\u00e0 \u0111\u1ea7u t\u01b0 l\u1ef1a ch\u1ecdn b\u1edfi nh\u1eefng t\u00ednh n\u0103ng \u01b0u vi\u1ec7t. Timberdoor hi\u1ec7n \u0111ang kh\u1eafc ph\u1ee5c \u0111\u01b0\u1ee3c nh\u1eefng h\u1ea1n ch\u1ebf v\u00ec cong, v\u00eanh, m\u1ed1i, m\u1ecdt c\u1ee7a S\u1ea3n ph\u1ea9m, do \u0111\u00f3, nhi\u1ec1u nh\u00e0 \u0111\u1ea7u t\u01b0 c\u00f3 ti\u1ebfng trong \u201cl\u00e0ng\u201d B\u0110S \u0111ang t\u00ecm \u0111\u1ebfn nh\u1eefng s\u1ea3n ph\u1ea9m c\u1ee7a ch\u00fang t\u00f4i. Nh\u1eefng s\u1ea3n ph\u1ea9m ph\u1ee5c v\u1ee5 c\u00e1c d\u1ef1 \u00e1n B\u0110S cao c\u1ea5p, th\u01b0\u01a1ng hi\u1ec7u c\u1eeda g\u1ed7 mang t\u00ean Timberdoor, t\u1ee7 b\u1ebfp TIGER WOOD\u00a0 hi\u1ec7n \u0111ang \u0111\u01b0\u1ee3c nhi\u1ec1u nh\u00e0 \u0111\u1ea7u t\u01b0 l\u1ef1a ch\u1ecdn b\u1edfi nh\u1eefng t\u00ednh n\u0103ng \u01b0u vi\u1ec7t. ..:<\/span><\/p>\n<\/div>\n\t<div id=\"gap-1022287790\" class=\"gap-element clearfix\" style=\"display:block; height:auto;\">\n\t\t\n<style>\n#gap-1022287790 {\n  padding-top: 30px;\n}\n<\/style>\n\t<\/div>\n\t\n<div class=\"row\"  id=\"row-1170933416\">\n\n\t<div id=\"col-222051372\" class=\"col medium-6 small-12 large-6\"  >\n\t\t<div class=\"col-inner text-center\"  >\n\t\t\t\n\t\t\t\n<div class=\"container section-title-container\" ><h3 class=\"section-title section-title-normal\"><b><\/b><span class=\"section-title-main\" >D\u1ef1 \u00e1n \u0111\u00e3 th\u1ef1c hi\u1ec7n<\/span><b><\/b><\/h3><\/div>\n\n  \n    <div class=\"row block-post-to large-columns-1 medium-columns-1 small-columns-1 row-small\">\n  \t\t<div class=\"col post-item\" >\n\t\t\t<div class=\"col-inner\">\n\t\t\t<a href=\"https:\/\/webmaibinh.com\/w\/noithat112011\/thiet-ke-noi-that-gia-dinh-can-ghi-nho-dieu-nay-cho-gia-chu-menh-moc\/\" class=\"plain\">\n\t\t\t\t<div class=\"box box-normal box-text-bottom box-blog-post has-hover\">\n            \t\t\t\t\t<div class=\"box-image\" >\n  \t\t\t\t\t\t<div class=\"image-cover\" style=\"padding-top:65%;\">\n  \t\t\t\t\t\t\t<img width=\"690\" height=\"445\" src=\"https:\/\/webmaibinh.com\/w\/noithat112011\/wp-content\/uploads\/2019\/07\/26221244_1590278707705995_7329409425268191400_o-e1515634136297.jpg\" class=\"attachment-original size-original wp-post-image\" alt=\"\" loading=\"lazy\" srcset=\"https:\/\/webmaibinh.com\/w\/noithat112011\/wp-content\/uploads\/2019\/07\/26221244_1590278707705995_7329409425268191400_o-e1515634136297.jpg 690w, https:\/\/webmaibinh.com\/w\/noithat112011\/wp-content\/uploads\/2019\/07\/26221244_1590278707705995_7329409425268191400_o-e1515634136297-510x329.jpg 510w, https:\/\/webmaibinh.com\/w\/noithat112011\/wp-content\/uploads\/2019\/07\/26221244_1590278707705995_7329409425268191400_o-e1515634136297-300x193.jpg 300w\" sizes=\"(max-width: 690px) 100vw, 690px\" \/>  \t\t\t\t\t\t\t  \t\t\t\t\t\t\t  \t\t\t\t\t\t<\/div>\n  \t\t\t\t\t\t  \t\t\t\t\t<\/div>\n          \t\t\t\t\t<div class=\"box-text text-left\" >\n\t\t\t\t\t<div class=\"box-text-inner blog-post-inner\">\n\n\t\t\t\t\t\n\t\t\t\t\t\t\t\t\t\t<h5 class=\"post-title is-large \">Thi\u1ebft k\u1ebf n\u1ed9i th\u1ea5t gia \u0111\u00ecnh c\u1ea7n ghi nh\u1edb \u0111i\u1ec1u n\u00e0y cho gia ch\u1ee7 m\u1ec7nh M\u1ed9c<\/h5>\n\t\t\t\t\t\t\t\t\t\t<div class=\"is-divider\"><\/div>\n\t\t\t\t\t                    \n\t\t\t\t\t\n\t\t\t\t\t\n\t\t\t\t\t<\/div>\n\t\t\t\t\t<\/div>\n\t\t\t\t\t\t\t\t\t<\/div>\n\t\t\t\t<\/a>\n\t\t\t<\/div>\n\t\t<\/div>\n<\/div>\n\n  \n    <div class=\"row list-post5 large-columns-1 medium-columns-1 small-columns-1 row-small\">\n  \t\t<div class=\"col post-item\" >\n\t\t\t<div class=\"col-inner\">\n\t\t\t<a href=\"https:\/\/webmaibinh.com\/w\/noithat112011\/bo-ban-ghe-an-trevi-tai-nha-anh-minh-biet-thu-pandora\/\" class=\"plain\">\n\t\t\t\t<div class=\"box box-normal box-text-bottom box-blog-post has-hover\">\n            \t\t\t\t\t<div class=\"box-image\" >\n  \t\t\t\t\t\t<div class=\"image-cover\" style=\"padding-top:0%;\">\n  \t\t\t\t\t\t\t<img width=\"768\" height=\"512\" src=\"https:\/\/webmaibinh.com\/w\/noithat112011\/wp-content\/uploads\/2019\/07\/DSC02223-768x512.jpg\" class=\"attachment-original size-original wp-post-image\" alt=\"\" loading=\"lazy\" srcset=\"https:\/\/webmaibinh.com\/w\/noithat112011\/wp-content\/uploads\/2019\/07\/DSC02223-768x512.jpg 768w, https:\/\/webmaibinh.com\/w\/noithat112011\/wp-content\/uploads\/2019\/07\/DSC02223-768x512-510x340.jpg 510w, https:\/\/webmaibinh.com\/w\/noithat112011\/wp-content\/uploads\/2019\/07\/DSC02223-768x512-300x200.jpg 300w\" sizes=\"(max-width: 768px) 100vw, 768px\" \/>  \t\t\t\t\t\t\t  \t\t\t\t\t\t\t  \t\t\t\t\t\t<\/div>\n  \t\t\t\t\t\t  \t\t\t\t\t<\/div>\n          \t\t\t\t\t<div class=\"box-text text-left\" >\n\t\t\t\t\t<div class=\"box-text-inner blog-post-inner\">\n\n\t\t\t\t\t\n\t\t\t\t\t\t\t\t\t\t<h5 class=\"post-title is-large \">B\u1ed9 b\u00e0n gh\u1ebf \u0103n Trevi t\u1ea1i nh\u00e0 anh Minh \u2013 Bi\u1ec7t th\u1ef1 Pandora<\/h5>\n\t\t\t\t\t\t\t\t\t\t<div class=\"is-divider\"><\/div>\n\t\t\t\t\t                    \n\t\t\t\t\t\n\t\t\t\t\t\n\t\t\t\t\t<\/div>\n\t\t\t\t\t<\/div>\n\t\t\t\t\t\t\t\t\t<\/div>\n\t\t\t\t<\/a>\n\t\t\t<\/div>\n\t\t<\/div>\n\t\t<div class=\"col post-item\" >\n\t\t\t<div class=\"col-inner\">\n\t\t\t<a href=\"https:\/\/webmaibinh.com\/w\/noithat112011\/thiet-ke-noi-that-cong-trinh-nghi-duong-gan-gui-voi-thien-nhien\/\" class=\"plain\">\n\t\t\t\t<div class=\"box box-normal box-text-bottom box-blog-post has-hover\">\n            \t\t\t\t\t<div class=\"box-image\" >\n  \t\t\t\t\t\t<div class=\"image-cover\" style=\"padding-top:0%;\">\n  \t\t\t\t\t\t\t<img width=\"461\" height=\"315\" src=\"https:\/\/webmaibinh.com\/w\/noithat112011\/wp-content\/uploads\/2019\/07\/Thiet-ke-noi-that-nha-lung-doi-3.jpg\" class=\"attachment-original size-original wp-post-image\" alt=\"\" loading=\"lazy\" srcset=\"https:\/\/webmaibinh.com\/w\/noithat112011\/wp-content\/uploads\/2019\/07\/Thiet-ke-noi-that-nha-lung-doi-3.jpg 461w, https:\/\/webmaibinh.com\/w\/noithat112011\/wp-content\/uploads\/2019\/07\/Thiet-ke-noi-that-nha-lung-doi-3-300x205.jpg 300w\" sizes=\"(max-width: 461px) 100vw, 461px\" \/>  \t\t\t\t\t\t\t  \t\t\t\t\t\t\t  \t\t\t\t\t\t<\/div>\n  \t\t\t\t\t\t  \t\t\t\t\t<\/div>\n          \t\t\t\t\t<div class=\"box-text text-left\" >\n\t\t\t\t\t<div class=\"box-text-inner blog-post-inner\">\n\n\t\t\t\t\t\n\t\t\t\t\t\t\t\t\t\t<h5 class=\"post-title is-large \">Thi\u1ebft k\u1ebf n\u1ed9i th\u1ea5t c\u00f4ng tr\u00ecnh ngh\u1ec9 d\u01b0\u1ee1ng g\u1ea7n g\u0169i v\u1edbi thi\u00ean nhi\u00ean<\/h5>\n\t\t\t\t\t\t\t\t\t\t<div class=\"is-divider\"><\/div>\n\t\t\t\t\t                    \n\t\t\t\t\t\n\t\t\t\t\t\n\t\t\t\t\t<\/div>\n\t\t\t\t\t<\/div>\n\t\t\t\t\t\t\t\t\t<\/div>\n\t\t\t\t<\/a>\n\t\t\t<\/div>\n\t\t<\/div>\n\t\t<div class=\"col post-item\" >\n\t\t\t<div class=\"col-inner\">\n\t\t\t<a href=\"https:\/\/webmaibinh.com\/w\/noithat112011\/nhung-bien-phap-giam-nong-cho-ngoi-nha-cua-ban-phan-1\/\" class=\"plain\">\n\t\t\t\t<div class=\"box box-normal box-text-bottom box-blog-post has-hover\">\n            \t\t\t\t\t<div class=\"box-image\" >\n  \t\t\t\t\t\t<div class=\"image-cover\" style=\"padding-top:0%;\">\n  \t\t\t\t\t\t\t<img width=\"600\" height=\"398\" src=\"https:\/\/webmaibinh.com\/w\/noithat112011\/wp-content\/uploads\/2019\/07\/giai-nhiet-cho-noi-that-nha-o-1.jpg\" class=\"attachment-original size-original wp-post-image\" alt=\"\" loading=\"lazy\" srcset=\"https:\/\/webmaibinh.com\/w\/noithat112011\/wp-content\/uploads\/2019\/07\/giai-nhiet-cho-noi-that-nha-o-1.jpg 600w, https:\/\/webmaibinh.com\/w\/noithat112011\/wp-content\/uploads\/2019\/07\/giai-nhiet-cho-noi-that-nha-o-1-510x338.jpg 510w, https:\/\/webmaibinh.com\/w\/noithat112011\/wp-content\/uploads\/2019\/07\/giai-nhiet-cho-noi-that-nha-o-1-300x199.jpg 300w\" sizes=\"(max-width: 600px) 100vw, 600px\" \/>  \t\t\t\t\t\t\t  \t\t\t\t\t\t\t  \t\t\t\t\t\t<\/div>\n  \t\t\t\t\t\t  \t\t\t\t\t<\/div>\n          \t\t\t\t\t<div class=\"box-text text-left\" >\n\t\t\t\t\t<div class=\"box-text-inner blog-post-inner\">\n\n\t\t\t\t\t\n\t\t\t\t\t\t\t\t\t\t<h5 class=\"post-title is-large \">Nh\u1eefng bi\u1ec7n ph\u00e1p gi\u1ea3m n\u00f3ng cho ng\u00f4i nh\u00e0 c\u1ee7a b\u1ea1n ( Ph\u1ea7n 1)<\/h5>\n\t\t\t\t\t\t\t\t\t\t<div class=\"is-divider\"><\/div>\n\t\t\t\t\t                    \n\t\t\t\t\t\n\t\t\t\t\t\n\t\t\t\t\t<\/div>\n\t\t\t\t\t<\/div>\n\t\t\t\t\t\t\t\t\t<\/div>\n\t\t\t\t<\/a>\n\t\t\t<\/div>\n\t\t<\/div>\n\t\t<div class=\"col post-item\" >\n\t\t\t<div class=\"col-inner\">\n\t\t\t<a href=\"https:\/\/webmaibinh.com\/w\/noithat112011\/ngat-ngay-ngam-can-ho-penthouse-trieu-do-cua-ngoc-trinh\/\" class=\"plain\">\n\t\t\t\t<div class=\"box box-normal box-text-bottom box-blog-post has-hover\">\n            \t\t\t\t\t<div class=\"box-image\" >\n  \t\t\t\t\t\t<div class=\"image-cover\" style=\"padding-top:0%;\">\n  \t\t\t\t\t\t\t<img width=\"600\" height=\"450\" src=\"https:\/\/webmaibinh.com\/w\/noithat112011\/wp-content\/uploads\/2019\/07\/can-phong-mo-uoc-cua-bao-co-gai-1.jpg\" class=\"attachment-original size-original wp-post-image\" alt=\"\" loading=\"lazy\" srcset=\"https:\/\/webmaibinh.com\/w\/noithat112011\/wp-content\/uploads\/2019\/07\/can-phong-mo-uoc-cua-bao-co-gai-1.jpg 600w, https:\/\/webmaibinh.com\/w\/noithat112011\/wp-content\/uploads\/2019\/07\/can-phong-mo-uoc-cua-bao-co-gai-1-510x383.jpg 510w, https:\/\/webmaibinh.com\/w\/noithat112011\/wp-content\/uploads\/2019\/07\/can-phong-mo-uoc-cua-bao-co-gai-1-300x225.jpg 300w\" sizes=\"(max-width: 600px) 100vw, 600px\" \/>  \t\t\t\t\t\t\t  \t\t\t\t\t\t\t  \t\t\t\t\t\t<\/div>\n  \t\t\t\t\t\t  \t\t\t\t\t<\/div>\n          \t\t\t\t\t<div class=\"box-text text-left\" >\n\t\t\t\t\t<div class=\"box-text-inner blog-post-inner\">\n\n\t\t\t\t\t\n\t\t\t\t\t\t\t\t\t\t<h5 class=\"post-title is-large \">Ng\u1ea5t ng\u00e2y ng\u1eafm c\u0103n h\u1ed9 penthouse tri\u1ec7u \u0111\u00f4 c\u1ee7a Ng\u1ecdc Trinh<\/h5>\n\t\t\t\t\t\t\t\t\t\t<div class=\"is-divider\"><\/div>\n\t\t\t\t\t                    \n\t\t\t\t\t\n\t\t\t\t\t\n\t\t\t\t\t<\/div>\n\t\t\t\t\t<\/div>\n\t\t\t\t\t\t\t\t\t<\/div>\n\t\t\t\t<\/a>\n\t\t\t<\/div>\n\t\t<\/div>\n\t\t<div class=\"col post-item\" >\n\t\t\t<div class=\"col-inner\">\n\t\t\t<a href=\"https:\/\/webmaibinh.com\/w\/noithat112011\/kham-pha-cho-nghi-chan-cua-obama-khi-den-sai-gon\/\" class=\"plain\">\n\t\t\t\t<div class=\"box box-normal box-text-bottom box-blog-post has-hover\">\n            \t\t\t\t\t<div class=\"box-image\" >\n  \t\t\t\t\t\t<div class=\"image-cover\" style=\"padding-top:0%;\">\n  \t\t\t\t\t\t\t<img width=\"400\" height=\"300\" src=\"https:\/\/webmaibinh.com\/w\/noithat112011\/wp-content\/uploads\/2019\/07\/2-1464066112_660x0-e1464149747725-400x300.jpg\" class=\"attachment-original size-original wp-post-image\" alt=\"\" loading=\"lazy\" srcset=\"https:\/\/webmaibinh.com\/w\/noithat112011\/wp-content\/uploads\/2019\/07\/2-1464066112_660x0-e1464149747725-400x300.jpg 400w, https:\/\/webmaibinh.com\/w\/noithat112011\/wp-content\/uploads\/2019\/07\/2-1464066112_660x0-e1464149747725-400x300-300x225.jpg 300w\" sizes=\"(max-width: 400px) 100vw, 400px\" \/>  \t\t\t\t\t\t\t  \t\t\t\t\t\t\t  \t\t\t\t\t\t<\/div>\n  \t\t\t\t\t\t  \t\t\t\t\t<\/div>\n          \t\t\t\t\t<div class=\"box-text text-left\" >\n\t\t\t\t\t<div class=\"box-text-inner blog-post-inner\">\n\n\t\t\t\t\t\n\t\t\t\t\t\t\t\t\t\t<h5 class=\"post-title is-large \">Kh\u00e1m ph\u00e1 ch\u1ed7 ngh\u1ec9 ch\u00e2n c\u1ee7a Obama khi \u0111\u1ebfn S\u00e0i G\u00f2n?<\/h5>\n\t\t\t\t\t\t\t\t\t\t<div class=\"is-divider\"><\/div>\n\t\t\t\t\t                    \n\t\t\t\t\t\n\t\t\t\t\t\n\t\t\t\t\t<\/div>\n\t\t\t\t\t<\/div>\n\t\t\t\t\t\t\t\t\t<\/div>\n\t\t\t\t<\/a>\n\t\t\t<\/div>\n\t\t<\/div>\n<\/div>\n\t<div id=\"gap-978503827\" class=\"gap-element clearfix\" style=\"display:block; height:auto;\">\n\t\t\n<style>\n#gap-978503827 {\n  padding-top: 15px;\n}\n<\/style>\n\t<\/div>\n\t\n<a href=\"\/chuyen-muc-thi-cong-noi-that\/\" target=\"_self\" class=\"button primary lowercase nut-xem-chi-tiet\"  style=\"border-radius:99px;\">\n    <span>Xem t\u1ea5t c\u1ea3<\/span>\n  <i class=\"icon-angle-right\" ><\/i><\/a>\n\n\t\t<\/div>\n\t\t\t<\/div>\n\n\t\n\n\t<div id=\"col-161007015\" class=\"col medium-6 small-12 large-6\"  >\n\t\t<div class=\"col-inner text-center\"  >\n\t\t\t\n\t\t\t\n<div class=\"container section-title-container\" ><h3 class=\"section-title section-title-normal\"><b><\/b><span class=\"section-title-main\" >D\u1ef1 \u00e1n \u0111ang tri\u1ec3n khai<\/span><b><\/b><\/h3><\/div>\n\n  \n    <div class=\"row block-post-to large-columns-1 medium-columns-1 small-columns-1 row-small\">\n  \t\t<div class=\"col post-item\" >\n\t\t\t<div class=\"col-inner\">\n\t\t\t<a href=\"https:\/\/webmaibinh.com\/w\/noithat112011\/thiet-ke-noi-that-gia-dinh-can-ghi-nho-dieu-nay-cho-gia-chu-menh-moc\/\" class=\"plain\">\n\t\t\t\t<div class=\"box box-normal box-text-bottom box-blog-post has-hover\">\n            \t\t\t\t\t<div class=\"box-image\" >\n  \t\t\t\t\t\t<div class=\"image-cover\" style=\"padding-top:65%;\">\n  \t\t\t\t\t\t\t<img width=\"690\" height=\"445\" src=\"https:\/\/webmaibinh.com\/w\/noithat112011\/wp-content\/uploads\/2019\/07\/26221244_1590278707705995_7329409425268191400_o-e1515634136297.jpg\" class=\"attachment-original size-original wp-post-image\" alt=\"\" loading=\"lazy\" srcset=\"https:\/\/webmaibinh.com\/w\/noithat112011\/wp-content\/uploads\/2019\/07\/26221244_1590278707705995_7329409425268191400_o-e1515634136297.jpg 690w, https:\/\/webmaibinh.com\/w\/noithat112011\/wp-content\/uploads\/2019\/07\/26221244_1590278707705995_7329409425268191400_o-e1515634136297-510x329.jpg 510w, https:\/\/webmaibinh.com\/w\/noithat112011\/wp-content\/uploads\/2019\/07\/26221244_1590278707705995_7329409425268191400_o-e1515634136297-300x193.jpg 300w\" sizes=\"(max-width: 690px) 100vw, 690px\" \/>  \t\t\t\t\t\t\t  \t\t\t\t\t\t\t  \t\t\t\t\t\t<\/div>\n  \t\t\t\t\t\t  \t\t\t\t\t<\/div>\n          \t\t\t\t\t<div class=\"box-text text-left\" >\n\t\t\t\t\t<div class=\"box-text-inner blog-post-inner\">\n\n\t\t\t\t\t\n\t\t\t\t\t\t\t\t\t\t<h5 class=\"post-title is-large \">Thi\u1ebft k\u1ebf n\u1ed9i th\u1ea5t gia \u0111\u00ecnh c\u1ea7n ghi nh\u1edb \u0111i\u1ec1u n\u00e0y cho gia ch\u1ee7 m\u1ec7nh M\u1ed9c<\/h5>\n\t\t\t\t\t\t\t\t\t\t<div class=\"is-divider\"><\/div>\n\t\t\t\t\t                    \n\t\t\t\t\t\n\t\t\t\t\t\n\t\t\t\t\t<\/div>\n\t\t\t\t\t<\/div>\n\t\t\t\t\t\t\t\t\t<\/div>\n\t\t\t\t<\/a>\n\t\t\t<\/div>\n\t\t<\/div>\n<\/div>\n\n  \n    <div class=\"row list-post5 large-columns-1 medium-columns-1 small-columns-1 row-small\">\n  \t\t<div class=\"col post-item\" >\n\t\t\t<div class=\"col-inner\">\n\t\t\t<a href=\"https:\/\/webmaibinh.com\/w\/noithat112011\/bo-ban-ghe-an-trevi-tai-nha-anh-minh-biet-thu-pandora\/\" class=\"plain\">\n\t\t\t\t<div class=\"box box-normal box-text-bottom box-blog-post has-hover\">\n            \t\t\t\t\t<div class=\"box-image\" >\n  \t\t\t\t\t\t<div class=\"image-cover\" style=\"padding-top:0%;\">\n  \t\t\t\t\t\t\t<img width=\"768\" height=\"512\" src=\"https:\/\/webmaibinh.com\/w\/noithat112011\/wp-content\/uploads\/2019\/07\/DSC02223-768x512.jpg\" class=\"attachment-original size-original wp-post-image\" alt=\"\" loading=\"lazy\" srcset=\"https:\/\/webmaibinh.com\/w\/noithat112011\/wp-content\/uploads\/2019\/07\/DSC02223-768x512.jpg 768w, https:\/\/webmaibinh.com\/w\/noithat112011\/wp-content\/uploads\/2019\/07\/DSC02223-768x512-510x340.jpg 510w, https:\/\/webmaibinh.com\/w\/noithat112011\/wp-content\/uploads\/2019\/07\/DSC02223-768x512-300x200.jpg 300w\" sizes=\"(max-width: 768px) 100vw, 768px\" \/>  \t\t\t\t\t\t\t  \t\t\t\t\t\t\t  \t\t\t\t\t\t<\/div>\n  \t\t\t\t\t\t  \t\t\t\t\t<\/div>\n          \t\t\t\t\t<div class=\"box-text text-left\" >\n\t\t\t\t\t<div class=\"box-text-inner blog-post-inner\">\n\n\t\t\t\t\t\n\t\t\t\t\t\t\t\t\t\t<h5 class=\"post-title is-large \">B\u1ed9 b\u00e0n gh\u1ebf \u0103n Trevi t\u1ea1i nh\u00e0 anh Minh \u2013 Bi\u1ec7t th\u1ef1 Pandora<\/h5>\n\t\t\t\t\t\t\t\t\t\t<div class=\"is-divider\"><\/div>\n\t\t\t\t\t                    \n\t\t\t\t\t\n\t\t\t\t\t\n\t\t\t\t\t<\/div>\n\t\t\t\t\t<\/div>\n\t\t\t\t\t\t\t\t\t<\/div>\n\t\t\t\t<\/a>\n\t\t\t<\/div>\n\t\t<\/div>\n\t\t<div class=\"col post-item\" >\n\t\t\t<div class=\"col-inner\">\n\t\t\t<a href=\"https:\/\/webmaibinh.com\/w\/noithat112011\/thiet-ke-noi-that-cong-trinh-nghi-duong-gan-gui-voi-thien-nhien\/\" class=\"plain\">\n\t\t\t\t<div class=\"box box-normal box-text-bottom box-blog-post has-hover\">\n            \t\t\t\t\t<div class=\"box-image\" >\n  \t\t\t\t\t\t<div class=\"image-cover\" style=\"padding-top:0%;\">\n  \t\t\t\t\t\t\t<img width=\"461\" height=\"315\" src=\"https:\/\/webmaibinh.com\/w\/noithat112011\/wp-content\/uploads\/2019\/07\/Thiet-ke-noi-that-nha-lung-doi-3.jpg\" class=\"attachment-original size-original wp-post-image\" alt=\"\" loading=\"lazy\" srcset=\"https:\/\/webmaibinh.com\/w\/noithat112011\/wp-content\/uploads\/2019\/07\/Thiet-ke-noi-that-nha-lung-doi-3.jpg 461w, https:\/\/webmaibinh.com\/w\/noithat112011\/wp-content\/uploads\/2019\/07\/Thiet-ke-noi-that-nha-lung-doi-3-300x205.jpg 300w\" sizes=\"(max-width: 461px) 100vw, 461px\" \/>  \t\t\t\t\t\t\t  \t\t\t\t\t\t\t  \t\t\t\t\t\t<\/div>\n  \t\t\t\t\t\t  \t\t\t\t\t<\/div>\n          \t\t\t\t\t<div class=\"box-text text-left\" >\n\t\t\t\t\t<div class=\"box-text-inner blog-post-inner\">\n\n\t\t\t\t\t\n\t\t\t\t\t\t\t\t\t\t<h5 class=\"post-title is-large \">Thi\u1ebft k\u1ebf n\u1ed9i th\u1ea5t c\u00f4ng tr\u00ecnh ngh\u1ec9 d\u01b0\u1ee1ng g\u1ea7n g\u0169i v\u1edbi thi\u00ean nhi\u00ean<\/h5>\n\t\t\t\t\t\t\t\t\t\t<div class=\"is-divider\"><\/div>\n\t\t\t\t\t                    \n\t\t\t\t\t\n\t\t\t\t\t\n\t\t\t\t\t<\/div>\n\t\t\t\t\t<\/div>\n\t\t\t\t\t\t\t\t\t<\/div>\n\t\t\t\t<\/a>\n\t\t\t<\/div>\n\t\t<\/div>\n\t\t<div class=\"col post-item\" >\n\t\t\t<div class=\"col-inner\">\n\t\t\t<a href=\"https:\/\/webmaibinh.com\/w\/noithat112011\/nhung-bien-phap-giam-nong-cho-ngoi-nha-cua-ban-phan-1\/\" class=\"plain\">\n\t\t\t\t<div class=\"box box-normal box-text-bottom box-blog-post has-hover\">\n            \t\t\t\t\t<div class=\"box-image\" >\n  \t\t\t\t\t\t<div class=\"image-cover\" style=\"padding-top:0%;\">\n  \t\t\t\t\t\t\t<img width=\"600\" height=\"398\" src=\"https:\/\/webmaibinh.com\/w\/noithat112011\/wp-content\/uploads\/2019\/07\/giai-nhiet-cho-noi-that-nha-o-1.jpg\" class=\"attachment-original size-original wp-post-image\" alt=\"\" loading=\"lazy\" srcset=\"https:\/\/webmaibinh.com\/w\/noithat112011\/wp-content\/uploads\/2019\/07\/giai-nhiet-cho-noi-that-nha-o-1.jpg 600w, https:\/\/webmaibinh.com\/w\/noithat112011\/wp-content\/uploads\/2019\/07\/giai-nhiet-cho-noi-that-nha-o-1-510x338.jpg 510w, https:\/\/webmaibinh.com\/w\/noithat112011\/wp-content\/uploads\/2019\/07\/giai-nhiet-cho-noi-that-nha-o-1-300x199.jpg 300w\" sizes=\"(max-width: 600px) 100vw, 600px\" \/>  \t\t\t\t\t\t\t  \t\t\t\t\t\t\t  \t\t\t\t\t\t<\/div>\n  \t\t\t\t\t\t  \t\t\t\t\t<\/div>\n          \t\t\t\t\t<div class=\"box-text text-left\" >\n\t\t\t\t\t<div class=\"box-text-inner blog-post-inner\">\n\n\t\t\t\t\t\n\t\t\t\t\t\t\t\t\t\t<h5 class=\"post-title is-large \">Nh\u1eefng bi\u1ec7n ph\u00e1p gi\u1ea3m n\u00f3ng cho ng\u00f4i nh\u00e0 c\u1ee7a b\u1ea1n ( Ph\u1ea7n 1)<\/h5>\n\t\t\t\t\t\t\t\t\t\t<div class=\"is-divider\"><\/div>\n\t\t\t\t\t                    \n\t\t\t\t\t\n\t\t\t\t\t\n\t\t\t\t\t<\/div>\n\t\t\t\t\t<\/div>\n\t\t\t\t\t\t\t\t\t<\/div>\n\t\t\t\t<\/a>\n\t\t\t<\/div>\n\t\t<\/div>\n\t\t<div class=\"col post-item\" >\n\t\t\t<div class=\"col-inner\">\n\t\t\t<a href=\"https:\/\/webmaibinh.com\/w\/noithat112011\/ngat-ngay-ngam-can-ho-penthouse-trieu-do-cua-ngoc-trinh\/\" class=\"plain\">\n\t\t\t\t<div class=\"box box-normal box-text-bottom box-blog-post has-hover\">\n            \t\t\t\t\t<div class=\"box-image\" >\n  \t\t\t\t\t\t<div class=\"image-cover\" style=\"padding-top:0%;\">\n  \t\t\t\t\t\t\t<img width=\"600\" height=\"450\" src=\"https:\/\/webmaibinh.com\/w\/noithat112011\/wp-content\/uploads\/2019\/07\/can-phong-mo-uoc-cua-bao-co-gai-1.jpg\" class=\"attachment-original size-original wp-post-image\" alt=\"\" loading=\"lazy\" srcset=\"https:\/\/webmaibinh.com\/w\/noithat112011\/wp-content\/uploads\/2019\/07\/can-phong-mo-uoc-cua-bao-co-gai-1.jpg 600w, https:\/\/webmaibinh.com\/w\/noithat112011\/wp-content\/uploads\/2019\/07\/can-phong-mo-uoc-cua-bao-co-gai-1-510x383.jpg 510w, https:\/\/webmaibinh.com\/w\/noithat112011\/wp-content\/uploads\/2019\/07\/can-phong-mo-uoc-cua-bao-co-gai-1-300x225.jpg 300w\" sizes=\"(max-width: 600px) 100vw, 600px\" \/>  \t\t\t\t\t\t\t  \t\t\t\t\t\t\t  \t\t\t\t\t\t<\/div>\n  \t\t\t\t\t\t  \t\t\t\t\t<\/div>\n          \t\t\t\t\t<div class=\"box-text text-left\" >\n\t\t\t\t\t<div class=\"box-text-inner blog-post-inner\">\n\n\t\t\t\t\t\n\t\t\t\t\t\t\t\t\t\t<h5 class=\"post-title is-large \">Ng\u1ea5t ng\u00e2y ng\u1eafm c\u0103n h\u1ed9 penthouse tri\u1ec7u \u0111\u00f4 c\u1ee7a Ng\u1ecdc Trinh<\/h5>\n\t\t\t\t\t\t\t\t\t\t<div class=\"is-divider\"><\/div>\n\t\t\t\t\t                    \n\t\t\t\t\t\n\t\t\t\t\t\n\t\t\t\t\t<\/div>\n\t\t\t\t\t<\/div>\n\t\t\t\t\t\t\t\t\t<\/div>\n\t\t\t\t<\/a>\n\t\t\t<\/div>\n\t\t<\/div>\n\t\t<div class=\"col post-item\" >\n\t\t\t<div class=\"col-inner\">\n\t\t\t<a href=\"https:\/\/webmaibinh.com\/w\/noithat112011\/kham-pha-cho-nghi-chan-cua-obama-khi-den-sai-gon\/\" class=\"plain\">\n\t\t\t\t<div class=\"box box-normal box-text-bottom box-blog-post has-hover\">\n            \t\t\t\t\t<div class=\"box-image\" >\n  \t\t\t\t\t\t<div class=\"image-cover\" style=\"padding-top:0%;\">\n  \t\t\t\t\t\t\t<img width=\"400\" height=\"300\" src=\"https:\/\/webmaibinh.com\/w\/noithat112011\/wp-content\/uploads\/2019\/07\/2-1464066112_660x0-e1464149747725-400x300.jpg\" class=\"attachment-original size-original wp-post-image\" alt=\"\" loading=\"lazy\" srcset=\"https:\/\/webmaibinh.com\/w\/noithat112011\/wp-content\/uploads\/2019\/07\/2-1464066112_660x0-e1464149747725-400x300.jpg 400w, https:\/\/webmaibinh.com\/w\/noithat112011\/wp-content\/uploads\/2019\/07\/2-1464066112_660x0-e1464149747725-400x300-300x225.jpg 300w\" sizes=\"(max-width: 400px) 100vw, 400px\" \/>  \t\t\t\t\t\t\t  \t\t\t\t\t\t\t  \t\t\t\t\t\t<\/div>\n  \t\t\t\t\t\t  \t\t\t\t\t<\/div>\n          \t\t\t\t\t<div class=\"box-text text-left\" >\n\t\t\t\t\t<div class=\"box-text-inner blog-post-inner\">\n\n\t\t\t\t\t\n\t\t\t\t\t\t\t\t\t\t<h5 class=\"post-title is-large \">Kh\u00e1m ph\u00e1 ch\u1ed7 ngh\u1ec9 ch\u00e2n c\u1ee7a Obama khi \u0111\u1ebfn S\u00e0i G\u00f2n?<\/h5>\n\t\t\t\t\t\t\t\t\t\t<div class=\"is-divider\"><\/div>\n\t\t\t\t\t                    \n\t\t\t\t\t\n\t\t\t\t\t\n\t\t\t\t\t<\/div>\n\t\t\t\t\t<\/div>\n\t\t\t\t\t\t\t\t\t<\/div>\n\t\t\t\t<\/a>\n\t\t\t<\/div>\n\t\t<\/div>\n<\/div>\n\t<div id=\"gap-1036029750\" class=\"gap-element clearfix\" style=\"display:block; height:auto;\">\n\t\t\n<style>\n#gap-1036029750 {\n  padding-top: 15px;\n}\n<\/style>\n\t<\/div>\n\t\n<a href=\"\/chuyen-muc-thi-cong-noi-that\/\" target=\"_self\" class=\"button primary lowercase nut-xem-chi-tiet\"  style=\"border-radius:99px;\">\n    <span>Xem t\u1ea5t c\u1ea3<\/span>\n  <i class=\"icon-angle-right\" ><\/i><\/a>\n\n\t\t<\/div>\n\t\t\t<\/div>\n\n\t\n<\/div>\n","protected":false},"excerpt":{"rendered":"<p>Chuy\u00ean nghi\u1ec7p v\u1ec1 c\u1eeda g\u1ed7, t\u1ee7 b\u1ebfp T\u1ea1i Vi\u1ec7t Nam. N\u1eb1m trong chu\u1ed7i nh\u1eefng s\u1ea3n ph\u1ea9m ph\u1ee5c v\u1ee5 c\u00e1c d\u1ef1 \u00e1n B\u0110S cao c\u1ea5p, th\u01b0\u01a1ng hi\u1ec7u c\u1eeda g\u1ed7 \u2013 T\u1ee7 b\u1ebfp\u00a0 mang t\u00ean Timberdoor hi\u1ec7n \u0111ang \u0111\u01b0\u1ee3c nhi\u1ec1u nh\u00e0 \u0111\u1ea7u t\u01b0 l\u1ef1a ch\u1ecdn b\u1edfi nh\u1eefng t\u00ednh n\u0103ng \u01b0u vi\u1ec7t. Timberdoor hi\u1ec7n \u0111ang kh\u1eafc ph\u1ee5c \u0111\u01b0\u1ee3c &#8230;<\/p>\n","protected":false},"author":1,"featured_media":0,"parent":0,"menu_order":0,"comment_status":"closed","ping_status":"closed","template":"page-left-sidebar.php","meta":[],"_links":{"self":[{"href":"https:\/\/webmaibinh.com\/w\/noithat112011\/wp-json\/wp\/v2\/pages\/601"}],"collection":[{"href":"https:\/\/webmaibinh.com\/w\/noithat112011\/wp-json\/wp\/v2\/pages"}],"about":[{"href":"https:\/\/webmaibinh.com\/w\/noithat112011\/wp-json\/wp\/v2\/types\/page"}],"author":[{"embeddable":true,"href":"https:\/\/webmaibinh.com\/w\/noithat112011\/wp-json\/wp\/v2\/users\/1"}],"replies":[{"embeddable":true,"href":"https:\/\/webmaibinh.com\/w\/noithat112011\/wp-json\/wp\/v2\/comments?post=601"}],"version-history":[{"count":0,"href":"https:\/\/webmaibinh.com\/w\/noithat112011\/wp-json\/wp\/v2\/pages\/601\/revisions"}],"wp:attachment":[{"href":"https:\/\/webmaibinh.com\/w\/noithat112011\/wp-json\/wp\/v2\/media?parent=601"}],"curies":[{"name":"wp","href":"https:\/\/api.w.org\/{rel}","templated":true}]}}