{"id":63,"date":"2019-03-20T10:11:36","date_gmt":"2019-03-20T03:11:36","guid":{"rendered":"http:\/\/noithat10.khowebseotop.vn\/?page_id=63"},"modified":"2019-03-21T13:23:28","modified_gmt":"2019-03-21T06:23:28","slug":"xuong-san-xuat","status":"publish","type":"page","link":"https:\/\/webmaibinh.com\/w\/noithat102011\/xuong-san-xuat\/","title":{"rendered":"X\u01b0\u1edfng s\u1ea3n xu\u1ea5t"},"content":{"rendered":"<p>To\u1ea1 l\u1ea1c tr\u00ean m\u1ea3nh \u0111\u1ea5t r\u1ed9ng g\u1ea7n 1000m2, s\u00e1t tr\u1ee5c \u0111\u01b0\u1eddng ch\u00ednh, giao th\u00f4ng thu\u1eadn l\u1ee3i t\u1ea1i \u0111\u1ecba ch\u1ec9 \u0110\u1ed9i 8, C\u00e1t Qu\u1ebf, Ho\u00e0i \u0110\u1ee9c, H\u00e0 N\u1ed9i, x\u01b0\u1edfng s\u1ea3n xu\u1ea5t c\u1ee7a\u00a0<em><strong>M\u1ed9c Style<\/strong><\/em>\u00a0\u0111\u01b0\u1ee3c x\u00e2y d\u1ef1ng tr\u00ean d\u01b0\u1edbi 10 n\u0103m ho\u1ea1t \u0111\u1ed9ng \u1ed5n \u0111\u1ecbnh v\u00e0 n\u0103ng su\u1ea5t cao.<\/p>\n<p><em><strong>M\u1ed9c Style<\/strong>\u00a0<\/em>b\u1ed1 tr\u00ed h\u1ec7 th\u1ed1ng m\u00e1y m\u00f3c ti\u00ean ti\u1ebfn hi\u1ec7n \u0111\u1ea1i, th\u01b0\u1eddng xuy\u00ean c\u1eadp nh\u1eadt c\u00f4ng ngh\u1ec7 m\u1edbi \u0111\u1ec3 \u0111\u1ea9y m\u1ea1nh n\u0103ng l\u1ef1c s\u1ea3n xu\u1ea5t ch\u00ednh x\u00e1c, chu\u1ea9n, th\u1ea9m m\u1ef9 cao, t\u1ed1i \u01b0u m\u00e1y m\u00f3c gi\u00fap gi\u1ea3m nh\u1eb9 s\u1ee9c lao \u0111\u1ed9ng c\u1ee7a con ng\u01b0\u1eddi.<\/p>\n<figure id=\"attachment_1335\" class=\"wp-caption aligncenter\"><img loading=\"lazy\" class=\"wp-image-1335 size-full lazy-load-active\" src=\"https:\/\/noithatmocstyle.vn\/wp-content\/uploads\/2018\/07\/xuong-san-xuat.jpg\" sizes=\"(max-width: 960px) 100vw, 960px\" srcset=\"https:\/\/noithatmocstyle.vn\/wp-content\/uploads\/2018\/07\/xuong-san-xuat.jpg 960w, https:\/\/noithatmocstyle.vn\/wp-content\/uploads\/2018\/07\/xuong-san-xuat-650x488.jpg 650w, https:\/\/noithatmocstyle.vn\/wp-content\/uploads\/2018\/07\/xuong-san-xuat-300x225.jpg 300w, https:\/\/noithatmocstyle.vn\/wp-content\/uploads\/2018\/07\/xuong-san-xuat-768x576.jpg 768w\" alt=\"x\u01b0\u1edfng s\u1ea3n xu\u1ea5t hi\u1ec7n \u0111\u1ea1i N\u1ed9i th\u1ea5t M\u1ed9c Style\" width=\"960\" height=\"720\" data-src=\"https:\/\/noithatmocstyle.vn\/wp-content\/uploads\/2018\/07\/xuong-san-xuat.jpg\" data-srcset=\"https:\/\/noithatmocstyle.vn\/wp-content\/uploads\/2018\/07\/xuong-san-xuat.jpg 960w, https:\/\/noithatmocstyle.vn\/wp-content\/uploads\/2018\/07\/xuong-san-xuat-650x488.jpg 650w, https:\/\/noithatmocstyle.vn\/wp-content\/uploads\/2018\/07\/xuong-san-xuat-300x225.jpg 300w, https:\/\/noithatmocstyle.vn\/wp-content\/uploads\/2018\/07\/xuong-san-xuat-768x576.jpg 768w\" \/><figcaption class=\"wp-caption-text\">X\u01b0\u1edfng s\u1ea3n xu\u1ea5t c\u1ee7a N\u1ed9i th\u1ea5t M\u1ed9c Style \u0111\u01b0\u1ee3c trang b\u1ecb m\u00e1y m\u00f3c hi\u1ec7n \u0111\u1ea1i t\u1ea1o ra nh\u1eefng s\u1ea3n ph\u1ea9m ch\u1ea5t l\u01b0\u1ee3ng<\/figcaption><\/figure>\n<p>Ch\u00fang t\u00f4i lu\u00f4n \u0111\u1eb7t con ng\u01b0\u1eddi l\u00e0 v\u1ecb tr\u00ed trung t\u00e2m, n\u00e2ng cao n\u0103ng l\u1ef1c m\u00e1y m\u00f3c \u0111\u1ec3 gi\u1ea3m thi\u1ec3u s\u1ee9c lao \u0111\u1ed9ng c\u1ee7a con ng\u01b0\u1eddi, lu\u00f4n \u0111\u1eb7t ch\u1ebf \u0111\u1ed9 b\u1ea3o h\u1ed9 lao \u0111\u1ed9ng h\u00e0ng \u0111\u1ea7u, h\u1ea1n ch\u1ebf t\u1ed1i \u0111a tai n\u1ea1n lao \u0111\u1ed9ng. Ch\u00fang t\u00f4i n\u1ed7 l\u1ef1c mang nh\u1eefng gi\u00e1 tr\u1ecb t\u1ed1t \u0111\u1eb9p nh\u1ea5t cho t\u1ea5t c\u1ea3 m\u1ecdi ng\u01b0\u1eddi.<\/p>\n<p>C\u1ea2M \u01a0N QU\u00dd KH\u00c1CH H\u00c0NG \u0110\u00c3 L\u01afU T\u00c2M \u0110\u1ebeN\u00a0<em><strong>C\u00d4NG TY N\u1ed8I TH\u1ea4T M\u1ed8C STYLE<\/strong><\/em>\u00a0CH\u00daNG T\u00d4I.<\/p>\n<p><em><strong>N\u1ed8I TH\u1ea4T M\u1ed8C STYLE<\/strong><\/em>\u00a0HI V\u1eccNG C\u00d3 TH\u1ec2 \u0110\u1ed2NG H\u00c0NH C\u00d9NG QU\u00dd KH\u00c1CH H\u00c0NG X\u00c2Y D\u1ef0NG C\u01a0 S\u1ede KINH DOANH HI\u1ec6U QU\u1ea2, MANG NH\u1eeeNG \u0110I\u1ec0U T\u1ed0T\u0110\u1eb8P NH\u1ea4T CHO CU\u1ed8C S\u1ed0NG!<\/p>\n","protected":false},"excerpt":{"rendered":"<p>To\u1ea1 l\u1ea1c tr\u00ean m\u1ea3nh \u0111\u1ea5t r\u1ed9ng g\u1ea7n 1000m2, s\u00e1t tr\u1ee5c \u0111\u01b0\u1eddng ch\u00ednh, giao th\u00f4ng thu\u1eadn l\u1ee3i t\u1ea1i \u0111\u1ecba ch\u1ec9 \u0110\u1ed9i 8, C\u00e1t Qu\u1ebf, Ho\u00e0i \u0110\u1ee9c, H\u00e0 N\u1ed9i, x\u01b0\u1edfng s\u1ea3n xu\u1ea5t c\u1ee7a\u00a0M\u1ed9c Style\u00a0\u0111\u01b0\u1ee3c x\u00e2y d\u1ef1ng tr\u00ean d\u01b0\u1edbi 10 n\u0103m ho\u1ea1t \u0111\u1ed9ng \u1ed5n \u0111\u1ecbnh v\u00e0 n\u0103ng su\u1ea5t cao. M\u1ed9c Style\u00a0b\u1ed1 tr\u00ed h\u1ec7 th\u1ed1ng m\u00e1y m\u00f3c ti\u00ean ti\u1ebfn&#8230;<\/p>\n","protected":false},"author":2,"featured_media":0,"parent":0,"menu_order":0,"comment_status":"closed","ping_status":"closed","template":"page-left-sidebar.php","meta":[],"_links":{"self":[{"href":"https:\/\/webmaibinh.com\/w\/noithat102011\/wp-json\/wp\/v2\/pages\/63"}],"collection":[{"href":"https:\/\/webmaibinh.com\/w\/noithat102011\/wp-json\/wp\/v2\/pages"}],"about":[{"href":"https:\/\/webmaibinh.com\/w\/noithat102011\/wp-json\/wp\/v2\/types\/page"}],"author":[{"embeddable":true,"href":"https:\/\/webmaibinh.com\/w\/noithat102011\/wp-json\/wp\/v2\/users\/2"}],"replies":[{"embeddable":true,"href":"https:\/\/webmaibinh.com\/w\/noithat102011\/wp-json\/wp\/v2\/comments?post=63"}],"version-history":[{"count":2,"href":"https:\/\/webmaibinh.com\/w\/noithat102011\/wp-json\/wp\/v2\/pages\/63\/revisions"}],"predecessor-version":[{"id":677,"href":"https:\/\/webmaibinh.com\/w\/noithat102011\/wp-json\/wp\/v2\/pages\/63\/revisions\/677"}],"wp:attachment":[{"href":"https:\/\/webmaibinh.com\/w\/noithat102011\/wp-json\/wp\/v2\/media?parent=63"}],"curies":[{"name":"wp","href":"https:\/\/api.w.org\/{rel}","templated":true}]}}