{"id":70,"date":"2018-01-12T08:19:40","date_gmt":"2018-01-12T08:19:40","guid":{"rendered":"http:\/\/nhahang1.khowebseotop.vn\/?post_type=product&#038;p=70"},"modified":"2018-03-07T03:25:04","modified_gmt":"2018-03-07T03:25:04","slug":"con-chien-gion-ga-quay-lu","status":"publish","type":"product","link":"https:\/\/webmaibinh.com\/w\/nhahang12011\/san-pham\/con-chien-gion-ga-quay-lu\/","title":{"rendered":"C\u01a1n chi\u00ean gi\u00f2n g\u00e0 quay lu"},"content":{"rendered":"<p>\u0110\u1ec3 ch\u1ebf bi\u1ebfn m\u00f3n \u0103n n\u00e0y, ng\u01b0\u1eddi \u0111\u1ea7u b\u1ebfp th\u01b0\u1eddng ch\u1ecdn nh\u1eefng con g\u00e0 th\u1ea3 v\u01b0\u1eddn, n\u1eb7ng t\u1ea7m h\u01a1n 1kg. G\u00e0 \u0111\u01b0\u1ee3c th\u1ea3 v\u01b0\u1eddn n\u00ean th\u1ecbt r\u1ea5t s\u0103n ch\u1eafc, th\u01a1m. Sau khi l\u00e0m g\u00e0 s\u1ea1ch s\u1ebd, ng\u01b0\u1eddi ta s\u1ebd \u01b0\u1edbp gia v\u1ecb \u0111\u1eadm \u0111\u00e0, \u01b0\u1edbp \u0111\u1ec1u tay r\u1ed3i cho v\u00e0o lu n\u01b0\u1edbng \u1edf nhi\u1ec7t \u0111\u1ed9 cao. Ng\u01b0\u1eddi ch\u1ebf bi\u1ebfn c\u0169ng ph\u1ea3i c\u0103n gi\u1edd cho chu\u1ea9n, kho\u1ea3ng 1 ti\u1ebfng \u0111\u1ec3 sao cho l\u1edbp da b\u00ean ngo\u00e0i v\u00e0ng \u00f3ng, gi\u00f2n m\u00e0 b\u00ean trong th\u1ecbt v\u1eeba t\u1edbi ch\u00edn, kh\u00f4ng b\u1ecb kh\u00f4 v\u00e0 gi\u1eef nguy\u00ean \u0111\u01b0\u1ee3c v\u1ecb ng\u1ecdt c\u1ee7a th\u1ecbt g\u00e0. Ng\u1ecdn l\u1eeda c\u0169ng ph\u1ea3i gi\u1eef cho t\u1ecfa \u0111\u1ec1u trong lu, \u0111\u1ec3 g\u00e0 \u0111\u01b0\u1ee3c ch\u00edn \u0111\u1ec1u, khi ch\u00edn s\u1ebd t\u1ecfa m\u00f9i th\u01a1m n\u1ee9c, h\u1ea5p d\u1eabn.<\/p>\n<p>M\u00f3n g\u00e0 s\u1ebd kh\u00f4ng th\u1ec3 ho\u00e0n h\u1ea3o n\u1ebfu thi\u1ebfu \u0111i ph\u1ea7n x\u00f4i c\u0169ng \u0111\u01b0\u1ee3c ch\u1ebf bi\u1ebfn kh\u00e1 c\u1ea7u k\u1ef3, sao cho l\u1edbp b\u00ean ngo\u00e0i gi\u00f2n tan m\u00e0 b\u00ean trong x\u00f4i v\u1eabn t\u01a1i ra, kh\u00f4ng m\u1ec1m hay nh\u00e3o.<\/p>\n<p>Ng\u01b0\u1eddi B\u00ecnh \u0110\u1ecbnh c\u0169ng kh\u00e1 t\u1ec9 m\u1ea9n trong c\u00e1ch b\u00e0y x\u1ebfp, sao cho nh\u1eefng mi\u1ebfng g\u00e0 \u0111\u01b0\u1ee3c ch\u1eb7t nh\u1ecf, \u0111\u01b0\u1ee3c x\u1ebfp g\u1ecdn g\u00e0ng th\u00e0nh h\u00ecnh \u0111\u1eb9p m\u1eaft l\u00ean chi\u1ebfc m\u00e2m b\u1ecdc gi\u1ea5y b\u1ea1c, x\u1ebfp c\u00f9ng x\u00f4i ch\u00e1y, m\u1ed9t ch\u00fat trang tr\u00ed v\u1edbi d\u01b0a leo, rau th\u01a1m. S\u1ef1 h\u00f2a quy\u1ec7n gi\u1eefa m\u00e0u v\u00e0ng \u00f3ng c\u1ee7a g\u00e0, c\u1ee7a c\u01a1m ch\u00e1y, v\u1edbi m\u00e0u xanh c\u1ee7a rau s\u1ed1ng, t\u1ea1o n\u00ean s\u1ef1 h\u1ea5p d\u1eabn. Khi \u0103n b\u1ea1n s\u1ebd th\u1ea5y \u0111\u01b0\u1ee3c s\u1ef1 h\u00f2a quy\u1ec7n gi\u1eefa th\u1ecbt g\u00e0 th\u01a1m, ng\u1ecdt v\u1edbi ph\u1ea7n x\u00f4i th\u01a1m m\u00f9i g\u1ea1o, v\u1ecb gi\u00f2n tan n\u01a1i \u0111\u1ea7u l\u01b0\u1ee1i. T\u00f9y theo m\u1ed7i qu\u00e1n, nh\u01b0ng g\u00e0 n\u01b0\u1edbng lu x\u00f4i ch\u00e1y th\u01b0\u1eddng \u0111\u01b0\u1ee3c \u0103n k\u00e8m v\u1edbi kim chi ho\u1eb7c d\u01b0a chua cho \u0111\u1ee1 ng\u00e1n.<\/p>\n","protected":false},"excerpt":{"rendered":"<p>\u0110\u1ec3 ch\u1ebf bi\u1ebfn m\u00f3n \u0103n n\u00e0y, ng\u01b0\u1eddi \u0111\u1ea7u b\u1ebfp th\u01b0\u1eddng ch\u1ecdn nh\u1eefng con g\u00e0 th\u1ea3 v\u01b0\u1eddn, n\u1eb7ng t\u1ea7m h\u01a1n 1kg. G\u00e0 \u0111\u01b0\u1ee3c th\u1ea3 v\u01b0\u1eddn n\u00ean th\u1ecbt r\u1ea5t s\u0103n ch\u1eafc, th\u01a1m. Sau khi l\u00e0m g\u00e0 s\u1ea1ch s\u1ebd, ng\u01b0\u1eddi ta s\u1ebd \u01b0\u1edbp gia v\u1ecb \u0111\u1eadm \u0111\u00e0, \u01b0\u1edbp \u0111\u1ec1u tay r\u1ed3i cho v\u00e0o lu n\u01b0\u1edbng \u1edf nhi\u1ec7t \u0111\u1ed9 [&#8230;]\n","protected":false},"featured_media":71,"comment_status":"open","ping_status":"closed","template":"","meta":[],"_links":{"self":[{"href":"https:\/\/webmaibinh.com\/w\/nhahang12011\/wp-json\/wp\/v2\/product\/70"}],"collection":[{"href":"https:\/\/webmaibinh.com\/w\/nhahang12011\/wp-json\/wp\/v2\/product"}],"about":[{"href":"https:\/\/webmaibinh.com\/w\/nhahang12011\/wp-json\/wp\/v2\/types\/product"}],"replies":[{"embeddable":true,"href":"https:\/\/webmaibinh.com\/w\/nhahang12011\/wp-json\/wp\/v2\/comments?post=70"}],"wp:featuredmedia":[{"embeddable":true,"href":"https:\/\/webmaibinh.com\/w\/nhahang12011\/wp-json\/wp\/v2\/media\/71"}],"wp:attachment":[{"href":"https:\/\/webmaibinh.com\/w\/nhahang12011\/wp-json\/wp\/v2\/media?parent=70"}],"curies":[{"name":"wp","href":"https:\/\/api.w.org\/{rel}","templated":true}]}}