{"id":579,"date":"2022-01-05T21:33:01","date_gmt":"2022-01-05T14:33:01","guid":{"rendered":"https:\/\/webmaibinh.com\/w\/ngocmanhphat\/?post_type=product&#038;p=579"},"modified":"2022-01-09T20:48:17","modified_gmt":"2022-01-09T13:48:17","slug":"bong-den-led-pha","status":"publish","type":"product","link":"https:\/\/webmaibinh.com\/w\/ngocmanhphat\/san-pham\/bong-den-led-pha\/","title":{"rendered":"B\u00d3NG \u0110\u00c8N LED PHA"},"content":{"rendered":"<p style=\"text-align: center;\"><img loading=\"lazy\" class=\"alignnone size-medium wp-image-721\" src=\"https:\/\/webmaibinh.com\/w\/ngocmanhphat\/wp-content\/uploads\/2022\/01\/BONG-DEN-LED-PHA-400x400.png\" alt=\"\" width=\"400\" height=\"400\" srcset=\"https:\/\/webmaibinh.com\/w\/ngocmanhphat\/wp-content\/uploads\/2022\/01\/BONG-DEN-LED-PHA-400x400.png 400w, https:\/\/webmaibinh.com\/w\/ngocmanhphat\/wp-content\/uploads\/2022\/01\/BONG-DEN-LED-PHA-800x800.png 800w, https:\/\/webmaibinh.com\/w\/ngocmanhphat\/wp-content\/uploads\/2022\/01\/BONG-DEN-LED-PHA-280x280.png 280w, https:\/\/webmaibinh.com\/w\/ngocmanhphat\/wp-content\/uploads\/2022\/01\/BONG-DEN-LED-PHA-768x768.png 768w, https:\/\/webmaibinh.com\/w\/ngocmanhphat\/wp-content\/uploads\/2022\/01\/BONG-DEN-LED-PHA-510x510.png 510w, https:\/\/webmaibinh.com\/w\/ngocmanhphat\/wp-content\/uploads\/2022\/01\/BONG-DEN-LED-PHA-100x100.png 100w, https:\/\/webmaibinh.com\/w\/ngocmanhphat\/wp-content\/uploads\/2022\/01\/BONG-DEN-LED-PHA.png 1280w\" sizes=\"(max-width: 400px) 100vw, 400px\" \/><\/p>\n","protected":false},"excerpt":{"rendered":"","protected":false},"featured_media":721,"comment_status":"closed","ping_status":"closed","template":"","meta":[],"yoast_head":"<!-- This site is optimized with the Yoast SEO plugin v15.3 - https:\/\/yoast.com\/wordpress\/plugins\/seo\/ -->\n<title>B\u00d3NG \u0110\u00c8N LED PHA - ngocmanhphat<\/title>\n<meta name=\"robots\" content=\"noindex, follow\" \/>\n<meta name=\"twitter:label1\" content=\"Written by\">\n\t<meta name=\"twitter:data1\" content=\"admin\">\n\t<meta name=\"twitter:label2\" content=\"Est. reading time\">\n\t<meta name=\"twitter:data2\" content=\"0 ph\u00fat\">\n<script type=\"application\/ld+json\" class=\"yoast-schema-graph\">{\"@context\":\"https:\/\/schema.org\",\"@graph\":[{\"@type\":\"WebSite\",\"@id\":\"https:\/\/webmaibinh.com\/w\/ngocmanhphat\/#website\",\"url\":\"https:\/\/webmaibinh.com\/w\/ngocmanhphat\/\",\"name\":\"ngocmanhphat\",\"description\":\"\",\"potentialAction\":[{\"@type\":\"SearchAction\",\"target\":\"https:\/\/webmaibinh.com\/w\/ngocmanhphat\/?s={search_term_string}\",\"query-input\":\"required name=search_term_string\"}],\"inLanguage\":\"vi\"},{\"@type\":\"ImageObject\",\"@id\":\"https:\/\/webmaibinh.com\/w\/ngocmanhphat\/san-pham\/bong-den-led-pha\/#primaryimage\",\"inLanguage\":\"vi\",\"url\":\"https:\/\/webmaibinh.com\/w\/ngocmanhphat\/wp-content\/uploads\/2022\/01\/BONG-DEN-LED-PHA.png\",\"width\":1280,\"height\":1280},{\"@type\":\"WebPage\",\"@id\":\"https:\/\/webmaibinh.com\/w\/ngocmanhphat\/san-pham\/bong-den-led-pha\/#webpage\",\"url\":\"https:\/\/webmaibinh.com\/w\/ngocmanhphat\/san-pham\/bong-den-led-pha\/\",\"name\":\"B\\u00d3NG \\u0110\\u00c8N LED PHA - ngocmanhphat\",\"isPartOf\":{\"@id\":\"https:\/\/webmaibinh.com\/w\/ngocmanhphat\/#website\"},\"primaryImageOfPage\":{\"@id\":\"https:\/\/webmaibinh.com\/w\/ngocmanhphat\/san-pham\/bong-den-led-pha\/#primaryimage\"},\"datePublished\":\"2022-01-05T14:33:01+00:00\",\"dateModified\":\"2022-01-09T13:48:17+00:00\",\"inLanguage\":\"vi\",\"potentialAction\":[{\"@type\":\"ReadAction\",\"target\":[\"https:\/\/webmaibinh.com\/w\/ngocmanhphat\/san-pham\/bong-den-led-pha\/\"]}]}]}<\/script>\n<!-- \/ Yoast SEO plugin. -->","_links":{"self":[{"href":"https:\/\/webmaibinh.com\/w\/ngocmanhphat\/wp-json\/wp\/v2\/product\/579"}],"collection":[{"href":"https:\/\/webmaibinh.com\/w\/ngocmanhphat\/wp-json\/wp\/v2\/product"}],"about":[{"href":"https:\/\/webmaibinh.com\/w\/ngocmanhphat\/wp-json\/wp\/v2\/types\/product"}],"replies":[{"embeddable":true,"href":"https:\/\/webmaibinh.com\/w\/ngocmanhphat\/wp-json\/wp\/v2\/comments?post=579"}],"wp:featuredmedia":[{"embeddable":true,"href":"https:\/\/webmaibinh.com\/w\/ngocmanhphat\/wp-json\/wp\/v2\/media\/721"}],"wp:attachment":[{"href":"https:\/\/webmaibinh.com\/w\/ngocmanhphat\/wp-json\/wp\/v2\/media?parent=579"}],"curies":[{"name":"wp","href":"https:\/\/api.w.org\/{rel}","templated":true}]}}