{"id":811,"date":"2017-10-14T01:57:14","date_gmt":"2017-10-14T01:57:14","guid":{"rendered":"http:\/\/mypham4.khowebseotop.vn\/?post_type=product&#038;p=811"},"modified":"2017-10-14T01:57:27","modified_gmt":"2017-10-14T01:57:27","slug":"bo-mut-trang-diem-mini-apieu","status":"publish","type":"product","link":"https:\/\/webmaibinh.com\/w\/mypham42011\/san-pham\/bo-mut-trang-diem-mini-apieu\/","title":{"rendered":"B\u1ed9 M\u00fat Trang \u0110i\u1ec3m Mini Apieu"},"content":{"rendered":"<p><strong>B\u1ed9 M\u00fat Trang \u0110i\u1ec3m Mini A\u2019pieu Mini Puff Collection<\/strong><\/p>\n<p><strong>Xu\u1ea5t x\u1ee9:\u00a0<\/strong>H\u00e0n Qu\u1ed1c<\/p>\n<p><img loading=\"lazy\" src=\"http:\/\/mypham4.khowebseotop.vn\/wp-content\/uploads\/2017\/10\/bo-mut-trang-diem-mini-apieu-811.jpg\" alt=\"\" width=\"500\" height=\"545\" \/><\/p>\n<p><strong>Th\u00f4ng tin s\u1ea3n ph\u1ea9m:<\/strong><\/p>\n<p><strong>&#8211; B\u1ed9 M\u00fat Trang \u0110i\u1ec3m Mini A\u2019pieu Mini Puff Collection<\/strong>\u00a0l\u00e0 phi\u00ean b\u1ea3n t\u00ed hon, kh\u00f4ng ch\u1ec9 tr\u00f4ng r\u1ea5t \u0111\u00e1ng y\u00eau m\u00e0 c\u00f2n h\u1eefu \u00edch kh\u00f4ng k\u00e9m phi\u00ean b\u1ea3n to.<\/p>\n<p><img loading=\"lazy\" src=\"http:\/\/mypham4.khowebseotop.vn\/wp-content\/uploads\/2017\/10\/bo-mut-trang-diem-mini-apieu-811-1.jpg\" alt=\"\" width=\"500\" height=\"500\" \/><\/p>\n<p><img loading=\"lazy\" src=\"http:\/\/mypham4.khowebseotop.vn\/wp-content\/uploads\/2017\/10\/bo-mut-trang-diem-mini-apieu-811-2.jpg\" alt=\"\" width=\"500\" height=\"334\" \/><\/p>\n<p><strong>C\u00f4ng d\u1ee5ng s\u1ea3n ph\u1ea9m:<\/strong><\/p>\n<p>&#8211; Thi\u1ebft k\u1ebf d\u1ea1ng h\u1ed3 l\u00f4, c\u00f3 \u0111\u1ea7u nh\u1ecdn ph\u00f9 h\u1ee3p v\u1edbi nh\u1eefng khu v\u1ef1c nh\u01b0 &#8220;h\u1ed1c m\u1eaft&#8221;, v\u00f9ng d\u01b0\u1edbi m\u1eaft hay c\u00e1nh m\u0169i.<\/p>\n<p>&#8211; Thi\u1ebft k\u1ebf v\u1ea1t ngang v\u00e0 b\u1eb1ng gi\u00fap cho vi\u1ec7c t\u00e1n kem n\u1ec1n c\u1ee7a b\u1ea1n tr\u1edf n\u00ean d\u1ec5 d\u00e0ng h\u01a1n.<\/p>\n<p>&#8211; D\u00f9ng \u0111\u00e1nh kem n\u1ec1n, kem che khuy\u1ebft. V\u00e0 t\u00f9y v\u00e0o nhu c\u1ea7u trang \u0111i\u1ec3m th\u00ec b\u1ea1n c\u00f3 th\u1ec3 s\u1eed d\u1ee5ng b\u00f4ng m\u00fat sao cho ph\u00f9 h\u1ee3p.<\/p>\n<p>&#8211; C\u1ea5u tr\u00fac x\u1ed1p m\u1ecbn gi\u00fap t\u1ea1o n\u00ean l\u1edbp trang \u0111i\u1ec3m m\u1ecbn m\u00e0ng th\u1eadt \u0111\u1ec1u m\u00e0u v\u00e0 t\u1ef1 nhi\u00ean.<\/p>\n<p>&#8211; B\u1ec1 m\u1eb7t b\u00f4ng m\u00fat m\u1ec1m m\u1ecbn kh\u00f4ng l\u00e0m \u0111au r\u00e1t da.<\/p>\n","protected":false},"excerpt":{"rendered":"<p>B\u1ed9 M\u00fat Trang \u0110i\u1ec3m Mini A\u2019pieu Mini Puff Collection Xu\u1ea5t x\u1ee9:\u00a0H\u00e0n Qu\u1ed1c Th\u00f4ng tin s\u1ea3n ph\u1ea9m: &#8211; B\u1ed9 M\u00fat Trang \u0110i\u1ec3m Mini A\u2019pieu Mini Puff Collection\u00a0l\u00e0 phi\u00ean b\u1ea3n t\u00ed hon, kh\u00f4ng ch\u1ec9 tr\u00f4ng r\u1ea5t \u0111\u00e1ng y\u00eau m\u00e0 c\u00f2n h\u1eefu \u00edch kh\u00f4ng k\u00e9m phi\u00ean b\u1ea3n to. C\u00f4ng d\u1ee5ng s\u1ea3n ph\u1ea9m: &#8211; Thi\u1ebft k\u1ebf d\u1ea1ng h\u1ed3 l\u00f4,&#8230;<\/p>\n","protected":false},"featured_media":812,"comment_status":"open","ping_status":"closed","template":"","meta":[],"_links":{"self":[{"href":"https:\/\/webmaibinh.com\/w\/mypham42011\/wp-json\/wp\/v2\/product\/811"}],"collection":[{"href":"https:\/\/webmaibinh.com\/w\/mypham42011\/wp-json\/wp\/v2\/product"}],"about":[{"href":"https:\/\/webmaibinh.com\/w\/mypham42011\/wp-json\/wp\/v2\/types\/product"}],"replies":[{"embeddable":true,"href":"https:\/\/webmaibinh.com\/w\/mypham42011\/wp-json\/wp\/v2\/comments?post=811"}],"wp:featuredmedia":[{"embeddable":true,"href":"https:\/\/webmaibinh.com\/w\/mypham42011\/wp-json\/wp\/v2\/media\/812"}],"wp:attachment":[{"href":"https:\/\/webmaibinh.com\/w\/mypham42011\/wp-json\/wp\/v2\/media?parent=811"}],"curies":[{"name":"wp","href":"https:\/\/api.w.org\/{rel}","templated":true}]}}