{"id":788,"date":"2017-10-14T00:55:45","date_gmt":"2017-10-14T00:55:45","guid":{"rendered":"http:\/\/mypham4.khowebseotop.vn\/?post_type=product&#038;p=788"},"modified":"2017-10-14T00:55:59","modified_gmt":"2017-10-14T00:55:59","slug":"tay-da-chet-trang-da-face-shop-smart","status":"publish","type":"product","link":"https:\/\/webmaibinh.com\/w\/mypham42011\/san-pham\/tay-da-chet-trang-da-face-shop-smart\/","title":{"rendered":"T\u1ea9y Da Ch\u1ebft Tr\u1eafng Da The Face Shop Smart"},"content":{"rendered":"<p><strong>T\u1ea9y Da Ch\u1ebft Tr\u1eafng Da The Face Shop Smart Peeling Honey Black Sugar Scrub 120ml<\/strong><\/p>\n<p>Xu\u1ea5t X\u1ee9: H\u00e0n Qu\u1ed1c &#8211; HSD: 05\/2019<\/p>\n<p><img loading=\"lazy\" src=\"http:\/\/mypham4.khowebseotop.vn\/wp-content\/uploads\/2017\/10\/tay-da-chet-trang-da-the-face-shop-smart-788.jpg\" alt=\"\" width=\"700\" height=\"424\" \/><\/p>\n<p><strong>Lo\u1ea1i da:<\/strong>\u00a0Ph\u00f9 h\u1ee3p v\u1edbi m\u1ecdi lo\u1ea1i da.<\/p>\n<p><strong>\u0110\u01b0\u1eddng \u0111en<\/strong>\u00a0\u0111\u00e3 \u0111\u01b0\u1ee3c bi\u1ebft \u0111\u1ebfn nh\u01b0 th\u1ea7n \u0111\u01b0\u1ee3c l\u00e0m \u0111\u1eb9p cho ph\u1ee5 n\u1eef:<\/p>\n<p><img loading=\"lazy\" src=\"http:\/\/mypham4.khowebseotop.vn\/wp-content\/uploads\/2017\/10\/tay-da-chet-trang-da-the-face-shop-smart-788-1.jpg\" alt=\"\" width=\"500\" height=\"249\" \/><\/p>\n<p><strong>+ T\u1ea9y t\u1ebf b\u00e0o ch\u1ebft:\u00a0<\/strong>\u0110\u1eb7c bi\u1ec7t khi th\u1eddi ti\u1ebft hanh kh\u00f4 \u1ea3nh h\u01b0\u1edfng l\u00e0m cho da b\u1ecb kh\u00f4 n\u1ee9t, s\u1ea7n s\u00f9i do t\u1ebf b\u00e0o ch\u1ebft t\u00edch t\u1ee5 nhi\u1ec1u tr\u00ean da. \u0110\u01b0\u1eddng \u0111en c\u00f3 t\u00e1c d\u1ee5ng \u0111\u1eb7c bi\u1ec7t khi\u1ebfn cho da s\u0103n ch\u1eafc, hi\u1ec7u qu\u1ea3 l\u1ea5y \u0111i nh\u1eefng t\u1ebf b\u00e0o ch\u1ebft.<\/p>\n<p><strong>+ L\u00e0m m\u1ec1m da:<\/strong>\u00a0\u0110\u01b0\u1eddng \u0111en c\u00f2n gi\u00fap l\u00e0m m\u1ec1m da cho l\u00e0n da \u0111ang b\u1ecb kh\u00f4 r\u00e1p c\u1ee7a b\u1ea1n.<\/p>\n<p><strong>+ L\u00e0m tr\u1eafng da:<\/strong>\u00a0C\u00f4ng d\u1ee5ng lo\u1ea1i b\u1ecf da \u0111en, th\u00e2m n\u00e1m v\u00e0 se l\u1ed7 ch\u00e2n l\u00f4ng gi\u00fap cho da \u0111\u1ea1t hi\u1ec7u qu\u1ea3 tr\u1eafng s\u00e1ng nhanh ch\u00f3ng, \u0111\u1eb7c bi\u1ec7t hi\u1ec7u qu\u1ea3 khi k\u1ebft h\u1ee3p c\u00f9ng v\u1edbi s\u1ea3n ph\u1ea9m\u00a0<a href=\"http:\/\/www.kosmebox.com\/duong-da\/Cac-Van-De-Cua-Da\/Duong-Trang-Va-Dac-Tri-Tham-Nam-Da\" target=\"_self\">d\u01b0\u1ee1ng tr\u1eafng<\/a>\u00a0da.<\/p>\n<p><strong>+ C\u00e2n b\u1eb1ng \u0111\u1ed9 d\u1ea7u:<\/strong>\u00a0Th\u00e0nh ph\u1ea7n c\u1ee7a \u0111\u01b0\u1eddng \u0111en gi\u00fap duy tr\u00ec s\u1ef1 c\u00e2n b\u1eb1ng m\u1ed9t c\u00e1ch ho\u00e0n h\u1ea3o d\u1ea7u trong da, gi\u00fap da kh\u00f4ng b\u1ecb qu\u00e1 kh\u00f4 ho\u1eb7c nh\u1eddn. C\u1ef1c k\u1ef3 h\u1eefu \u00edch cho c\u00e1c b\u1ea1n da d\u1ea7u nh\u00e9!<\/p>\n<p><strong>+ Ch\u1ed1ng l\u00e3o ho\u00e1:\u00a0<\/strong>T\u1ea1o l\u1edbp ch\u1ed1ng \u0111\u1ed9c t\u1ed1 t\u1ea5n c\u00f4ng t\u1ebf b\u00e0o da c\u1ee7a b\u1ea1n. Gi\u00fap l\u00e0m ch\u1eadm qu\u00e1 tr\u00ecnh l\u00e3o ho\u00e1 v\u00e0 gi\u00fap gi\u1eef g\u00ecn s\u1ef1 tr\u1ebb trung cho da.<\/p>\n<p><strong>+ Tr\u1ecb n\u00e1m da:\u00a0<\/strong>C\u00f4ng d\u1ee5ng trong vi\u1ec7c tr\u1ecb n\u00e1m da.<\/p>\n","protected":false},"excerpt":{"rendered":"<p>T\u1ea9y Da Ch\u1ebft Tr\u1eafng Da The Face Shop Smart Peeling Honey Black Sugar Scrub 120ml Xu\u1ea5t X\u1ee9: H\u00e0n Qu\u1ed1c &#8211; HSD: 05\/2019 Lo\u1ea1i da:\u00a0Ph\u00f9 h\u1ee3p v\u1edbi m\u1ecdi lo\u1ea1i da. \u0110\u01b0\u1eddng \u0111en\u00a0\u0111\u00e3 \u0111\u01b0\u1ee3c bi\u1ebft \u0111\u1ebfn nh\u01b0 th\u1ea7n \u0111\u01b0\u1ee3c l\u00e0m \u0111\u1eb9p cho ph\u1ee5 n\u1eef: + T\u1ea9y t\u1ebf b\u00e0o ch\u1ebft:\u00a0\u0110\u1eb7c bi\u1ec7t khi th\u1eddi ti\u1ebft hanh kh\u00f4 \u1ea3nh h\u01b0\u1edfng&#8230;<\/p>\n","protected":false},"featured_media":789,"comment_status":"open","ping_status":"closed","template":"","meta":[],"_links":{"self":[{"href":"https:\/\/webmaibinh.com\/w\/mypham42011\/wp-json\/wp\/v2\/product\/788"}],"collection":[{"href":"https:\/\/webmaibinh.com\/w\/mypham42011\/wp-json\/wp\/v2\/product"}],"about":[{"href":"https:\/\/webmaibinh.com\/w\/mypham42011\/wp-json\/wp\/v2\/types\/product"}],"replies":[{"embeddable":true,"href":"https:\/\/webmaibinh.com\/w\/mypham42011\/wp-json\/wp\/v2\/comments?post=788"}],"wp:featuredmedia":[{"embeddable":true,"href":"https:\/\/webmaibinh.com\/w\/mypham42011\/wp-json\/wp\/v2\/media\/789"}],"wp:attachment":[{"href":"https:\/\/webmaibinh.com\/w\/mypham42011\/wp-json\/wp\/v2\/media?parent=788"}],"curies":[{"name":"wp","href":"https:\/\/api.w.org\/{rel}","templated":true}]}}