{"id":1171,"date":"2019-07-24T23:24:18","date_gmt":"2019-07-24T16:24:18","guid":{"rendered":"http:\/\/mypham4.w2steam.com\/?post_type=product&#038;p=1171"},"modified":"2019-07-24T23:24:18","modified_gmt":"2019-07-24T16:24:18","slug":"sap-lan-khu-mui-degree-men-dry-protection-76g","status":"publish","type":"product","link":"https:\/\/webmaibinh.com\/w\/mypham12011\/san-pham\/sap-lan-khu-mui-degree-men-dry-protection-76g\/","title":{"rendered":"S\u00e1p L\u0103n Kh\u1eed M\u00f9i Degree Men Dry Protection (76g)"},"content":{"rendered":"<h3><em>L\u0103n kh\u1eed m\u00f9i Degree Dry Protection For Men<\/em>\u00a0l\u00e0 s\u1ea3n ph\u1ea9m kh\u1eed m\u00f9i d\u00e0nh cho nam gi\u1edbi, gi\u00fap gi\u1ea3m thi\u1ec3u ti\u1ebft m\u1ed3 h\u00f4i v\u00e0 lo\u1ea1i b\u1ecf m\u00f9i c\u01a1 th\u1ec3 hi\u1ec7u qu\u1ea3.<\/h3>\n<p>Nam gi\u1edbi th\u01b0\u1eddng y\u00eau th\u00edch nh\u1eefng ho\u1ea1t \u0111\u1ed9ng m\u1ea1nh nh\u01b0 th\u1ec3 thao, du l\u1ecbch d\u00e3 ngo\u1ea1i\u2026, nh\u01b0ng nh\u1eefng ho\u1ea1t \u0111\u1ed9ng \u0111\u00f3 th\u01b0\u1eddng l\u00e0m c\u01a1 th\u1ec3 ti\u1ebft ra nhi\u1ec1u m\u1ed3 h\u00f4i, l\u00e0 nguy\u00ean nh\u00e2n ph\u00e1t sinh m\u00f9i c\u01a1 th\u1ec3.<\/p>\n<p>Nh\u01b0ng gi\u1edd \u0111\u00e2y ph\u00e1i m\u1ea1nh ch\u1eb3ng c\u1ea7n lo m\u00f9i c\u01a1 th\u1ec3 v\u00e0 m\u1ed3 h\u00f4i v\u00f9ng d\u01b0\u1edbi c\u00e1nh tay s\u1ebd ng\u0103n b\u01b0\u1edbc c\u1ee7a b\u1ea1n,\u00a0L\u0103n kh\u1eed m\u00f9i Degree Dry Protection For Men\u00a0s\u1ebd l\u00e0 m\u1ed9t ng\u01b0\u1eddi b\u1ea1n \u0111\u1ed3ng h\u00e0nh, mang l\u1ea1i m\u1ed9t h\u01b0\u01a1ng th\u01a1m d\u1ec5 ch\u1ecbu, m\u1ed9t c\u1ea3m gi\u00e1c kh\u00f4 tho\u00e1ng, l\u1ea5y l\u1ea1i s\u1ef1 t\u1ef1 tin khi s\u1eed d\u1ee5ng.<\/p>\n<p>C\u00f4ng d\u1ee5ng\u00a0<strong>L\u0103n kh\u1eed m\u00f9i Degree Dry Protection For Men<\/strong>:<br \/>\n\u2013 L\u0103n\u00a0kh\u1eed m\u00f9i\u00a0Degree Dry Protection For Men gi\u00fap ng\u0103n ti\u1ebft m\u1ed3 h\u00f4i hi\u1ec7u qu\u1ea3, tr\u00e1nh c\u1ea3m gi\u00e1c \u1ea9m \u01b0\u1edbt kh\u00f3 ch\u1ecbu, t\u1ea1o c\u1ea3m gi\u00e1c kh\u00f4 tho\u00e1ng, cho b\u1ea1n tho\u1ea3i m\u00e1i ho\u1ea1t \u0111\u1ed9ng.<br \/>\n\u2013 S\u1ea3n ph\u1ea9m c\u00f2n gi\u00fap kh\u1eed m\u00f9i c\u01a1 th\u1ec3 kh\u00f3 ch\u1ecbu g\u00e2y ra b\u1edfi m\u1ed3 h\u00f4i nhi\u1ec1u t\u00edch t\u1ee5, kh\u00f4ng \u0111\u01b0\u1ee3c th\u1ea5m h\u00fat hay l\u00e0m kh\u00f4 tho\u00e1ng h\u1ebft.<br \/>\n\u2013 M\u00f9i h\u01b0\u01a1ng nh\u1eb9 nh\u00e0ng, s\u1ea3ng kho\u00e1i, kh\u00f4ng n\u1ed3ng g\u1eaft, t\u1ea1o phong th\u00e1i t\u1ef1 tin v\u00e0 m\u1ea1nh m\u1ebd.<br \/>\n\u2013 Ch\u1ea5t kh\u1eed m\u00f9i th\u1ea9m th\u1ea5u t\u1ed1t, kh\u00f4ng t\u1ea1o c\u1ea3m gi\u00e1c nh\u1eddn d\u00ednh, c\u0169ng nh\u01b0 kh\u00f4ng \u0111\u1ec3 l\u1ea1i v\u1ec7t \u1ed1 v\u00e0ng tr\u00ean \u00e1o.<br \/>\n\u2013 V\u1edbi \u0111\u1ed9 ti\u1ec7n l\u1ee3i khi s\u1eed d\u1ee5ng, v\u1edbi v\u00e0i ph\u00fat m\u1ed7i ng\u00e0y l\u00e0 b\u1ea1n \u0111\u00e3 c\u00f3 th\u1ec3 ng\u0103n m\u00f9i c\u01a1 th\u1ec3 hi\u1ec7u qu\u1ea3, cho nam gi\u1edbi th\u00eam phong \u0111\u1ed9 v\u00e0 l\u1ecbch l\u00e3m h\u01a1n.<\/p>\n<p>Thi\u1ebft k\u1ebf:<br \/>\nL\u0103n kh\u1eed m\u00f9i Degree Dry Protection For Men c\u00f3 thi\u1ebft k\u1ebf bao b\u00ec c\u1ee9ng c\u00e1p, v\u1edbi s\u1eafc xanh m\u1ea1nh m\u1ebd, ph\u00f9 h\u1ee3p v\u1edbi th\u1ecb hi\u1ebfu c\u1ee7a nam gi\u1edbi.<\/p>\n<p>S\u1ea3n ph\u1ea9m th\u00edch h\u1ee3p v\u1edbi m\u1ecdi lo\u1ea1i da.<\/p>\n","protected":false},"excerpt":{"rendered":"<p>Nam gi\u1edbi th\u01b0\u1eddng y\u00eau th\u00edch nh\u1eefng ho\u1ea1t \u0111\u1ed9ng m\u1ea1nh nh\u01b0 th\u1ec3 thao, du l\u1ecbch d\u00e3 ngo\u1ea1i\u2026, nh\u01b0ng nh\u1eefng ho\u1ea1t \u0111\u1ed9ng \u0111\u00f3 th\u01b0\u1eddng l\u00e0m c\u01a1 th\u1ec3 ti\u1ebft ra nhi\u1ec1u m\u1ed3 h\u00f4i, l\u00e0 nguy\u00ean nh\u00e2n ph\u00e1t sinh m\u00f9i c\u01a1 th\u1ec3. Nh\u01b0ng gi\u1edd \u0111\u00e2y ph\u00e1i m\u1ea1nh ch\u1eb3ng c\u1ea7n lo m\u00f9i c\u01a1 th\u1ec3 v\u00e0 m\u1ed3 h\u00f4i v\u00f9ng d\u01b0\u1edbi c\u00e1nh tay s\u1ebd ng\u0103n b\u01b0\u1edbc c\u1ee7a b\u1ea1n,\u00a0L\u0103n kh\u1eed m\u00f9i Degree Dry Protection For Men\u00a0s\u1ebd l\u00e0 m\u1ed9t ng\u01b0\u1eddi b\u1ea1n \u0111\u1ed3ng h\u00e0nh, mang l\u1ea1i m\u1ed9t h\u01b0\u01a1ng th\u01a1m d\u1ec5 ch\u1ecbu, m\u1ed9t c\u1ea3m gi\u00e1c kh\u00f4 tho\u00e1ng, l\u1ea5y l\u1ea1i s\u1ef1 t\u1ef1 tin khi s\u1eed d\u1ee5ng.<\/p>\n","protected":false},"featured_media":1172,"comment_status":"open","ping_status":"closed","template":"","meta":[],"brands":[],"_links":{"self":[{"href":"https:\/\/webmaibinh.com\/w\/mypham12011\/wp-json\/wp\/v2\/product\/1171"}],"collection":[{"href":"https:\/\/webmaibinh.com\/w\/mypham12011\/wp-json\/wp\/v2\/product"}],"about":[{"href":"https:\/\/webmaibinh.com\/w\/mypham12011\/wp-json\/wp\/v2\/types\/product"}],"replies":[{"embeddable":true,"href":"https:\/\/webmaibinh.com\/w\/mypham12011\/wp-json\/wp\/v2\/comments?post=1171"}],"wp:featuredmedia":[{"embeddable":true,"href":"https:\/\/webmaibinh.com\/w\/mypham12011\/wp-json\/wp\/v2\/media\/1172"}],"wp:attachment":[{"href":"https:\/\/webmaibinh.com\/w\/mypham12011\/wp-json\/wp\/v2\/media?parent=1171"}],"curies":[{"name":"wp","href":"https:\/\/api.w.org\/{rel}","templated":true}]}}