{"id":1159,"date":"2019-07-24T23:09:25","date_gmt":"2019-07-24T16:09:25","guid":{"rendered":"http:\/\/mypham4.w2steam.com\/?post_type=product&#038;p=1159"},"modified":"2019-07-24T23:09:25","modified_gmt":"2019-07-24T16:09:25","slug":"lan-khu-mui-dac-tri-hoi-nach-etiaxil-traitement-15ml","status":"publish","type":"product","link":"https:\/\/webmaibinh.com\/w\/mypham12011\/san-pham\/lan-khu-mui-dac-tri-hoi-nach-etiaxil-traitement-15ml\/","title":{"rendered":"L\u0103n kh\u1eed m\u00f9i \u0111\u1eb7c tr\u1ecb h\u00f4i n\u00e1ch Etiaxil Traitement 15ml"},"content":{"rendered":"<p><strong><em>L\u0103n kh\u1eed m\u00f9i \u0111\u1eb7c tr\u1ecb h\u00f4i n\u00e1ch Etiaxil Traitement 15ml<\/em><\/strong>\u00a0s\u1ebd gi\u00fap t\u00ecnh tr\u1ea1ng \u0111\u1ed5 m\u1ed3 h\u00f4i gi\u1ea3m 44% t\u1eeb l\u1ea7n \u0111\u1ea7u ti\u00ean s\u1eed d\u1ee5ng,\u00a0kh\u00f4ng g\u00e2y \u01b0\u1edbt \u00e1o, g\u00e2y \u1ed1 v\u00e0ng nh\u01b0 m\u1ed9t s\u1ed1 s\u1ea3n ph\u1ea9m l\u0103n n\u00e1ch kh\u00e1c.<\/p>\n<p><img class=\"aligncenter\" src=\"https:\/\/images.depxinh.net\/products\/item.7_2018\/11\/detail\/lan-khu-mui-etiaxil-15ml-1-dep-xinh.jpg\" alt=\"\" \/><\/p>\n<p><strong><em>L\u0103n kh\u1eed m\u00f9i \u0111\u1eb7c tr\u1ecb h\u00f4i n\u00e1ch Etiaxil Traitement 15ml\u00a0<\/em><\/strong>v\u1edbi c\u00f4ng th\u1ee9c qua tinh ch\u1ebf r\u1ea5t an to\u00e0n, h\u1ea7u nh\u01b0 kh\u00f4ng g\u00e2y k\u00edch \u1ee9ng, d\u1ecb \u1ee9ng tr\u00ean da, ph\u00f9 h\u1ee3p v\u1edbi t\u1ea5t c\u1ea3 c\u00e1c lo\u1ea1i da, th\u1eadm ch\u00ed c\u1ea3 nh\u1eefng ng\u01b0\u1eddi c\u00f3 l\u00e0n da nh\u1ea1y c\u1ea3m.<\/p>\n<p>\u0110\u00e2y c\u0169ng l\u00e0 s\u1ea3n ph\u1ea9m l\u0103n kh\u1eed m\u00f9i \u0111\u1ea7u ti\u00ean\u00a0<strong>\u0111\u01b0\u1ee3c khuy\u00ean d\u00f9ng r\u1ed9ng r\u00e3i b\u1edfi c\u00e1c b\u00e1c s\u1ef9 da li\u1ec5u<\/strong>, chuy\u00ean d\u00e0nh cho c\u00e1c tr\u01b0\u1eddng h\u1ee3p ra nhi\u1ec1u m\u1ed3 h\u00f4i nh\u1edd c\u00f4ng th\u1ee9c \u0111\u1ed9c \u0111\u00e1o cho ph\u00e9p l\u0103n kh\u1eed m\u00f9i t\u00e1c \u0111\u1ed9ng tr\u1ef1c ti\u1ebfp, \u201c\u0111i\u1ec1u tr\u1ecb\u201d hi\u1ec7n t\u01b0\u1ee3ng \u0111\u1ed5 m\u1ed3 h\u00f4i ngay t\u1eeb l\u1ea7n s\u1eed d\u1ee5ng \u0111\u1ea7u ti\u00ean v\u00e0 h\u1ed7 tr\u1ee3 \u0111i\u1ec1u tr\u1ecb h\u00f4i n\u00e1ch.<\/p>\n<p><img class=\"aligncenter\" src=\"https:\/\/images.depxinh.net\/products\/item.7_2018\/11\/detail\/lan-khu-mui-etiaxil-15ml-2-dep-xinh.jpg\" alt=\"\" \/><\/p>\n<p><strong>H\u01b0\u1edbng d\u1eabn s\u1eed d\u1ee5ng:<\/strong><\/p>\n<p>+ S\u1eed d\u1ee5ng\u00a0<strong><em>l\u0103n kh\u1eed m\u00f9i \u0111\u1eb7c tr\u1ecb h\u00f4i n\u00e1ch Etiaxil Traitement<\/em><\/strong>\u00a0v\u00e0o bu\u1ed5i t\u1ed1i ho\u1eb7c sau khi t\u1eafm s\u1ea1ch, lau kh\u00f4 v\u00f9ng n\u00e1ch, d\u00f9ng l\u0103n kh\u1eed m\u00f9i l\u0103n l\u00ean v\u00f9ng da n\u00e1ch 2 l\u01b0\u1ee3t l\u00ean xu\u1ed1ng.<\/p>\n<p>+ Tu\u1ea7n 1 d\u00f9ng 3 l\u1ea7n\/ tu\u1ea7n, tu\u1ea7n 2 d\u00f9ng 2 l\u1ea7n \/ tu\u1ea7n, tu\u1ea7n 3 d\u00f9ng 1 l\u1ea7n \/ tu\u1ea7n. N\u1ebfu b\u1ea1n b\u1ecb ra nhi\u1ec1u m\u1ed3 h\u00f4i v\u00e0 c\u00f3 m\u00f9i th\u00ec trong 2 \u0111\u1ebfn 3 tu\u1ea7n \u0111\u1ea7u c\u00e1c b\u1ea1n d\u00f9ng 3 l\u1ea7n \/ tu\u1ea7n.<\/p>\n<p>+ Nam, n\u1eef t\u1eeb 15 tu\u1ed5i tr\u1edf l\u00ean c\u00f3 th\u1ec3 s\u1eed d\u1ee5ng, c\u00f3 th\u1ec3 s\u1eed d\u1ee5ng \u1edf\u00a0ph\u1ee5 n\u1eef c\u00f3 thai v\u00e0 cho con b\u00fa (tham kh\u1ea3o l\u1eddi khuy\u00ean c\u1ee7a b\u00e1c s\u1ef9).<\/p>\n<p><strong>L\u01b0u \u00fd:\u00a0<\/strong>N\u00ean s\u1eed d\u1ee5ng\u00a0<strong><em>l\u0103n kh\u1eed m\u00f9i \u0111\u1eb7c tr\u1ecb h\u00f4i n\u00e1ch Etiaxil Traitement<\/em><\/strong>\u00a0bu\u1ed5i t\u1ed1i tr\u01b0\u1edbc khi \u0111i ng\u1ee7, kh\u00f4ng s\u1eed d\u1ee5ng tr\u00ean l\u00e0n da \u0111ang b\u1ecb t\u1ed5n th\u01b0\u01a1ng, \u0111\u1ec3 n\u00e1ch th\u1eadt kh\u00f4 tr\u01b0\u1edbc khi s\u1eed d\u1ee5ng.<\/p>\n","protected":false},"excerpt":{"rendered":"<p>L\u0103n kh\u1eed m\u00f9i \u0111\u1eb7c tr\u1ecb h\u00f4i n\u00e1ch Etiaxil Traitement 15ml\u00a0s\u1ebd gi\u00fap t\u00ecnh tr\u1ea1ng \u0111\u1ed5 m\u1ed3 h\u00f4i gi\u1ea3m 44% t\u1eeb l\u1ea7n \u0111\u1ea7u ti\u00ean s\u1eed d\u1ee5ng,\u00a0kh\u00f4ng g\u00e2y \u01b0\u1edbt \u00e1o, g\u00e2y \u1ed1 v\u00e0ng nh\u01b0 m\u1ed9t s\u1ed1 s\u1ea3n ph\u1ea9m l\u0103n n\u00e1ch kh\u00e1c.<\/p>\n<p>L\u0103n kh\u1eed m\u00f9i \u0111\u1eb7c tr\u1ecb h\u00f4i n\u00e1ch Etiaxil Traitement 15ml\u00a0v\u1edbi c\u00f4ng th\u1ee9c qua tinh ch\u1ebf r\u1ea5t an to\u00e0n, h\u1ea7u nh\u01b0 kh\u00f4ng g\u00e2y k\u00edch \u1ee9ng, d\u1ecb \u1ee9ng tr\u00ean da, ph\u00f9 h\u1ee3p v\u1edbi t\u1ea5t c\u1ea3 c\u00e1c lo\u1ea1i da, th\u1eadm ch\u00ed c\u1ea3 nh\u1eefng ng\u01b0\u1eddi c\u00f3 l\u00e0n da nh\u1ea1y c\u1ea3m.<\/p>\n","protected":false},"featured_media":1160,"comment_status":"open","ping_status":"closed","template":"","meta":[],"brands":[],"_links":{"self":[{"href":"https:\/\/webmaibinh.com\/w\/mypham12011\/wp-json\/wp\/v2\/product\/1159"}],"collection":[{"href":"https:\/\/webmaibinh.com\/w\/mypham12011\/wp-json\/wp\/v2\/product"}],"about":[{"href":"https:\/\/webmaibinh.com\/w\/mypham12011\/wp-json\/wp\/v2\/types\/product"}],"replies":[{"embeddable":true,"href":"https:\/\/webmaibinh.com\/w\/mypham12011\/wp-json\/wp\/v2\/comments?post=1159"}],"wp:featuredmedia":[{"embeddable":true,"href":"https:\/\/webmaibinh.com\/w\/mypham12011\/wp-json\/wp\/v2\/media\/1160"}],"wp:attachment":[{"href":"https:\/\/webmaibinh.com\/w\/mypham12011\/wp-json\/wp\/v2\/media?parent=1159"}],"curies":[{"name":"wp","href":"https:\/\/api.w.org\/{rel}","templated":true}]}}