{"id":1140,"date":"2019-07-24T22:43:43","date_gmt":"2019-07-24T15:43:43","guid":{"rendered":"http:\/\/mypham4.w2steam.com\/?post_type=product&#038;p=1140"},"modified":"2019-07-24T22:44:31","modified_gmt":"2019-07-24T15:44:31","slug":"kem-xit-chong-nang-spf50-pa","status":"publish","type":"product","link":"https:\/\/webmaibinh.com\/w\/mypham12011\/san-pham\/kem-xit-chong-nang-spf50-pa\/","title":{"rendered":"Kem x\u1ecbt ch\u1ed1ng n\u1eafng SPF50+, PA+++"},"content":{"rendered":"<table>\n<tbody>\n<tr>\n<td class=\"specs-table__property\">Quy c\u00e1ch \u0111\u00f3ng g\u00f3i<\/td>\n<td class=\"specs-table__value\">Chai x\u1ecbt<\/td>\n<\/tr>\n<tr>\n<td class=\"specs-table__property\">Xu\u1ea5t x\u1ee9<\/td>\n<td class=\"specs-table__value\">Canada<\/td>\n<\/tr>\n<tr>\n<td class=\"specs-table__property\">Dung t\u00edch<\/td>\n<td class=\"specs-table__value\">150ml<\/td>\n<\/tr>\n<tr>\n<td class=\"specs-table__property\">Ch\u1ec9 s\u1ed1 ch\u1ed1ng n\u1eafng<\/td>\n<td class=\"specs-table__value\">SPF50 PA+++<\/td>\n<\/tr>\n<tr>\n<td class=\"specs-table__property\">H\u01b0\u1edbng d\u1eabn b\u1ea3o qu\u1ea3n<\/td>\n<td class=\"specs-table__value\">N\u01a1i kh\u00f4 r\u00e1o, tho\u00e1ng m\u00e1t<\/td>\n<\/tr>\n<tr>\n<td class=\"specs-table__property\">C\u00f4ng d\u1ee5ng<\/td>\n<td class=\"specs-table__value\">B\u1ea3o v\u1ec7, l\u00e0m d\u1ecbu da, d\u01b0\u1ee1ng da tr\u1eafng m\u1ecbn, ch\u1ed1ng l\u00e3o h\u00f3a<\/td>\n<\/tr>\n<tr>\n<td class=\"specs-table__property\">Th\u00e0nh ph\u1ea7n<\/td>\n<td class=\"specs-table__value\">Tinh ch\u1ea5t tr\u00e0 xanh, l\u00f4 h\u1ed9i, th\u1ea3o d\u01b0\u1ee3c<\/td>\n<\/tr>\n<\/tbody>\n<\/table>\n<p><strong>Kem x\u1ecbt ch\u1ed1ng n\u1eafng Tenamyd Sunspray SPF 50 PA +++\u00a0<\/strong>l\u00e0 s\u1ea3n ph\u1ea9m kem ch\u1ed1ng n\u1eafng d\u1ea1ng x\u1ecbt \u0111\u01b0\u1ee3c \u01b0a chu\u1ed9ng hi\u1ec7n nay. Sau khi x\u1ecbt l\u00ean da,\u00a0<strong>Kem x\u1ecbt ch\u1ed1ng n\u1eafng Tenamyd\u00a0<\/strong>nh\u1eb9 nh\u00e0ng t\u1ea1o l\u1edbp m\u00e0ng m\u1ecfng l\u00e0m \u0111\u1ec1u t\u00f4ng m\u00e0u da, t\u0103ng \u0111\u00e0n h\u1ed3i tr\u1ebb trung l\u00e0n da v\u00e0 c\u00f3 th\u1ec3 \u0111\u01b0\u1ee3c\u00a0s\u1eed d\u1ee5ng nh\u01b0 m\u1ed9t l\u1edbp l\u00f3t trang \u0111i\u1ec3m trong khi b\u1ea3o v\u1ec7 da tuy\u1ec7t \u0111\u1ed1i kh\u1ecfi nh\u1eefng t\u00e1c h\u1ea1i t\u1eeb tia UVA\/UVB v\u1edbi ch\u1ed1ng n\u1eafng ph\u1ed5 r\u1ed9ng.<\/p>\n<p>Tuy nhi\u00ean, m\u1ed9t s\u1ed1 b\u1ea1n lo s\u1ee3 khi d\u00f9ng kem ch\u1ed1ng n\u1eafng s\u1ebd mang l\u1ea1i m\u1ed9t khu\u00f4n m\u1eb7t b\u1ebft b\u00ednh, b\u00f3ng nh\u1eddn. Hi\u1ec3u \u0111\u01b0\u1ee3c n\u1ed7i lo l\u1eafng \u0111\u00f3 t\u1eeb ng\u01b0\u1eddi ti\u00eau d\u00f9ng,\u00a0s\u1ea3n ph\u1ea9m c\u00f3 k\u1ebft c\u1ea5u m\u1ecfng nh\u1eb9, kh\u00f4ng g\u00e2y nh\u1eddn r\u00edt, d\u1ec5 d\u00e0ng h\u1ea5p th\u1ee5, l\u00e0m d\u1ecbu m\u00e1t l\u00e0n da\u00a0c\u00f9ng\u00a0kh\u1ea3 n\u0103ng ch\u1ed1ng th\u1ea5m n\u01b0\u1edbc, kh\u00f4ng tan ho\u1eb7c\u00a0tr\u00f4i trong n\u01b0\u1edbc\u00a0\u0111\u1ebfn 4 ti\u1ebfng\u00a0n\u00ean r\u1ea5t th\u00edch h\u1ee3p khi d\u00f9ng cho c\u00e1c ho\u1ea1t \u0111\u1ed9ng ngo\u00e0i tr\u1eddi ho\u1eb7c khi \u0111i b\u01a1i, t\u1eafm bi\u1ec3n.<br \/>\n<img class=\"loaded aligncenter\" src=\"https:\/\/cdn02.static-adayroi.com\/0\/2016\/03\/16\/1458104209766_6808443.jpg\" data-src=\"https:\/\/cdn02.static-adayroi.com\/0\/2016\/03\/16\/1458104209766_6808443.jpg\" \/><\/p>\n<p>Ngo\u00e0i ra, v\u1edbi c\u00f4ng th\u1ee9c ch\u1ee9a ho\u1ea1t ch\u1ea5t\u00a0Niacinamide v\u00e0 Adenosine\u00a0<strong>Kem x\u1ecbt ch\u1ed1ng n\u1eafng Tenamyd Sunspray<\/strong>\u00a0mang l\u1ea1i hi\u1ec7u qu\u1ea3 l\u00e0m tr\u1eafng da v\u00e0 ch\u1ed1ng l\u00e3o h\u00f3a hi\u1ec7u qu\u1ea3, cho l\u00e0n da lu\u00f4n s\u0103n ch\u1eafc, m\u1ecbn m\u00e0ng.<\/p>\n<p><img class=\"loaded aligncenter\" src=\"https:\/\/cdn02.static-adayroi.com\/0\/2016\/03\/16\/1458104180904_1820810.jpg\" data-src=\"https:\/\/cdn02.static-adayroi.com\/0\/2016\/03\/16\/1458104180904_1820810.jpg\" \/><\/p>\n<p>\u00c1nh n\u1eafng m\u1eb7t tr\u1eddi \u0111\u01b0\u1ee3c coi l\u00e0 \u201ct\u00e1c nh\u00e2n c\u00f3 h\u1ea1i\u201d s\u1ed1 m\u1ed9t c\u1ee7a l\u00e0n da, g\u00e2y ra hi\u1ec7n t\u01b0\u1ee3ng n\u00e1m, s\u1ea1m da. C\u00e1c h\u1eafc t\u1ed1 h\u00ecnh th\u00e0nh m\u1ea1nh khi c\u00f3 t\u00edn hi\u1ec7u ti\u1ebft k\u00edch th\u00edch t\u1eeb tia UV, m\u00e0u s\u1eafc c\u1ee7a da l\u00e0 do qu\u00e1 tr\u00ecnh t\u1ed5ng h\u1ee3p Melanin trong t\u1ebf b\u00e0o bi\u1ec3u b\u00ec, ch\u00ednh c\u00e1c Melanin n\u00e0y h\u00ecnh th\u00e0nh l\u00ean c\u00e1c h\u1eafc t\u1ed1 v\u00e0 hi\u1ec3n th\u1ecb m\u00e0u da. Do \u0111\u00f3, s\u1eed d\u1ee5ng kem ch\u1ed1ng n\u1eafng h\u1eb1ng ng\u00e0y \u0111\u00f3ng vai tr\u00f2 v\u00f4 c\u00f9ng quan tr\u1ecdng trong vi\u1ec7c b\u1ea3o v\u1ec7 v\u00e0 ch\u0103m s\u00f3c l\u00e0n da.<\/p>\n<p><strong>H\u01b0\u1edbng d\u1eabn s\u1eed d\u1ee5ng v\u00e0 b\u1ea3o qu\u1ea3n<\/strong><\/p>\n<ul>\n<li>S\u1eed\u00a0d\u1ee5ng kho\u1ea3ng 15 &#8211; 30 ph\u00fat tr\u01b0\u1edbc khi n\u1eafng<\/li>\n<li>Gi\u1eef l\u1ecd c\u00e1ch xa c\u01a1 th\u1ec3 kho\u1ea3ng 10 &#8211; 15cm, phun t\u1eeb t\u1eeb v\u00e0 \u0111\u1ec1u cho \u0111\u1ebfn khi s\u1ea3n ph\u1ea9m \u0111\u01b0\u1ee3c nh\u00ecn th\u1ea5y tr\u00ean da<\/li>\n<li>X\u1ecbt l\u1ea1i\u00a0sau khi b\u01a1i ho\u1eb7c sau khi\u00a0\u0111\u1ed5 m\u1ed3 h\u00f4i qu\u00e1 nhi\u1ec1u, lau kh\u00f4, ho\u1eb7c ph\u01a1i n\u1eafng l\u00e2u<\/li>\n<li>B\u1ea3o qu\u1ea3n n\u01a1i kh\u00f4 r\u00e1o, tho\u00e1ng m\u00e1t, tr\u00e1nh \u00e1nh n\u1eafng tr\u1ef1c ti\u1ebfp v\u00e0 nhi\u1ec7t \u0111\u1ed9 cao<\/li>\n<\/ul>\n<p><strong>Th\u00f4ng tin th\u01b0\u01a1ng hi\u1ec7u<\/strong><\/p>\n<p>Tenamyd l\u00e0 m\u1ed9t th\u01b0\u01a1ng hi\u1ec7u c\u1ee7a Tenamyd Canada. V\u1edbi th\u00f4ng \u0111i\u1ec7p: Health is Happiness &#8211; khi c\u00f3 s\u1ee9c kh\u1ecfe b\u1ea1n s\u1ebd c\u00f3 s\u1eafc \u0111\u1eb9p, t\u1eeb n\u0103m 1998, Tenamyd Canada \u0111\u00e3 h\u1ee3p t\u00e1c c\u00f9ng t\u1eadp \u0111o\u00e0n m\u1ef9 ph\u1ea9m n\u1ed5i ti\u1ebfng h\u00e0ng \u0111\u1ea7u t\u1ea1i H\u00e0n Qu\u1ed1c Cosmax \u0111\u1ec3 s\u00e1ng t\u1ea1o ra nh\u1eefng d\u00f2ng m\u1ef9 ph\u1ea9m d\u00e0nh ri\u00eang cho ph\u1ee5 n\u1eef Vi\u1ec7t Nam. M\u1ef9 ph\u1ea9m c\u1ee7a Tenamyd lu\u00f4n \u0111\u1eb7t s\u1ee9c kh\u1ecfe c\u1ee7a ng\u01b0\u1eddi ti\u00eau d\u00f9ng l\u00ean h\u00e0ng \u0111\u1ea7u v\u1edbi nh\u1eefng s\u1ea3n ph\u1ea9m ch\u1ea5t l\u01b0\u1ee3ng ti\u00eau chu\u1ea9n qu\u1ed1c t\u1ebf s\u1eed d\u1ee5ng th\u00e0nh ph\u1ea7n k\u1ebft tinh t\u1eeb th\u1ea3o d\u01b0\u1ee3c thi\u00ean nhi\u00ean, c\u00e1c h\u1ee3p ch\u1ea5t ng\u1ecdc trai, b\u1ed9t kim c\u01b0\u01a1ng&#8230;<\/p>\n","protected":false},"excerpt":{"rendered":"<p>\u2022 Th\u00e0nh ph\u1ea7n\u00a0Niacinamide v\u00e0 Adenosine \u0111em l\u1ea1i hi\u1ec7u qu\u1ea3 l\u00e0m tr\u1eafng da v\u00e0 ch\u1ed1ng l\u00e3o h\u00f3a<br \/>\n\u2022 Ch\u1ed1ng th\u1ea5m n\u01b0\u1edbc\u00a0\u0111\u1ebfn 4 ti\u1ebfng<br \/>\n\u2022 Ch\u1ec9 s\u1ed1 ch\u1ed1ng n\u1eafng\u00a0SPF 50 PA+++<br \/>\n\u2022 Xu\u1ea5t x\u1ee9: Canada<\/p>\n","protected":false},"featured_media":1141,"comment_status":"open","ping_status":"closed","template":"","meta":[],"brands":[],"_links":{"self":[{"href":"https:\/\/webmaibinh.com\/w\/mypham12011\/wp-json\/wp\/v2\/product\/1140"}],"collection":[{"href":"https:\/\/webmaibinh.com\/w\/mypham12011\/wp-json\/wp\/v2\/product"}],"about":[{"href":"https:\/\/webmaibinh.com\/w\/mypham12011\/wp-json\/wp\/v2\/types\/product"}],"replies":[{"embeddable":true,"href":"https:\/\/webmaibinh.com\/w\/mypham12011\/wp-json\/wp\/v2\/comments?post=1140"}],"wp:featuredmedia":[{"embeddable":true,"href":"https:\/\/webmaibinh.com\/w\/mypham12011\/wp-json\/wp\/v2\/media\/1141"}],"wp:attachment":[{"href":"https:\/\/webmaibinh.com\/w\/mypham12011\/wp-json\/wp\/v2\/media?parent=1140"}],"curies":[{"name":"wp","href":"https:\/\/api.w.org\/{rel}","templated":true}]}}