{"id":972,"date":"2017-10-06T00:48:23","date_gmt":"2017-10-05T17:48:23","guid":{"rendered":"https:\/\/bizhostvn.com\/w\/mevabe\/?post_type=product&#038;p=972"},"modified":"2017-10-11T11:37:02","modified_gmt":"2017-10-11T04:37:02","slug":"sua-chua-hoa-qua-kids-mix-4x50g","status":"publish","type":"product","link":"https:\/\/webmaibinh.com\/w\/mevabe\/sanpham\/sua-chua-hoa-qua-kids-mix-4x50g\/","title":{"rendered":"S\u1eefa chua hoa qu\u1ea3 Kids Mix 4x50g"},"content":{"rendered":"<h2><strong>S\u1eefa chua hoa qu\u1ea3 Kids Mix 4x50g<\/strong><\/h2>\n<p><strong>Th\u00e0nh ph\u1ea7n:\u00a0<\/strong>S\u1eefa chua (42.6%), kem ph\u00f4 mai (22.9%), \u0111\u01b0\u1eddng, n\u01b0\u1edbc, hoa qu\u1ea3 nghi\u1ec1n (d\u00e2u, chu\u1ed1i, m\u00e2m x\u00f4i&#8230;) 4%, kem, tinh b\u1ed9t, Glucose \u2013 fuctose, n\u01b0\u1edbc \u00e9p t\u00e1o c\u00f4 \u0111\u1eb7c, Canxi lactate, axit citron c\u00e1c lo\u1ea1i Vitamin (B2, B12, D3)\u2026<\/p>\n<p><strong>Gi\u00e1 tr\u1ecb dinh d\u01b0\u1ee1ng trong 100g s\u1eefa chua<\/strong><\/p>\n<p>N\u0103ng l\u01b0\u1ee3ng \u00a0 \u00a0 \u00a0 \u00a0: \u00a0132Kcal<\/p>\n<p>Protein \u00a0 \u00a0 \u00a0 \u00a0 \u00a0 \u00a0 \u00a0 \u00a0 : \u00a0 4.3g<\/p>\n<p>Ch\u1ea5t b\u00e9o \u00a0 \u00a0 \u00a0 \u00a0 \u00a0 \u00a0 : \u00a0 4.5g<\/p>\n<p>Carbohydrate \u00a0 \u00a0: \u00a0 16.1g<\/p>\n<p>Vitamin D \u00a0 \u00a0 \u00a0 \u00a0 \u00a0 \u00a0: \u00a0 0.86\u00b5g<\/p>\n<p>Vitamin B12 \u00a0 \u00a0 \u00a0 \u00a0: \u00a0 \u00a00.7\u00b5g<\/p>\n<p>Canxi \u00a0 \u00a0 \u00a0 \u00a0 \u00a0 \u00a0 \u00a0 \u00a0 \u00a0 \u00a0: \u00a0 154mg<\/p>\n<p><img class=\"aligncenter\" src=\"https:\/\/k.r.worldssl.net\/media\/wysiwyg\/product\/be-an-be-uong\/vang-sua-pho-mai-sua-chua\/sua-chua-hoa-qua-kids-mix-4x50g.jpg\" alt=\"\" width=\"500\" \/><\/p>\n<p><strong>C\u00f4ng d\u1ee5ng<\/strong><\/p>\n<ul>\n<li>S\u1eefa chua hoa qu\u1ea3 Kids Mix <strong>b\u1ed5 sung c\u00e1c vitamin<\/strong> gi\u00fap t\u0103ng c\u01b0\u1eddng s\u1ee9c \u0111\u1ec1 kh\u00e1ng v\u00e0 c\u0169ng nh\u01b0 k\u00edch th\u00edch b\u00e9 \u0103n ngon mi\u1ec7ng h\u01a1n.<\/li>\n<li>C\u00e1c vi l\u1ee3i khu\u1ea9n nh\u01b0\u00a0\u00a0Lactobacillus Acidophilus v\u00e0 Bifido Bacterium \u0111\u01b0\u1ee3c h\u00ecnh th\u00e0nh sau qu\u00e1 tr\u00ecnh \u1ee7 l\u00ean men c\u00f3 trong s\u1ea3n ph\u1ea9m s\u1ebd <strong>k\u00edch th\u00edch h\u1ec7 ti\u00eau h\u00f3a<\/strong> c\u1ee7a b\u00e9 ph\u00e1t tri\u1ec3n.<\/li>\n<\/ul>\n<ul>\n<li>Trong 100g s\u1eefa chua Kids Mix c\u00f3 ch\u1ee9a kho\u1ea3ng 154mg Canxi. Do \u0111\u00f3, tr\u1ebb \u0111ang trong \u0111\u1ed9 tu\u1ed5i d\u1eady th\u00ec n\u00ean \u0103n s\u1eefa chua h\u00e0ng ng\u00e0y \u0111\u1ec3 t\u0103ng tr\u01b0\u1edfng t\u1ed1t h\u01a1n.<\/li>\n<li>Kh\u00f4ng nh\u1eefng v\u1eady, v\u1ecb ng\u1ecdt ng\u1ecdt chua chua, b\u00e9o v\u00e0 th\u01a1m m\u00e1t k\u1ebft h\u1ee3p h\u01b0\u01a1ng v\u1ecb th\u01a1m ngon c\u1ee7a c\u00e1c lo\u1ea1i hoa qu\u1ea3 (chu\u1ed1i, m\u01a1, l\u00ea, d\u00e2u) s\u1ebd t\u1ea1o h\u1ee9ng th\u00fa h\u01a1n cho b\u00e9 khi \u0103n c\u0169ng nh\u01b0 <strong>k\u00edch th\u00edch v\u1ecb gi\u00e1c<\/strong> c\u1ee7a tr\u1ebb.<img class=\"aligncenter\" src=\"https:\/\/k.r.worldssl.net\/media\/wysiwyg\/product\/be-an-be-uong\/vang-sua-pho-mai-sua-chua\/sua-chua-hoa-qua-kids-mix-4x50g-_2_.jpg\" alt=\"\" width=\"500\" \/><\/li>\n<li>Ngo\u00e0i vai tr\u00f2 c\u1ef1c k\u1ef3 t\u1ed1t cho b\u00e9 th\u00ec \u0103n s\u1eefa chua c\u00f2n <strong>h\u1ea1n ch\u1ebf c\u1ea3m gi\u00e1c \u0111\u00f3i<\/strong> n\u00ean r\u1ea5t th\u00edch h\u1ee3p cho nh\u1eefng ng\u01b0\u1eddi \u0111ang trong ch\u1ebf \u0111\u1ed9 gi\u1ea3m c\u00e2n n\u1eefa \u0111\u00f3 m\u1eb9 nh\u00e9.<\/li>\n<li>S\u1ea3n ph\u1ea9m \u0111\u1ea3m b\u1ea3o\u00a0v\u1ec7 sinh\u00a0an to\u00e0n th\u1ef1c ph\u1ea9m, \u0111\u1ea1t ch\u1ea5t l\u01b0\u1ee3ng theo ti\u00eau chu\u1ea9n kh\u1eaft khe c\u1ee7a Ch\u00e2u \u00c2u.<\/li>\n<li>M\u1ed9t v\u1ec9 g\u1ed3m 4 h\u1ed9p, m\u1ed7i h\u1ed9p 50g.<\/li>\n<li>B\u1ea3o qu\u1ea3n \u1edf ng\u0103n m\u00e1t t\u1ee7 l\u1ea1nh, nhi\u1ec7t \u0111\u1ed9 4 &#8211; 8\u00baC.<\/li>\n<li>Xu\u1ea5t x\u1ee9: \u0110\u1ee9c<\/li>\n<\/ul>\n","protected":false},"excerpt":{"rendered":"<p>Siro Kanguru kh\u00f4ng ch\u1ec9 cung c\u1ea5p cho b\u00e9 l\u01b0\u1ee3ng canxi d\u1ed3i d\u00e0o m\u00e0 c\u00f2n c\u1ea3i thi\u1ec7n gi\u1ea5c ng\u1ee7, gi\u00fap b\u00e9 ph\u00e1t tri\u1ec3n chi\u1ec1u cao, t\u0103ng kh\u1ea3 n\u0103ng h\u1ea5p th\u1ee5 d\u01b0\u1ee1ng ch\u1ea5t v\u00e0 \u0111\u1eb7c bi\u1ec7t an to\u00e0n cho h\u1ec7 ti\u00eau h\u00f3a c\u1ee7a tr\u1ebb nh\u1ecf.<\/p>\n","protected":false},"featured_media":973,"comment_status":"open","ping_status":"closed","template":"","meta":[],"_links":{"self":[{"href":"https:\/\/webmaibinh.com\/w\/mevabe\/wp-json\/wp\/v2\/product\/972"}],"collection":[{"href":"https:\/\/webmaibinh.com\/w\/mevabe\/wp-json\/wp\/v2\/product"}],"about":[{"href":"https:\/\/webmaibinh.com\/w\/mevabe\/wp-json\/wp\/v2\/types\/product"}],"replies":[{"embeddable":true,"href":"https:\/\/webmaibinh.com\/w\/mevabe\/wp-json\/wp\/v2\/comments?post=972"}],"wp:featuredmedia":[{"embeddable":true,"href":"https:\/\/webmaibinh.com\/w\/mevabe\/wp-json\/wp\/v2\/media\/973"}],"wp:attachment":[{"href":"https:\/\/webmaibinh.com\/w\/mevabe\/wp-json\/wp\/v2\/media?parent=972"}],"curies":[{"name":"wp","href":"https:\/\/api.w.org\/{rel}","templated":true}]}}