{"id":816,"date":"2017-10-05T16:30:54","date_gmt":"2017-10-05T09:30:54","guid":{"rendered":"https:\/\/bizhostvn.com\/w\/mevabe\/?post_type=product&#038;p=816"},"modified":"2017-10-11T11:20:41","modified_gmt":"2017-10-11T04:20:41","slug":"thu-bong-hinh-chu-tho-dang-yeu-tilamitu-rabbit-metoo","status":"publish","type":"product","link":"https:\/\/webmaibinh.com\/w\/mevabe\/sanpham\/thu-bong-hinh-chu-tho-dang-yeu-tilamitu-rabbit-metoo\/","title":{"rendered":"Th\u00fa b\u00f4ng h\u00ecnh ch\u00fa th\u1ecf \u0111\u00e1ng y\u00eau Tilamitu Rabbit Metoo"},"content":{"rendered":"<h2><strong>Th\u00fa b\u00f4ng h\u00ecnh ch\u00fa th\u1ecf \u0111\u00e1ng y\u00eau Tilamitu Rabbit th\u01b0\u01a1ng hi\u1ec7u n\u1ed5i ti\u1ebfng Metoo<\/strong><\/h2>\n<p>H\u00ecnh \u1ea3nh ch\u00fa th\u1ecf Rabbit Metoo \u0111\u00e1ng y\u00eau \u0111\u00e3 kh\u00f4ng c\u00f2n xa l\u1ea1 v\u1edbi ch\u00fang ta nh\u1ea5t l\u00e0 tr\u1ebb nh\u1ecf. N\u00ean nh\u1eefng th\u00fa th\u1ecf b\u00f4ng Rabit kh\u00f4ng ch\u1ec9 mang n\u00e9t \u0111\u00e1ng y\u00eau, xinh x\u1eafn, th\u00edch th\u00fa m\u00e0 c\u00f2n l\u00e0 ng\u01b0\u1eddi b\u1ea1n th\u00e2n thi\u1ebft c\u1ee7a c\u00e1c b\u00e9. Ngo\u00e0i ra s\u1ea3n ph\u1ea9m th\u00fa b\u00f4ng h\u00ecnh ch\u00fa th\u1ecf \u0111\u00e1ng y\u00eau Tilamitu Rabbit Metoo\u00a0c\u0169ng khi\u1ebfn r\u1ea5t nhi\u1ec1u b\u00e9 g\u00e1i tu\u1ed5i teen m\u00ea th\u00edch<\/p>\n<p><img class=\"aligncenter\" src=\"https:\/\/k.r.worldssl.net\/media\/wysiwyg\/product\/dochoi\/bup-be-thu-bong\/IMG_1769.JPG\" alt=\"\" width=\"500\" \/><\/p>\n<h3><strong>Th\u00f4ng tin ch\u00ednh th\u00fa b\u00f4ng h\u00ecnh ch\u00fa th\u1ecf \u0111\u00e1ng y\u00eau Tilamitu Rabbit<\/strong><\/h3>\n<p>S\u1ea3n ph\u1ea9m \u0111\u01b0\u1ee3c l\u00e0m b\u1eb1ng b\u00f4ng PP cao c\u1ea5p, \u00eam \u00e1i v\u00e0 an to\u00e0n cho s\u1ee9c kh\u1ecfe. B\u00ean ngo\u00e0i ch\u1ea5t li\u1ec7u b\u00f4ng ng\u1eafn si\u00eau m\u1ec1m, kh\u00f4ng x\u00f9, kh\u00f4ng r\u1ee5ng l\u00f4ng n\u00ean r\u1ea5t th\u00e2n thi\u1ec7n v\u1edbi m\u00f4i tr\u01b0\u1eddng.<\/p>\n<p><a title=\"th\u00fa b\u00f4ng\" href=\"https:\/\/www.kidsplaza.vn\/bup-be-thu-nhoi-bong.html\" target=\"_blank\" rel=\"noopener\">Th\u00fa b\u00f4ng<\/a> h\u00ecnh ch\u00fa th\u1ecf \u0111\u00e1ng y\u00eau Tilamitu Rabbit Metoo\u00a0\u0111\u01b0\u1ee3c s\u1ea3n xu\u1ea5t v\u00e0 ki\u1ec3m duy\u1ec7t ch\u1eb7t ch\u1ebd, nghi\u00eam ng\u1eb7t v\u1edbi ti\u00eau chu\u1ea9n qu\u1ed1c t\u1ebf, <strong>\u0111\u1ea1t ti\u00eau chu\u1ea9n ch\u1ea5t l\u01b0\u1ee3ng<\/strong>, th\u00e2n thi\u1ec7n v\u1edbi ng\u01b0\u1eddi d\u00f9ng, an to\u00e0n v\u1edbi s\u1ee9c kh\u1ecfe, ph\u00f9 h\u1ee3p v\u1edbi m\u00f4i tr\u01b0\u1eddng.<\/p>\n<p><img class=\"aligncenter\" src=\"https:\/\/k.r.worldssl.net\/media\/wysiwyg\/product\/dochoi\/bup-be-thu-bong\/IMG_1794.JPG\" alt=\"\" width=\"500\" \/><\/p>\n<p>S\u1ea3n ph\u1ea9m thi\u1ebft k\u1ebf h\u00ecnh ch\u00fa th\u1ecf b\u00f4ng\u00a0Tilamitu Rabbit v\u1edbi \u0111\u00f4i tai d\u00e0i, m\u1eaft s\u00e1ng, \u0111\u00e1nh m\u00e1 h\u1ed3ng r\u1ea5t ng\u1ed9 ngh\u0129nh, \u0111\u00e1ng y\u00eau<\/p>\n<p>Th\u00fa b\u00f4ng h\u00ecnh ch\u00fa th\u1ecf \u0111\u00e1ng y\u00eau Tilamitu Rabbit Metoo\u00a0kho\u00e1c tr\u00ean m\u00ecnh nh\u1eefng b\u1ed9 qu\u1ea7n \u00e1o d\u1ec5 th\u01b0\u01a1ng v\u1edbi <strong>\u0111\u1ee7 ki\u1ec3u d\u00e1ng, m\u00e0u s\u1eafc<\/strong><\/p>\n<p><img class=\"aligncenter\" src=\"https:\/\/k.r.worldssl.net\/media\/wysiwyg\/product\/dochoi\/bup-be-thu-bong\/IMG_1773.JPG\" alt=\"\" width=\"500\" \/><\/p>\n<p>Ngo\u00e0i l\u00e0 ng\u01b0\u1eddi b\u1ea1n th\u00e2n thi\u1ebft c\u1ee7a b\u00e9 th\u00ec cha m\u1eb9 c\u00f3 th\u1ec3 s\u1eed d\u1ee5ng ch\u00fa th\u00fa b\u00f4ng h\u00ecnh th\u1ecf \u0111\u00e1ng y\u00eau Tilamitu Rabbit nh\u01b0 m\u1ed9t \u0111\u1ed3 v\u1eadt <strong>trang tr\u00ed cho c\u0103n ph\u00f2ng c\u1ee7a b\u00e9 th\u00eam sinh \u0111\u1ed9ng h\u01a1n<\/strong><\/p>\n<p><img class=\"aligncenter\" src=\"https:\/\/k.r.worldssl.net\/media\/wysiwyg\/product\/dochoi\/bup-be-thu-bong\/thu-bong-hinh-chu-tho-dang-yeu-tilamitu-rabbit-metoo-4.jpg\" alt=\"\" width=\"500\" \/><\/p>\n<p>Th\u00fa b\u00f4ng th\u1ecf\u00a0Metoo l\u00e0 s\u1ea3n ph\u1ea9m \u0111\u1ebfn t\u1eeb\u00a0th\u01b0\u01a1ng hi\u1ec7u cao c\u1ea5p c\u1ee7a nh\u00e0 m\u00e1y chuy\u00ean s\u1ea3n xu\u1ea5t \u0111\u1ed3 ch\u01a1i Huisen<\/p>\n<p>K\u00edch th\u01b0\u1edbc s\u1ea3n ph\u1ea9m (Cao x R\u1ed9ng): 35 x 15cm<\/p>\n","protected":false},"excerpt":{"rendered":"<p>Ngo\u00e0i l\u00e0 ng\u01b0\u1eddi b\u1ea1n th\u00e2n thi\u1ebft c\u1ee7a b\u00e9 th\u00ec cha m\u1eb9 c\u00f3 th\u1ec3 s\u1eed d\u1ee5ng ch\u00fa th\u00fa b\u00f4ng h\u00ecnh th\u1ecf \u0111\u00e1ng y\u00eau Tilamitu Rabbit nh\u01b0 m\u1ed9t \u0111\u1ed3 v\u1eadt <strong>trang tr\u00ed cho c\u0103n ph\u00f2ng c\u1ee7a b\u00e9 th\u00eam sinh \u0111\u1ed9ng h\u01a1n<\/strong><\/p>\n","protected":false},"featured_media":814,"comment_status":"open","ping_status":"closed","template":"","meta":[],"_links":{"self":[{"href":"https:\/\/webmaibinh.com\/w\/mevabe\/wp-json\/wp\/v2\/product\/816"}],"collection":[{"href":"https:\/\/webmaibinh.com\/w\/mevabe\/wp-json\/wp\/v2\/product"}],"about":[{"href":"https:\/\/webmaibinh.com\/w\/mevabe\/wp-json\/wp\/v2\/types\/product"}],"replies":[{"embeddable":true,"href":"https:\/\/webmaibinh.com\/w\/mevabe\/wp-json\/wp\/v2\/comments?post=816"}],"wp:featuredmedia":[{"embeddable":true,"href":"https:\/\/webmaibinh.com\/w\/mevabe\/wp-json\/wp\/v2\/media\/814"}],"wp:attachment":[{"href":"https:\/\/webmaibinh.com\/w\/mevabe\/wp-json\/wp\/v2\/media?parent=816"}],"curies":[{"name":"wp","href":"https:\/\/api.w.org\/{rel}","templated":true}]}}