{"id":1081,"date":"2017-10-06T10:55:08","date_gmt":"2017-10-06T03:55:08","guid":{"rendered":"https:\/\/bizhostvn.com\/w\/mevabe\/?post_type=product&#038;p=1081"},"modified":"2017-10-11T11:57:45","modified_gmt":"2017-10-11T04:57:45","slug":"tui-tru-sua-cam-ung-nhiet-plora-30pcs","status":"publish","type":"product","link":"https:\/\/webmaibinh.com\/w\/mevabe\/sanpham\/tui-tru-sua-cam-ung-nhiet-plora-30pcs\/","title":{"rendered":"T\u00fai tr\u1eef s\u1eefa c\u1ea3m \u1ee9ng nhi\u1ec7t Plora 30pcs"},"content":{"rendered":"<h2><strong>T\u00fai tr\u1eef s\u1eefa c\u1ea3m \u1ee9ng nhi\u1ec7t Plora 30pcs<\/strong><\/h2>\n<p>T\u00fai tr\u1eef s\u1eefa c\u1ea3m \u1ee9ng nhi\u1ec7t Plora 30pcs v\u1edbi thi\u1ebft k\u1ebf th\u00f4ng minh \u0111\u1ed9c \u0111\u00e1o gi\u00fap m\u1eb9 c\u00f3 th\u1ec3 tr\u1eef s\u1eefa cho b\u00e9 m\u1ed9t c\u00e1ch an to\u00e0n v\u00e0 hi\u1ec7u qu\u1ea3. S\u1ea3n ph\u1ea9m \u0111\u01b0\u1ee3c s\u1ea3n xu\u1ea5t t\u1ea1i H\u00e0n Qu\u1ed1c v\u1edbi ch\u1ea5t l\u01b0\u1ee3ng \u0111\u00e3 \u0111\u01b0\u1ee3c ki\u1ec3m \u0111\u1ecbnh r\u00f5 r\u00e0ng mang \u0111\u1ebfn s\u1ef1 y\u00ean t\u00e2m cho c\u00e1c b\u00e0 m\u1eb9 khi s\u1eed d\u1ee5ng cho b\u00e9.<\/p>\n<p><img class=\"aligncenter\" src=\"https:\/\/k.r.worldssl.net\/media\/catalog\/product\/i\/m\/img_0228_2.jpg\" alt=\"\" width=\"500\" \/><\/p>\n<p><strong>\u0110\u1eb7c \u0111i\u1ec3m chi ti\u1ebft c\u1ee7a s\u1ea3n ph\u1ea9m:<\/strong><\/p>\n<p><strong>Ch\u1ea5t li\u1ec7u an to\u00e0n:<\/strong><\/p>\n<ul>\n<li>\u0110\u01b0\u1ee3c l\u00e0m t\u1eeb ch\u1ea5t li\u1ec7u\u00a0PET (Polyethylene) an to\u00e0n tuy\u1ec7t \u0111\u1ed1i khi s\u1eed d\u1ee5ng \u0111\u1ec3 tr\u1eef s\u1eefa cho b\u00e9.<\/li>\n<li>Ch\u1ea5t t\u00fai d\u00e0y d\u1eb7n, ch\u1eafc ch\u1eafn, m\u1eb9 c\u00f3 th\u1ec3 d\u00f9ng b\u00fat bi b\u00fat ch\u00ec \u0111\u1ec3 d\u1ec5 d\u00e0ng vi\u1ebft l\u00ean th\u00e2n t\u00fai ( c\u00e1c lo\u1ea1i t\u00fai kh\u00e1c th\u01b0\u1eddng ph\u1ea3i d\u00f9ng b\u00fat l\u00f4ng \u0111\u1ec3 vi\u1ebft).<\/li>\n<\/ul>\n<div><img class=\"aligncenter\" src=\"https:\/\/k.r.worldssl.net\/media\/catalog\/product\/i\/m\/img_0232_2.jpg\" alt=\"\" width=\"500\" \/><\/div>\n<div><strong>L\u00e0 lo\u1ea1i t\u00fai tr\u1eef s\u1eefa c\u1ea3m \u1ee9ng nhi\u1ec7t:<\/strong><\/div>\n<ul>\n<li>C\u00f3<strong> v\u1ea1ch b\u00e1o nhi\u1ec7t chuy\u1ec3n m\u00e0u<\/strong> khi nhi\u1ec7t \u0111\u1ed9 thay \u0111\u1ed5i. C\u1ee5 th\u1ec3\u00a0Khi nhi\u1ec7t \u0111\u1ed9 d\u01b0\u1edbi 37 \u0111\u1ed9, v\u1ea1ch c\u1ea3nh b\u00e1o nhi\u1ec7t s\u1ebd c\u00f3 m\u00e0u \u0111\u1ecf, khi nhi\u1ec7t \u0111\u1ed9 t\u0103ng l\u00ean, v\u1ea1ch c\u1ea3nh b\u00e1o s\u1ebd m\u1edd d\u1ea7n v\u00e0 chuy\u1ec3n sang kh\u00f4 m\u00e0u khi nhi\u1ec7t \u0111\u1ed9 cao h\u01a1n 37 \u0111\u1ed9 C.<\/li>\n<\/ul>\n<div><strong>Thi\u1ebft k\u1ebf th\u00f4ng minh:<\/strong><\/div>\n<ul>\n<li>T\u00fai \u0111\u00e3 \u0111\u01b0\u1ee3c ti\u1ec7t tr\u00f9ng s\u1eb5n v\u00e0 \u0111\u01b0\u1ee3c ni\u00eam phong gi\u00fap b\u1ea3o qu\u1ea3n s\u1eefa tinh khi\u1ebft kh\u00f4ng b\u1ecb l\u1eabn t\u1ea1p ch\u1ea5t.<\/li>\n<\/ul>\n<ul>\n<li>C\u00f3 1 l\u1edbp zipper tuy\u1ec7t \u0111\u1ed1i an to\u00e0n, ch\u1eafc ch\u1eafc. Khi s\u1eed d\u1ee5ng, m\u1eb9 ch\u1ec9 c\u1ea7n x\u00e9 ph\u00eda tr\u00ean m\u00e9p t\u00fai v\u00e0 m\u1edf l\u1edbp zipper ra \u0111\u1ec3 d\u00f9ng th\u1eadt an to\u00e0n v\u00e0 ti\u1ec7n l\u1ee3i.<\/li>\n<\/ul>\n<div><img class=\"aligncenter\" src=\"https:\/\/k.r.worldssl.net\/media\/catalog\/product\/i\/m\/img_0225_2.jpg\" alt=\"\" width=\"500\" \/><\/div>\n<div><strong>Ti\u1ec7n l\u1ee3i khi s\u1eed d\u1ee5ng:<\/strong><\/div>\n<ul>\n<li>T\u00fai c\u00f3 kh\u1ea3 n\u0103ng t\u1ef1 \u0111\u1ee9ng th\u1eb3ng gi\u00fap tr\u1eef s\u1eefa hi\u1ec7u qu\u1ea3 m\u00e0 kh\u00f4ng lo b\u1ecb tr\u00e0n s\u1eefa ra ngo\u00e0i.<\/li>\n<li>S\u1ea3n ph\u1ea9m \u0111\u01b0\u1ee3c s\u1ea3n xu\u1ea5t t\u1ea1i H\u00e0n Qu\u1ed1c, l\u00e0 nh\u00e3n h\u00e0ng \u0111\u01b0\u1ee3c c\u00e1c b\u00e0 m\u1eb9 H\u00e0n Qu\u1ed1c tin d\u00f9ng v\u00e0 \u01b0a chu\u1ed9ng, s\u1ea3n ph\u1ea9m \u0111\u1ea1t c\u00e1c ch\u1ee9ng nh\u1eadn ch\u1ea5t l\u01b0\u1ee3ng GMP c\u1ee7a H\u00e0n Qu\u1ed1c v\u00e0 M\u1ef9.<\/li>\n<\/ul>\n<div><img class=\"aligncenter\" src=\"https:\/\/k.r.worldssl.net\/media\/catalog\/product\/i\/m\/img_0226_2.jpg\" alt=\"\" width=\"500\" \/><\/div>\n<ul>\n<li>Th\u1ec3 t\u00edch: 200ml\/t\u00fai.<\/li>\n<li>S\u1ed1 l\u01b0\u1ee3ng: 30 t\u00fai\/ h\u1ed9p.<\/li>\n<\/ul>\n","protected":false},"excerpt":{"rendered":"<p>C\u00f3<strong> v\u1ea1ch b\u00e1o nhi\u1ec7t chuy\u1ec3n m\u00e0u<\/strong> khi nhi\u1ec7t \u0111\u1ed9 thay \u0111\u1ed5i. C\u1ee5 th\u1ec3\u00a0Khi nhi\u1ec7t \u0111\u1ed9 d\u01b0\u1edbi 37 \u0111\u1ed9, v\u1ea1ch c\u1ea3nh b\u00e1o nhi\u1ec7t s\u1ebd c\u00f3 m\u00e0u \u0111\u1ecf, khi nhi\u1ec7t \u0111\u1ed9 t\u0103ng l\u00ean, v\u1ea1ch c\u1ea3nh b\u00e1o s\u1ebd m\u1edd d\u1ea7n v\u00e0 chuy\u1ec3n sang kh\u00f4 m\u00e0u khi nhi\u1ec7t \u0111\u1ed9 cao h\u01a1n 37 \u0111\u1ed9 C<\/p>\n","protected":false},"featured_media":1082,"comment_status":"open","ping_status":"closed","template":"","meta":[],"_links":{"self":[{"href":"https:\/\/webmaibinh.com\/w\/mevabe\/wp-json\/wp\/v2\/product\/1081"}],"collection":[{"href":"https:\/\/webmaibinh.com\/w\/mevabe\/wp-json\/wp\/v2\/product"}],"about":[{"href":"https:\/\/webmaibinh.com\/w\/mevabe\/wp-json\/wp\/v2\/types\/product"}],"replies":[{"embeddable":true,"href":"https:\/\/webmaibinh.com\/w\/mevabe\/wp-json\/wp\/v2\/comments?post=1081"}],"wp:featuredmedia":[{"embeddable":true,"href":"https:\/\/webmaibinh.com\/w\/mevabe\/wp-json\/wp\/v2\/media\/1082"}],"wp:attachment":[{"href":"https:\/\/webmaibinh.com\/w\/mevabe\/wp-json\/wp\/v2\/media?parent=1081"}],"curies":[{"name":"wp","href":"https:\/\/api.w.org\/{rel}","templated":true}]}}