{"id":1075,"date":"2017-10-06T10:30:32","date_gmt":"2017-10-06T03:30:32","guid":{"rendered":"https:\/\/bizhostvn.com\/w\/mevabe\/?post_type=product&#038;p=1075"},"modified":"2017-10-11T13:22:40","modified_gmt":"2017-10-11T06:22:40","slug":"may-hut-sua-dien-don-unimom-k-pop-eco-um871104","status":"publish","type":"product","link":"https:\/\/webmaibinh.com\/w\/mevabe\/sanpham\/may-hut-sua-dien-don-unimom-k-pop-eco-um871104\/","title":{"rendered":"M\u00e1y h\u00fat s\u1eefa \u0111i\u1ec7n \u0111\u01a1n Unimom K-Pop &#8211; Eco UM871104"},"content":{"rendered":"<h2><strong>M\u00e1y h\u00fat s\u1eefa \u0111i\u1ec7n \u0111\u01a1n Unimom K-Pop &#8211; Eco UM871104<\/strong><\/h2>\n<p>S\u1eefa m\u1eb9 l\u00e0 t\u1ed1t nh\u1ea5t cho con tr\u1ebb, ngu\u1ed3n s\u1eefa c\u1ee7a m\u1eb9 nhi\u1ec1u s\u1ebd cung c\u1ea5p \u0111\u1ea7y \u0111\u1ee7 d\u01b0\u1ee1ng ch\u1ea5t cho b\u00e9. \u0110\u1ec3 c\u00f3 nhi\u1ec1u s\u1eefa, c\u00e1c m\u1eb9 ph\u1ea3i th\u01b0\u1eddng xuy\u00ean k\u00edch th\u00edch vi\u1ec7c ti\u1ebft s\u1eefa b\u1eb1ng c\u00e1ch cho con b\u00fa tr\u1ef1c ti\u1ebfp ho\u1eb7c d\u00f9ng m\u00e1y\u00a0<strong>m\u00e1y h\u00fat s\u1eefa unimom<\/strong>\u00a0b\u1eb1ng \u0111i\u1ec7n \u0111\u1ec3 v\u1eaft s\u1eefa cho b\u00e9. B\u00ed quy\u1ebft th\u1ee9 2 \u0111\u1ec3 ti\u1ebfp t\u1ee5c t\u1ea1o s\u1eefa nhi\u1ec1u h\u01a1n l\u00e0 c\u00e1c b\u1ea7u v\u00fa ph\u1ea3i \u0111\u01b0\u1ee3c h\u00fat h\u1ebft s\u1eefa nhi\u1ec1u l\u1ea7n v\u00e0 ho\u00e0n to\u00e0n. C\u00e0ng \u0111\u01b0\u1ee3c h\u00fat nhi\u1ec1u th\u00ec c\u00e0ng t\u1ea1o ra s\u1eefa nhi\u1ec1u. Vi\u1ec7c h\u00fat s\u1eefa th\u01b0\u1eddng xuy\u00ean l\u00e0m t\u0103ng m\u1ee9c k\u00edch th\u00edch t\u1ed1 prolactin v\u00e0 gi\u00fap duy tr\u00ec ngu\u1ed3n s\u1eefa. \u0110i\u1ec1u n\u00e0y quan tr\u1ecdng \u0111\u1ed1i v\u1edbi nh\u1eefng ng\u01b0\u1eddi m\u1eb9 \u0111i l\u00e0m, b\u1edfi v\u00ec h\u1ecd c\u00f3 th\u1ec3 b\u1ecb thi\u1ebfu s\u1eefa do kh\u00f4ng ph\u1ea3i l\u00fac n\u00e0o c\u0169ng c\u00f3 con b\u00ean c\u1ea1nh m\u00ecnh \u0111\u1ec3 b\u00fa v\u00e0 k\u00edch th\u00edch ngu\u1ed3n s\u1eefa. V\u00ec v\u1eady, m\u1ed9t d\u1ee5ng c\u1ee5 h\u00fat s\u1eefa l\u00e0 quan tr\u1ecdng v\u1edbi c\u00e1c m\u1eb9 \u0111ang cho con b\u00fa.<\/p>\n<p>D\u01b0\u1edbi \u0111\u00e2y, <strong>Kidsplaza<\/strong> xin gi\u1edbi thi\u1ec7u \u0111\u1ebfn c\u00e1c m\u1eb9 s\u1ea3n ph\u1ea9m <strong>m\u00e1y h\u00fat s\u1eefa Unimom Kpop<\/strong> &#8211; Eco UM871104 c\u00f3 thi\u1ebft k\u1ebf ti\u1ec7n l\u1ee3i gi\u00fap m\u1eb9 t\u00e1i t\u1ea1o \u0111\u01b0\u1ee3c nhi\u1ec1u s\u1eefa m\u1ed7i ng\u00e0y.<\/p>\n<p>&nbsp;<\/p>\n<p>&nbsp;<\/p>\n<p><img class=\"aligncenter\" src=\"https:\/\/k.r.worldssl.net\/media\/catalog\/product\/m\/a\/may-hut-sua-dien-unimom-kpop-eco-um871104-1_1.jpg\" alt=\"may hut sua unimom kpop\" width=\"500\" \/><\/p>\n<p><strong><em>Thi\u1ebft k\u1ebf ti\u1ec7n l\u1ee3i gi\u00fap m\u1eb9 t\u00e1i t\u1ea1o \u0111\u01b0\u1ee3c nhi\u1ec1u s\u1eefa m\u1ed7i ng\u00e0y<\/em><\/strong><\/p>\n<h2><strong>Nh\u1eefng chi ti\u1ebft n\u1ed5i b\u1eadt c\u1ee7a s\u1ea3n ph\u1ea9m m\u00e1y v\u1eaft s\u1eefa unimom Kpop &#8211; eco<\/strong><\/h2>\n<p><strong>M\u00e1y h\u00fat s\u1eefa Unimom Kpop &#8211; Eco<\/strong> UM871104 v\u1edbi thi\u1ebft k\u1ebf an to\u00e0n, l\u1ef1c h\u00fat v\u1eeba \u0111\u1ee7, gi\u00fap c\u00e1c b\u00e0 m\u1eb9 c\u1ea3m th\u1ea5y m\u00e1y h\u00fat gi\u1ed1ng nh\u01b0 tr\u1ebb b\u00fa. M\u00e1y h\u00fat \u0111\u01b0\u1ee3c nhi\u1ec1u s\u1eefa trong th\u1eddi gian ng\u1eafn, d\u00f2ng s\u1eefa v\u1ec1 s\u1edbm h\u01a1n v\u00e0 nhi\u1ec1u h\u01a1n, gi\u00fap b\u1ea1n nu\u00f4i con ho\u00e0n to\u00e0n b\u1eb1ng s\u1eefa m\u1eb9, th\u1eadm ch\u00ed m\u1eb9 c\u00f3 th\u1ec3 th\u1eeba s\u1eefa \u0111\u1ec3 b\u1ea3o qu\u1ea3n cho b\u00e9 trong nh\u1eefng l\u00fac m\u1eb9 \u0111i v\u1eafng.<\/p>\n<p>&nbsp;<\/p>\n<p><img class=\"aligncenter\" src=\"https:\/\/k.r.worldssl.net\/media\/catalog\/product\/m\/a\/may-hut-sua-unimom-k-pop-um871098-1_1.jpg\" alt=\"may vat sua unimom kpop\" width=\"500\" \/><\/p>\n<p><strong><em>S\u01a1 \u0111\u1ed3 c\u00e1c b\u1ed9 ph\u1eadn c\u1ee7a m\u00e1y h\u00fat s\u1eefa m\u1eb9 unimom Kpop eco<\/em><\/strong><\/p>\n<ul>\n<li><strong>Unimom Kpop<\/strong> \u0111\u01b0\u1ee3c s\u1ea3n xu\u1ea5t b\u1eb1ng ch\u1ea5t li\u1ec7u nh\u1ef1a an to\u00e0n, kh\u00f4ng ch\u1ee9a BPA, \u0111\u1ea1t ti\u00eau chu\u1ea9n CE (ti\u00eau chu\u1ea9n ch\u1ea5t l\u01b0\u1ee3ng Ch\u00e2u \u00c2u), ISO 9001, ISO 13485.<\/li>\n<li>Thi\u1ebft k\u1ebf c\u00f3 l\u1ef1c h\u00fat t\u1ef1 nhi\u00ean gi\u1ed1ng nh\u01b0 tr\u1ebb b\u00fa v\u1edbi nhi\u1ec1u c\u1ea5p \u0111\u1ed9 kh\u00e1c nhau \u0111i\u1ec1u ch\u1ec9nh r\u1ea5t d\u1ec5 d\u00e0ng, nh\u1ecbp nh\u00e0ng \u0111\u1ec3 s\u1eefa ch\u1ea3y nhi\u1ec1u h\u01a1n.<\/li>\n<li>M\u00e1y c\u00f3 ch\u1ebf \u0111\u1ed9 h\u00fat 2 giai \u0111o\u1ea1n. C\u1ea5p \u0111\u1ed9 h\u00fat 1: giai \u0111o\u1ea1n massage, C\u1ea5p \u0111\u1ed9 h\u00fat 2-6: giai \u0111o\u1ea1n h\u00fat s\u1eefa.<\/li>\n<li>D\u1ec5 d\u00e0ng \u0111i\u1ec1u ch\u1ec9nh l\u1ef1c h\u00fat, chu k\u1ef3 h\u00fat b\u1eb1ng b\u1ed9 \u0111i\u1ec1u khi\u1ec3n \u0111i\u1ec7n t\u1eed \u0111\u1ec3 c\u00f4ng vi\u1ec7c v\u1eaft s\u1eefa c\u1ee7a m\u1eb9 v\u1edbi chi\u1ebfc m\u00e1y unimom kpop \u0111\u01b0\u1ee3c d\u1ec5 d\u00e0ng nh\u1ea5t<\/li>\n<li>Ki\u1ec3u d\u00e1ng trang nh\u00e3, k\u1ebft c\u1ea5u g\u1ecdn nh\u1eb9, kh\u00f4ng g\u00e2y \u1ed3n \u0111\u1ec3 m\u1eb9 ti\u1ec7n mang \u0111i theo, ti\u1ec7n s\u1eed d\u1ee5ng m\u00e0 kh\u00f4ng g\u00e2y \u1ea3nh h\u01b0\u1edfng \u0111\u1ebfn ng\u01b0\u1eddi kh\u00e1c.<\/li>\n<li>H\u1ec7 th\u1ed1ng kh\u00e9p k\u00edn, \u0111\u1ea3m b\u1ea3o v\u1ec7 sinh cho b\u00e9 v\u00e0 gi\u1eef <strong>m\u00e1y h\u00fat s\u1eefa m\u1eb9 b\u1ec1n nh\u1ea5t<\/strong><\/li>\n<li>C\u00f3 k\u00e8m theo b\u00ecnh s\u1eefa 150 ml PP kh\u00f4ng BPA, thi\u1ebft k\u1ebf m\u1edbi b\u1ec1n, \u0111\u1eb9p.<\/li>\n<\/ul>\n<h3><strong>Ti\u00eau chu\u1ea9n k\u1ef9 thu\u1eadt m\u00e1y Unimom Kpop<\/strong><\/h3>\n<ul>\n<li>L\u1ef1c h\u00fat: 0 &#8211; 240 mmHg &#8211; M\u1ee9c \u0111\u1ed9 h\u00fat : 1 &#8211; 6 &#8211; Lo\u1ea1i: m\u00e1y h\u00fat s\u1eefa \u0111\u01a1n<\/li>\n<li>Ngu\u1ed3n \u0111i\u1ec7n \u0111\u1ea7u v\u00e0o: 100-240V, 50-60Hz, \u0111\u1ea7u ra 5VDC 0.8A<\/li>\n<li>B\u1ed9 ph\u1ee5 ki\u1ec7n c\u1ee7a <strong>m\u00e1y v\u1eaft s\u1eefa m\u1eb9 unimom kpop<\/strong> bao g\u1ed3m: 1 Phi\u1ec5u ch\u1ee5p v\u00fa + 1 B\u00ecnh \u0111\u1ef1ng s\u1eefa + 1 AC adapter + 1 \u0111\u1ed9ng c\u01a1 ch\u00ednh + 1 Ch\u00e2n \u0111\u1ebf b\u00ecnh s\u1eefa +1 m\u00e0ng van silicon Kpop + 1 van silicone m\u1ea7u tr\u1eafng + 1 N\u1eafp b\u00ecnh s\u1eefa + 1 N\u00fam v\u00fa + 1 c\u1ed5 b\u00ecnh s\u1eefa + 1 n\u1eafp \u0111\u1eady b\u00ecnh s\u1eefa.<\/li>\n<li>B\u1ea3o h\u00e0nh: 06 th\u00e1ng cho \u0111\u1ed9ng c\u01a1 m\u00e1y.<\/li>\n<\/ul>\n<div><\/div>\n<p><img class=\"aligncenter\" src=\"https:\/\/k.r.worldssl.net\/media\/catalog\/product\/m\/a\/may-hut-sua-unimom-k-pop-um871098-4_1.jpg\" alt=\"huong dan lap dat may hut sua me unimom kpop\" width=\"500\" \/><\/p>\n<p><em>H\u01b0\u1edbng d\u1eabn s\u1eed d\u1ee5ng m\u00e1y<\/em><\/p>\n<h3><strong>H\u01b0\u1edbng d\u1eabn l\u00e0m s\u1ea1ch m\u00e1y<\/strong><\/h3>\n<ul>\n<li>Tr\u01b0\u1edbc v\u00e0 sau m\u1ed7i l\u1ea7n v\u1eaft s\u1eefa cho con b\u1eb1ng <strong>Unimom Kpop<\/strong> c\u00e1c m\u1eb9 c\u1ea7n l\u00e0m s\u1ea1ch v\u00e0 ti\u1ec7t tr\u00f9ng ph\u1ec5u ch\u1ee5p \u0111\u1ea7u ti, van silicone, b\u00ecnh s\u1eefa, n\u00fam ti.<\/li>\n<li>Lu\u00f4n Ki\u1ec3m tra van silicone tr\u01b0\u1edbc khi v\u1eadn h\u00e0nh m\u00e1y (c\u1ea9n th\u1eadn kh\u00f4ng l\u00e0m r\u01a1i m\u1ea5t van ch\u00e2n kh\u00f4ng silicone khi v\u1ec7 sinh c\u00e1c ph\u1ee5 ki\u1ec7n)<\/li>\n<li>Khi c\u00f3 v\u1ea5n \u0111\u1ec1 ho\u1eb7c m\u00e1y h\u00fat y\u1ebfu h\u00e3y g\u1ecdi cho T\u01b0 v\u1ea5n (s\u1ed1 \u0111i\u1ec7n tho\u1ea1i \u1edf b\u00ean d\u01b0\u1edbi) \u0111\u1ec3 \u0111\u01b0\u1ee3c h\u01b0\u1edbng d\u1eabn s\u1eed d\u1ee5ng).<\/li>\n<\/ul>\n","protected":false},"excerpt":{"rendered":"<p><strong>M\u00e1y h\u00fat s\u1eefa Unimom Kpop &#8211; Eco<\/strong> UM871104 v\u1edbi thi\u1ebft k\u1ebf an to\u00e0n, l\u1ef1c h\u00fat v\u1eeba \u0111\u1ee7, gi\u00fap c\u00e1c b\u00e0 m\u1eb9 c\u1ea3m th\u1ea5y m\u00e1y h\u00fat gi\u1ed1ng nh\u01b0 tr\u1ebb b\u00fa. M\u00e1y h\u00fat \u0111\u01b0\u1ee3c nhi\u1ec1u s\u1eefa trong th\u1eddi gian ng\u1eafn, d\u00f2ng s\u1eefa v\u1ec1 s\u1edbm h\u01a1n v\u00e0 nhi\u1ec1u h\u01a1n, gi\u00fap b\u1ea1n nu\u00f4i con ho\u00e0n to\u00e0n b\u1eb1ng s\u1eefa m\u1eb9, th\u1eadm ch\u00ed m\u1eb9 c\u00f3 th\u1ec3 th\u1eeba s\u1eefa \u0111\u1ec3 b\u1ea3o qu\u1ea3n cho b\u00e9 trong nh\u1eefng l\u00fac m\u1eb9 \u0111i v\u1eafng.<\/p>\n","protected":false},"featured_media":1076,"comment_status":"open","ping_status":"closed","template":"","meta":[],"_links":{"self":[{"href":"https:\/\/webmaibinh.com\/w\/mevabe\/wp-json\/wp\/v2\/product\/1075"}],"collection":[{"href":"https:\/\/webmaibinh.com\/w\/mevabe\/wp-json\/wp\/v2\/product"}],"about":[{"href":"https:\/\/webmaibinh.com\/w\/mevabe\/wp-json\/wp\/v2\/types\/product"}],"replies":[{"embeddable":true,"href":"https:\/\/webmaibinh.com\/w\/mevabe\/wp-json\/wp\/v2\/comments?post=1075"}],"wp:featuredmedia":[{"embeddable":true,"href":"https:\/\/webmaibinh.com\/w\/mevabe\/wp-json\/wp\/v2\/media\/1076"}],"wp:attachment":[{"href":"https:\/\/webmaibinh.com\/w\/mevabe\/wp-json\/wp\/v2\/media?parent=1075"}],"curies":[{"name":"wp","href":"https:\/\/api.w.org\/{rel}","templated":true}]}}