{"id":729,"date":"2020-02-12T17:56:33","date_gmt":"2020-02-12T10:56:33","guid":{"rendered":"https:\/\/mayphatdienhungthinhphat.webdemo.vn\/?post_type=product&#038;p=729"},"modified":"2020-02-12T17:56:33","modified_gmt":"2020-02-12T10:56:33","slug":"avr-may-phat-dien-avr-gb-130","status":"publish","type":"product","link":"https:\/\/webmaibinh.com\/w\/mayphatdien2011\/san-pham\/avr-may-phat-dien-avr-gb-130\/","title":{"rendered":"AVR m\u00e1y ph\u00e1t \u0111i\u1ec7n AVR GB-130"},"content":{"rendered":"<p><strong>\u00a0B\u1ed9 \u0111i\u1ec1u khi\u1ec3n \u0111i\u1ec7n \u00e1p AVR GB-130<\/strong><\/p>\n<ol>\n<li>B\u1ea3o h\u00e0nh 1 n\u0103m<\/li>\n<li>Th\u1eddi gian giao h\u00e0ng nhanh<\/li>\n<li>Trong kho, x\u01b0\u1edfng s\u1ea3n xu\u1ea5t<\/li>\n<li>Made: Trung Qu\u1ed1c<\/li>\n<\/ol>\n<p>Ng\u00f5 v\u00e0o Seinsing<\/p>\n<p data-spm-anchor-id=\"a2700.icbuShop.pronpeci14.i0.1162e03cuk37DM\">\u0110i\u1ec7n \u00e1p:\u00a0400VAC, d\u00e2y 1 pha 2<\/p>\n<p>T\u1ea7n s\u1ed1:\u00a050-60Hz<\/p>\n<p>\u00c1p su\u1ea5t \u0111i\u1ec7n \u00e1p\u00a0: 20-100VDC<\/p>\n<p>D\u00f2ng \u0111i\u1ec7n m\u1ed9t chi\u1ec1u\u00a0: 20A<\/p>\n<p>Quy \u0111\u1ecbnh: + \/\u00a0-1% RMS v\u1edbi 4% \u0111\u1ed9ng c\u01a1 \u0111i\u1ec1u h\u00e0nh<\/p>\n<p>\u0110i\u1ec7n \u00e1p t\u00edch t\u1ee5\u00a0: \u0111i\u1ec7n \u00e1p d\u01b0 t\u1ea1i \u0111\u1ea7u cu\u1ed1i AVR \u2265 5 VAC<\/p>\n<p>\u0110i\u1ec1u ch\u1ec9nh \u0111i\u1ec7n \u00e1p ngo\u00e0i\u00a0: +\/- 10% v\u1edbi t\u00f4ng \u0111\u01a1 1 w ohm<\/p>\n<hr \/>\n<p style=\"margin-bottom: 5px;\"><span style=\"color: #333399;\"><strong>C\u00d4NG TY TNHH SX &#8211; TM &#8211; XNK H\u01afNG TH\u1ecaNH PH\u00c1T<\/strong><\/span><\/p>\n<ul>\n<li><span style=\"color: #000000;\"><strong>\u0110\u1ecba ch\u1ec9:<\/strong> S\u1ed1 496\/13 L\u00e3 Xu\u00e2n Oai, T\u1ed5 7, Khu ph\u1ed1 Ph\u01b0\u1edbc Hi\u1ec7p, Ph\u01b0\u1eddng Long Tr\u01b0\u1eddng, Qu\u1eadn 9, TP.HCM<\/span><\/li>\n<li><span class=\"text\" style=\"color: #000000;\"><strong>\u0110i\u1ec7n tho\u1ea1i:<\/strong> <span style=\"color: #ed1c24;\"><strong>0909.078.509<\/strong><\/span><\/span><\/li>\n<li><span class=\"text\" style=\"color: #000000;\"><strong> Email:<\/strong> <span style=\"color: #3366ff;\">hungthinhphatgenerator@gmail.com<\/span><\/span><\/li>\n<\/ul>\n","protected":false},"excerpt":{"rendered":"<ul class=\"mnv-infoproduct\">\n<li><strong>M\u00e3 s\u1ea3n ph\u1ea9m:<\/strong> \u00a0<span style=\"color: red;\">AVR GB-130<\/span><\/li>\n<li><strong>Gi\u00e1 b\u00e1n:<\/strong> <span style=\"color: red;\">LH: 0909.078.509<\/span><\/li>\n<li><strong>Xu\u1ea5t x\u1ee9:<\/strong> China<\/li>\n<li><strong>B\u1ea3o h\u00e0nh:<\/strong> 12 Th\u00e1ng<\/li>\n<\/ul>\n","protected":false},"featured_media":730,"comment_status":"open","ping_status":"closed","template":"","meta":[],"_links":{"self":[{"href":"https:\/\/webmaibinh.com\/w\/mayphatdien2011\/wp-json\/wp\/v2\/product\/729"}],"collection":[{"href":"https:\/\/webmaibinh.com\/w\/mayphatdien2011\/wp-json\/wp\/v2\/product"}],"about":[{"href":"https:\/\/webmaibinh.com\/w\/mayphatdien2011\/wp-json\/wp\/v2\/types\/product"}],"replies":[{"embeddable":true,"href":"https:\/\/webmaibinh.com\/w\/mayphatdien2011\/wp-json\/wp\/v2\/comments?post=729"}],"wp:featuredmedia":[{"embeddable":true,"href":"https:\/\/webmaibinh.com\/w\/mayphatdien2011\/wp-json\/wp\/v2\/media\/730"}],"wp:attachment":[{"href":"https:\/\/webmaibinh.com\/w\/mayphatdien2011\/wp-json\/wp\/v2\/media?parent=729"}],"curies":[{"name":"wp","href":"https:\/\/api.w.org\/{rel}","templated":true}]}}