{"id":679,"date":"2020-02-12T10:45:28","date_gmt":"2020-02-12T03:45:28","guid":{"rendered":"https:\/\/mayphatdienhungthinhphat.webdemo.vn\/?post_type=product&#038;p=679"},"modified":"2020-02-12T10:45:28","modified_gmt":"2020-02-12T03:45:28","slug":"bo-dieu-toc-may-phat-dien-gac-esd-5500e","status":"publish","type":"product","link":"https:\/\/webmaibinh.com\/w\/mayphatdien2011\/san-pham\/bo-dieu-toc-may-phat-dien-gac-esd-5500e\/","title":{"rendered":"B\u1ed9 \u0111i\u1ec1u t\u1ed1c m\u00e1y ph\u00e1t \u0111i\u1ec7n GAC ESD 5500E"},"content":{"rendered":"<p>B\u1ed9 \u0111i\u1ec1u khi\u1ec3n t\u1ed1c \u0111\u1ed9 d\u00f2ng ESD-5500E l\u00e0 m\u1ed9t thi\u1ebft b\u1ecb \u0111i\u1ec7n t\u1eed \u0111\u01b0\u1ee3c thi\u1ebft k\u1ebf \u0111\u1ec3 \u0111i\u1ec1u khi\u1ec3n t\u1ed1c \u0111\u1ed9 \u0111\u1ed9ng c\u01a1 v\u1edbi \u0111\u00e1p \u1ee9ng cu\u1ed1i c\u00f9ng v\u00e0 ch\u00ednh x\u00e1c cho nh\u1eefng thay \u0111\u1ed5i t\u1ea3i tho\u00e1ng qua. V\u00f2ng kh\u00e9p k\u00edn n\u00e0y ki\u1ec3m so\u00e1t, khi k\u1ebft n\u1ed1i v\u1edbi m\u1ed9t thi\u1ebft b\u1ecb truy\u1ec1n \u0111\u1ed9ng \u0111i\u1ec7n t\u1ef7 l\u1ec7 v\u00e0 \u0111\u01b0\u1ee3c cung c\u1ea5p v\u1edbi m\u1ed9t t\u1eeb c\u1ea3m bi\u1ebfn t\u1ed1c \u0111\u1ed9 t\u00edn hi\u1ec7u, s\u1ebd ki\u1ec3m so\u00e1t nhi\u1ec1u lo\u1ea1i \u0111\u1ed9ng c\u01a1 trong m\u1ed9t isochronous ho\u1eb7c ch\u1ebf \u0111\u1ed9 droop. N\u00f3 \u0111\u01b0\u1ee3c thi\u1ebft k\u1ebf cho \u0111\u1ed9 tin c\u1eady cao v\u00e0 \u0111\u01b0\u1ee3c x\u00e2y d\u1ef1ng ch\u1eafc ch\u1eafn \u0111\u1ec3 ch\u1ecbu \u0111\u01b0\u1ee3c \u0111\u1ed9ng c\u01a1 m\u00f4i tr\u01b0\u1eddng.<br \/>\nS\u1ef1 \u0111\u01a1n gi\u1ea3n c\u1ee7a vi\u1ec7c c\u00e0i \u0111\u1eb7t v\u00e0 \u0111i\u1ec1u ch\u1ec9nh l\u00e0 quan tr\u1ecdng nh\u1ea5t trong thi\u1ebft k\u1ebf. Kh\u00f4ng t\u01b0\u01a1ng t\u00e1c ki\u1ec3m so\u00e1t hi\u1ec7u su\u1ea5t cho ph\u00e9p \u0111\u00e1p \u1ee9ng t\u1ed1i \u01b0u \u0111\u1ec3 d\u1ec5 d\u00e0ng thu \u0111\u01b0\u1ee3c.<br \/>\nC\u00e1c t\u00ednh n\u0103ng ch\u00ednh c\u1ee7a b\u1ed9 \u0111i\u1ec1u khi\u1ec3n t\u1ed1c \u0111\u1ed9 d\u00f2ng ESD-5500E l\u00e0 \u0111\u1ed9ng c\u01a1 B\u1eaeT \u0110\u1ea6U<br \/>\n\u0110I\u1ec0U KHI\u1ec2N B FUNG L FUI v\u00e0 T\u1ed0C \u0110\u1ed8. Vi\u1ec7c s\u1eed d\u1ee5ng c\u00e1c t\u00ednh n\u0103ng n\u00e0y s\u1ebd gi\u1ea3m thi\u1ec3u \u0111\u1ed9ng c\u01a1 x\u1ea3 kh\u00f3i c\u00f3 kinh nghi\u1ec7m tr\u01b0\u1edbc khi \u0111\u1ea1t \u0111\u01b0\u1ee3c t\u1ed1c \u0111\u1ed9 v\u1eadn h\u00e0nh \u0111\u1ed9ng c\u01a1.<br \/>\nC\u00e1c t\u00ednh n\u0103ng kh\u00e1c bao g\u1ed3m \u0111i\u1ec1u ch\u1ec9nh \u0111\u1ed9 gi\u1ea3m v\u00e0 ho\u1ea1t \u0111\u1ed9ng nh\u00e0n r\u1ed7i, \u0111\u1ea7u v\u00e0o cho c\u00e1c ph\u1ee5 ki\u1ec7n \u0111\u01b0\u1ee3c s\u1eed d\u1ee5ng trong nhi\u1ec1u \u0111\u1ed9ng c\u01a1 ho\u1eb7c c\u00e1c \u1ee9ng d\u1ee5ng \u0111\u1eb7c bi\u1ec7t, b\u1ea3o v\u1ec7 ch\u1ed1ng l\u1ea1i \u0111i\u1ec7n \u00e1p pin ng\u01b0\u1ee3c, tho\u00e1ng qua \u0111i\u1ec7n \u00e1p, m\u1ea1ch ng\u1eafn ng\u1eabu nhi\u00ean c\u1ee7a thi\u1ebft b\u1ecb truy\u1ec1n \u0111\u1ed9ng v\u00e0 thi\u1ebft k\u1ebf kh\u00f4ng an to\u00e0n trong s\u1ef1 ki\u1ec7n et m\u1ea5t t\u00edn hi\u1ec7u c\u1ea3m bi\u1ebfn t\u1ed1c \u0111\u1ed9 ho\u1eb7c ngu\u1ed3n cung c\u1ea5p pin.<br \/>\nB\u1ed9 \u0111i\u1ec1u khi\u1ec3n t\u1ed1c \u0111\u1ed9 d\u00f2ng ESD-5500E t\u01b0\u01a1ng th\u00edch v\u1edbi t\u1ea5t c\u1ea3 c\u00e1c b\u1ed9 truy\u1ec1n \u0111\u1ed9ng t\u1ef7 l\u1ec7 GAC ngo\u1ea1i tr\u1eeb thi\u1ebft b\u1ecb truy\u1ec1n \u0111\u1ed9ng \u0111i\u1ec7n ACB-2000. Khi \u0111i\u1ec1u khi\u1ec3n t\u1ed1c \u0111\u1ed9 d\u00f2ng ESD-550OE \u0111\u01a1n v\u1ecb \u0111\u01b0\u1ee3c s\u1eed d\u1ee5ng v\u1edbi thi\u1ebft b\u1ecb truy\u1ec1n \u0111\u1ed9ng \u0111i\u1ec7n ADC-100 Series, ph\u1ea1m vi \u0111i\u1ec1u ch\u1ec9nh DROOP s\u1ebd \u00edt h\u01a1n do nhu c\u1ea7u hi\u1ec7n t\u1ea1i th\u1ea5p c\u1ee7a thi\u1ebft b\u1ecb truy\u1ec1n \u0111\u1ed9ng n\u00e0y.<\/p>\n<p><strong>TH\u00d4NG S\u1ed0 K\u1ef8 THU\u1eacT :<\/strong><\/p>\n<p>HI\u1ec6U SU\u1ea4T<br \/>\nHo\u1ea1t \u0111\u1ed9ng kh\u00f4ng \u0111\u1ed3ng b\u1ed9 \u00b1 0,25% ho\u1eb7c t\u1ed1t h\u01a1n<br \/>\nPh\u1ea1m vi t\u1ed1c \u0111\u1ed9 \/ Th\u1ed1ng \u0111\u1ed1c 1 &#8211; 7,5 KHz Li\u00ean t\u1ee5c<br \/>\nT\u1ed1c \u0111\u1ed9 tr\u00f4i v\u1edbi nhi\u1ec7t \u0111\u1ed9 \u00b1 1% t\u1ed1i \u0111a<br \/>\nNh\u00e0n r\u1ed7i \u0111i\u1ec1u ch\u1ec9nh CW 60% t\u1ed1c \u0111\u1ed9 \u0111\u1eb7t<br \/>\n\u0110i\u1ec1u ch\u1ec9nh nh\u00e0n r\u1ed7i CCW \u00cdt h\u01a1n 1200 Hz<br \/>\nDroop Range 1 &#8211; 5% quy \u0111\u1ecbnh<br \/>\nDroop Adj. T\u1ed1i \u0111a (K-L nh\u1ea3y) 400 Hz., \u00b1 75 Hz tr\u00ean 1.0 Thay \u0111\u1ed5i<br \/>\nDroop Adj. Min (K-L Jumpered) 15 Hz., \u00b1 75 Hz tr\u00ean 1.0 Thay \u0111\u1ed5i<br \/>\nPh\u1ea1m vi c\u1eaft t\u1ed1c \u0111\u1ed9 \u00b1 200 Hz<br \/>\nPh\u1ea1m vi t\u1ed1c \u0111\u1ed9 bi\u1ebfn t\u1eeb xa 500 &#8211; 7,5 KHz<br \/>\n\u0110\u1ed9 nh\u1ea1y thi\u1ebft b\u1ecb \u0111\u1ea7u cu\u1ed1i<br \/>\nJ<br \/>\nL<br \/>\nN<br \/>\nP<br \/>\n100 Hz., \u00b1 15 Hz \/ Volt @ 5.0 K Tr\u1edf kh\u00e1ng<br \/>\n735 Hz., \u00b1 60 Hz \/ Volt @ 65 K Tr\u1edf kh\u00e1ng<br \/>\n148 Hz., \u00b1 10 Hz \/ Volt Tr\u1edf kh\u00e1ng 1 Megabyte<br \/>\n10 Cung c\u1ea5p VDC @ 20 mA Max<br \/>\n\u0110\u1ea6U RA \u0110\u1ea6U V\u00c0O<br \/>\nDC cung c\u1ea5p 12-24 VDC h\u1ec7 th\u1ed1ng pin<br \/>\n\u0110i\u1ec7n \u00e1p tho\u00e1ng qua v\u00e0 ng\u01b0\u1ee3c b\u1ea3o v\u1ec7<br \/>\nM\u1eb7t \u0111\u1ea5t Ph\u1ee7 \u0111\u1ecbnh C\u1ef1c (Tr\u01b0\u1eddng h\u1ee3p B\u1ecb c\u00f4 l\u1eadp)<br \/>\nC\u00f4ng su\u1ea5t ti\u00eau th\u1ee5 50mA li\u00ean t\u1ee5c c\u1ed9ng v\u1edbi thi\u1ebft b\u1ecb truy\u1ec1n \u0111\u1ed9ng hi\u1ec7n t\u1ea1i<br \/>\nPh\u1ea1m vi t\u00edn hi\u1ec7u t\u1ed1c \u0111\u1ed9 1.0-50 VAC<br \/>\nPh\u1ea1m vi hi\u1ec7n t\u1ea1i c\u1ee7a thi\u1ebft b\u1ecb truy\u1ec1n \u0111\u1ed9ng<br \/>\n@ 77 \u00b0 F (25 \u00b0 C)<br \/>\nMin 1,0 A<br \/>\nT\u1ed1i \u0111a 10 A<br \/>\nT\u00edn hi\u1ec7u c\u1ea3m bi\u1ebfn t\u1ed1c \u0111\u1ed9 1.0 &#8211; 120 Volts RMS<br \/>\n\u0110\u1ed8 TIN C\u1eacY<br \/>\nRung 1G @ 20-100 Hz<br \/>\nKi\u1ec3m tra 100% th\u1eed nghi\u1ec7m ch\u1ee9c n\u0103ng<br \/>\nM\u00d4I TR\u01af\u1edcNG<br \/>\nNhi\u1ec7t \u0111\u1ed9 m\u00f4i tr\u01b0\u1eddng t\u1eeb -40 \u00b0 \u0111\u1ebfn 85 \u00b0 C (-40 \u0111\u1ebfn 180 \u00b0 F)<br \/>\n\u0110\u1ed9 \u1ea8m t\u01b0\u01a1ng \u0111\u1ed1i l\u00ean \u0111\u1ebfn 95%<br \/>\nT\u1ea5t c\u1ea3 B\u1ec1 M\u1eb7t K\u1ebft Th\u00fac N\u1ea5m B\u1eb1ng Ch\u1ee9ng v\u00e0 Ch\u1ed1ng \u0102n M\u00f2n<br \/>\nTI\u00caU CHU\u1ea8N \/ TI\u00caU CHU\u1ea8N<br \/>\nY\u00eau c\u1ea7u v\u1ec1 CE v\u00e0 RoHS c\u1ee7a \u0111\u1ea1i l\u00fd<br \/>\nV\u1eacT L\u00dd<br \/>\nK\u00edch th\u01b0\u1edbc Xem S\u01a1 \u0111\u1ed3 H\u1ec7 th\u1ed1ng D\u00e2y \u0111i\u1ec7n v\u00e0 Ph\u00e1c th\u1ea3o<br \/>\nTr\u1ecdng l\u01b0\u1ee3ng 1,2 lb (0,544 kg)<br \/>\nG\u1eafn b\u1ea5t k\u1ef3 v\u1ecb tr\u00ed n\u00e0o, d\u1ecdc \u0111\u01b0\u1ee3c \u01b0a th\u00edch<\/p>\n<p>&#8212;&#8212;&#8212;&#8212;&#8212;&#8212;&#8212;&#8212;&#8212;&#8212;<\/p>\n<p style=\"margin-bottom: 5px;\"><span style=\"color: #333399;\"><strong>C\u00d4NG TY TNHH SX &#8211; TM &#8211; XNK H\u01afNG TH\u1ecaNH PH\u00c1T<\/strong><\/span><\/p>\n<ul>\n<li><span style=\"color: #000000;\"><strong>\u0110\u1ecba ch\u1ec9:<\/strong> S\u1ed1 496\/13 L\u00e3 Xu\u00e2n Oai, T\u1ed5 7, KP Ph\u01b0\u1edbc Hi\u1ec7p, P. Long Tr\u01b0\u1eddng, Q. 9, TP.HCM<\/span><\/li>\n<li><span class=\"text\" style=\"color: #000000;\"><strong>\u0110i\u1ec7n tho\u1ea1i:<\/strong> <span style=\"color: #ed1c24;\"><strong>0909.078.509<\/strong><\/span><\/span><\/li>\n<li><span class=\"text\" style=\"color: #000000;\"><strong> Email:<\/strong> <span style=\"color: #3366ff;\">hungthinhphatgenerator@gmail.com<\/span><\/span><\/li>\n<\/ul>\n","protected":false},"excerpt":{"rendered":"<ul class=\"mnv-infoproduct\">\n<li><strong>M\u00e3 s\u1ea3n ph\u1ea9m:<\/strong> <span style=\"color: red;\">ESD 5500E<\/span><\/li>\n<li><strong>Gi\u00e1 b\u00e1n:<\/strong> <span style=\"color: red;\">LH: 0909.078.509<\/span><\/li>\n<li><strong>Xu\u1ea5t x\u1ee9:<\/strong> China<\/li>\n<li><strong>B\u1ea3o h\u00e0nh:<\/strong> 12 Th\u00e1ng<\/li>\n<\/ul>\n","protected":false},"featured_media":680,"comment_status":"open","ping_status":"closed","template":"","meta":[],"_links":{"self":[{"href":"https:\/\/webmaibinh.com\/w\/mayphatdien2011\/wp-json\/wp\/v2\/product\/679"}],"collection":[{"href":"https:\/\/webmaibinh.com\/w\/mayphatdien2011\/wp-json\/wp\/v2\/product"}],"about":[{"href":"https:\/\/webmaibinh.com\/w\/mayphatdien2011\/wp-json\/wp\/v2\/types\/product"}],"replies":[{"embeddable":true,"href":"https:\/\/webmaibinh.com\/w\/mayphatdien2011\/wp-json\/wp\/v2\/comments?post=679"}],"wp:featuredmedia":[{"embeddable":true,"href":"https:\/\/webmaibinh.com\/w\/mayphatdien2011\/wp-json\/wp\/v2\/media\/680"}],"wp:attachment":[{"href":"https:\/\/webmaibinh.com\/w\/mayphatdien2011\/wp-json\/wp\/v2\/media?parent=679"}],"curies":[{"name":"wp","href":"https:\/\/api.w.org\/{rel}","templated":true}]}}