{"id":924,"date":"2018-03-23T01:55:05","date_gmt":"2018-03-23T01:55:05","guid":{"rendered":"https:\/\/linhkien.khowebseotop.vn\/?post_type=product&#038;p=924"},"modified":"2018-03-23T15:20:24","modified_gmt":"2018-03-23T15:20:24","slug":"iphone-7-plus-128gb-cu-dep-99","status":"publish","type":"product","link":"https:\/\/webmaibinh.com\/w\/linhkien2011\/san-pham\/iphone-7-plus-128gb-cu-dep-99\/","title":{"rendered":"iPhone 7 Plus 128GB c\u0169 (\u0110\u1eb9p 99% )"},"content":{"rendered":"<h2>iPhone 7 Plus 128 GB x\u00e1ch tay\u00a0c\u0169 \u0111\u00e3 c\u00f3 gi\u00e1 r\u1ea5t t\u1ed1t.<\/h2>\n<p>L\u00e0 th\u1ebf h\u1ec7 iPhone \u0111\u1eb3ng c\u1ea5p nh\u1ea5t hi\u1ec7n t\u1ea1i, c\u0169ng nh\u01b0 l\u00e0 m\u1ed9t chi\u1ebfc Smartphone m\u1ea1nh m\u1ebd h\u00e0ng \u0111\u1ea7u th\u1ebf gi\u1edbi, iPhone 7 Plus lu\u00f4n l\u00e0 s\u1ea3n ph\u1ea9m \u0111\u01b0\u1ee3c r\u1ea5t nhi\u1ec1u ng\u01b0\u1eddi mong \u01b0\u1edbc c\u00f3 \u0111\u01b0\u1ee3c \u0111\u1eb7c bi\u1ec7t l\u00e0 c\u00e1c fan h\u00e2m m\u1ed9 c\u1ee7a Apple.<\/p>\n<p><iframe src=\"https:\/\/www.youtube.com\/embed\/X0qdtb66sr4?rel=0\" width=\"640\" height=\"360\" frameborder=\"0\" allowfullscreen=\"allowfullscreen\" data-mce-fragment=\"1\"><\/iframe><\/p>\n<p>Tr\u01b0\u1edbc \u0111\u00e2y nh\u1eafc t\u1edbi iPhone 7 Plus ch\u00ednh h\u00e3ng th\u00ec m\u1ecdi ng\u01b0\u1eddi th\u01b0\u1eddng ch\u00f9ng b\u01b0\u1edbc b\u1edfi m\u1ee9c gi\u00e1 cho 1 chi\u1ebfc iPhone 7 Plus 128GB ch\u00ednh h\u00e3ng kh\u00e1 l\u00e0 cao, khi\u1ebfn m\u1ecdi ng\u01b0\u1eddi chuy\u1ec3n h\u01b0\u1edbng sang nh\u1eefng chi\u1ebfc iPhone 7 Plus c\u0169. Mua iPhone c\u0169 c\u0169ng l\u00e0 m\u1ed9t gi\u1ea3i ph\u00e1p nh\u01b0ng n\u00f3 kh\u00f4ng an to\u00e0n nh\u01b0 nhi\u1ec1u ng\u01b0\u1eddi ngh\u0129 khi tr\u00ean ch\u1ea5t l\u01b0\u1ee3ng tr\u00ean th\u1ecb tr\u01b0\u1eddng kh\u00e1 l\u00e0 kh\u00f3 ki\u1ec3m xo\u00e1t. HungMobile \u0111\u01b0a cho c\u00e1c b\u1ea1n m\u1ed9t gi\u1ea3i ph\u00e1p t\u1ed1t h\u01a1n nhi\u1ec1u \u0111\u00f3 l\u00e0 l\u1ef1a ch\u1ecdn nh\u1eefng chi\u1ebfc\u00a0iPhone 7 Plus\u00a0\u0110\u1ed5i B\u1ea3o H\u00e0nh ch\u00ednh h\u00e3ng\u00a0VN\/A\u00a0n\u00e0y. Chi ti\u1ebft c\u00e1c b\u1ea1n c\u00f3 th\u1ec3 tham kh\u1ea3o th\u00eam\u00a0T\u1ea1i \u0110\u00e2y.<\/p>\n<h2>Mua iPhone 7 Plus x\u00e1ch tay h\u00e0ng c\u0169 c\u00f3 t\u1ed1t ?<\/h2>\n<p>V\u1edbi m\u1ee9c gi\u00e1 r\u1ebb h\u01a1n g\u1ea7n c\u1ea3 ch\u1ee5c tri\u1ec7u \u0111\u1ed3ng th\u00ec \u0111\u00e2y l\u00e0 m\u1ed9t c\u00e2u h\u1ecfi m\u00e0 ai c\u0169ng s\u1ebd \u0111\u1eb7t ra. C\u00e2u tr\u1ea3 l\u1eddi r\u1ea5t \u0111\u01a1n gi\u1ea3n gi\u00e0nh cho b\u1ea1n \u0111\u00f3 l\u00e0: N\u00ean mua n\u1ebfu \u0111\u00f3 l\u00e0 m\u1ed9t chi\u1ebfc m\u00e1y chu\u1ea9n ch\u00ednh h\u00e3ng c\u00f3 ch\u1ea5t l\u01b0\u1ee3ng t\u1ed1t t\u01b0\u01a1ng t\u1ef1 m\u00e1y m\u1edbi, nh\u01b0ng c\u0169ng tuy\u1ec7t \u0111\u1ed1i kh\u00f4ng n\u00ean mua n\u1ebfu \u0111\u00f3 l\u00e0 m\u1ed9t chi\u1ebfc m\u00e1y ch\u1ea5t l\u01b0\u1ee3ng t\u1ed3i, l\u00e0 h\u00e0ng \u0111\u00e3 qua s\u1eeda ch\u1eefa, ngu\u1ed3n g\u1ed1c kh\u00f4ng r\u00f5 r\u00e0ng hay n\u01a1i b\u00e1n kh\u00f4ng uy t\u00edn.<\/p>\n<p>V\u1edbi g\u1ea7n 6 n\u0103m ph\u00e1t tri\u1ec3n v\u00e0 g\u00e2y d\u1ef1ng m\u1ed9t th\u01b0\u01a1ng hi\u1ec7u uy t\u00edn. HungMobile bi\u1ebft r\u00f5 nh\u01b0 th\u1ebf n\u00e0o l\u00e0 s\u1ea3n ph\u1ea9m c\u00f3 ch\u1ea5t l\u01b0\u1ee3ng t\u1ed1t v\u00e0 l\u00e0m sao \u0111\u1ec3 kh\u00e1ch h\u00e0ng tho\u1ea3 m\u00e3n nhu c\u1ea7u kh\u1ec9 s\u1eed d\u1ee5ng s\u1ea3n ph\u1ea9m c\u1ee7a m\u00ecnh. V\u00e0 sau \u0111\u00e2y l\u00e0 nh\u1eefng l\u1ee3i \u00edch khi b\u1ea1n mua iPhone 7 Plus c\u0169 t\u1ea1i HungMobile m\u00e0 kh\u00f4ng ph\u1ea3i n\u01a1i n\u00e0o c\u0169ng \u0111\u00e1p \u1ee9ng \u0111\u01b0\u1ee3c.<\/p>\n<h2>1. L\u00e0 phi\u00ean b\u1ea3n Qu\u1ed1c T\u1ebf, ngu\u1ed3n c\u00f3 ngu\u1ed3n g\u1ed1c r\u00f5 r\u00e0ng, kh\u00f4ng s\u1ee3 b\u1ecb kho\u00e1.<\/h2>\n<p>S\u1ea3n ph\u1ea9m n\u00e0y l\u00e0 phi\u00ean b\u1ea3n Qu\u1ed1c T\u1ebf ch\u1ee7 y\u1ebfu \u0111\u01b0\u1ee3c nh\u1eadp kh\u1ea9u t\u1eeb th\u1ecb tr\u01b0\u1eddng M\u1ef9, b\u1ea1n ch\u1ec9 vi\u1ec7c l\u1eafp sim v\u00e0o s\u1eed d\u1ee5ng m\u00e0 th\u00f4i, kh\u00f4ng c\u00f3 b\u1ea5t k\u00ec h\u1ea1n ch\u1ebf n\u00e0o. Ch\u1ea5t l\u01b0\u1ee3ng iPhone c\u0169 t\u1ea1i HungMobile \u0111\u00e3 t\u1ed1t nh\u01b0ng nh\u1eefng chi\u1ebfc iPhone \u0110\u1ed5i B\u1ea3o H\u00e0nh c\u00f2n t\u1ed1t h\u01a1n. B\u1edfi ch\u00fang l\u00e0 nh\u1eefng chi\u1ebfc m\u00e1y m\u1edbi 100%, ch\u01b0a Active. Khi kh\u00e1ch h\u00e0ng mua m\u00e1y s\u1ebd kh\u00f4ng c\u1ea7n ph\u1ea3i l\u1ef1a ch\u1ecdn g\u00ec c\u1ea3, ch\u1ec9 vi\u1ec7c l\u1eafp sim v\u00e0o Active \u0111\u1ec3 s\u1eed d\u1ee5ng, ch\u1ea5t l\u01b0\u1ee3ng t\u1ed1t v\u00e0 an t\u00e2m h\u01a1n r\u1ea5t nhi\u1ec1u.<\/p>\n<p><img src=\"https:\/\/linhkien.khowebseotop.vn\/wp-content\/uploads\/2018\/03\/iphone-7-plus-128gb-cu-dep-99-924.jpg\" alt=\"iPhone 7 Plus c\u00f3 thi\u1ebft k\u1ebf \u0111\u1eb9p m\u1eaft\" \/><\/p>\n<h2>2. M\u00e1y c\u00f3 h\u00ecnh th\u1ee9c \u0111\u1eb9p ho\u00e0n to\u00e0n nh\u01b0 m\u1edbi.<\/h2>\n<p>iPhone 7 Plus c\u0169 t\u1ea1i HungMobile tuy s\u1ebd gi\u00fap cho b\u1ea1n ti\u1ebft ki\u1ec7m \u0111\u01b0\u1ee3c kho\u1ea3ng 8 tri\u1ec7u \u0111\u1ed3ng so v\u1edbi vi\u1ec7c mua h\u00e0ng ch\u00ednh h\u00e3ng t\u1ea1i FPT, nh\u01b0ng kh\u00f4ng v\u00ec th\u1ebf m\u00e0 b\u1ea1n ph\u1ea3i ch\u1ecbu thi\u1ec7t th\u00f2i v\u1ec1 m\u1ed9t s\u1ea3n ph\u1ea9m c\u00f3 h\u00ecnh th\u1ee9c b\u1ecb x\u01b0\u1edbc m\u00f3p qu\u00e1 nhi\u1ec1u.\u00a0Truy\u1ec1n th\u1ed1ng c\u1ee7a HungMobile t\u1eeb khi th\u00e0nh l\u1eadp \u0111\u1ebfn nay \u0111\u1ed1i v\u1edbi \u0111i\u1ec7n tho\u1ea1i c\u0169 l\u00e0 ch\u1ec9 b\u00e1n nh\u1eefng m\u00e1y c\u00f3 h\u00ecnh th\u1ee9c ph\u1ea3i c\u00f2n \u0111\u1eb9p nh\u01b0 m\u1edbi.<\/p>\n","protected":false},"excerpt":{"rendered":"<p>iPhone 7 Plus 128 GB x\u00e1ch tay\u00a0c\u0169 \u0111\u00e3 c\u00f3 gi\u00e1 r\u1ea5t t\u1ed1t. L\u00e0 th\u1ebf h\u1ec7 iPhone \u0111\u1eb3ng c\u1ea5p nh\u1ea5t hi\u1ec7n t\u1ea1i, c\u0169ng nh\u01b0 l\u00e0 m\u1ed9t chi\u1ebfc Smartphone m\u1ea1nh m\u1ebd h\u00e0ng \u0111\u1ea7u th\u1ebf gi\u1edbi, iPhone 7 Plus lu\u00f4n l\u00e0 s\u1ea3n ph\u1ea9m \u0111\u01b0\u1ee3c r\u1ea5t nhi\u1ec1u ng\u01b0\u1eddi mong \u01b0\u1edbc c\u00f3 \u0111\u01b0\u1ee3c \u0111\u1eb7c bi\u1ec7t l\u00e0 c\u00e1c fan h\u00e2m m\u1ed9 c\u1ee7a Apple. Tr\u01b0\u1edbc \u0111\u00e2y nh\u1eafc t\u1edbi iPhone 7 Plus ch\u00ednh h\u00e3ng th\u00ec m\u1ecdi ng\u01b0\u1eddi th\u01b0\u1eddng ch\u00f9ng b\u01b0\u1edbc b\u1edfi m\u1ee9c gi\u00e1 cho 1 chi\u1ebfc iPhone 7 [&#8230;]\n","protected":false},"featured_media":925,"comment_status":"open","ping_status":"closed","template":"","meta":[],"_links":{"self":[{"href":"https:\/\/webmaibinh.com\/w\/linhkien2011\/wp-json\/wp\/v2\/product\/924"}],"collection":[{"href":"https:\/\/webmaibinh.com\/w\/linhkien2011\/wp-json\/wp\/v2\/product"}],"about":[{"href":"https:\/\/webmaibinh.com\/w\/linhkien2011\/wp-json\/wp\/v2\/types\/product"}],"replies":[{"embeddable":true,"href":"https:\/\/webmaibinh.com\/w\/linhkien2011\/wp-json\/wp\/v2\/comments?post=924"}],"wp:featuredmedia":[{"embeddable":true,"href":"https:\/\/webmaibinh.com\/w\/linhkien2011\/wp-json\/wp\/v2\/media\/925"}],"wp:attachment":[{"href":"https:\/\/webmaibinh.com\/w\/linhkien2011\/wp-json\/wp\/v2\/media?parent=924"}],"curies":[{"name":"wp","href":"https:\/\/api.w.org\/{rel}","templated":true}]}}