{"id":1226,"date":"2018-04-23T08:36:51","date_gmt":"2018-04-23T08:36:51","guid":{"rendered":"https:\/\/linhkien.khowebseotop.vn\/?post_type=product&#038;p=1226"},"modified":"2018-04-23T08:36:51","modified_gmt":"2018-04-23T08:36:51","slug":"bo-mo-rong-internet-qua-duong-day-dien-tl-wpa4220kit","status":"publish","type":"product","link":"https:\/\/webmaibinh.com\/w\/linhkien2011\/san-pham\/bo-mo-rong-internet-qua-duong-day-dien-tl-wpa4220kit\/","title":{"rendered":"B\u1ed9 m\u1edf r\u1ed9ng Internet qua \u0111\u01b0\u1eddng d\u00e2y \u0111i\u1ec7n TL-WPA4220KIT"},"content":{"rendered":"<h2><strong>B\u1ed9 m\u1edf r\u1ed9ng Internet qua \u0111\u01b0\u1eddng d\u00e2y \u0111i\u1ec7n AV500 h\u1ed7 tr\u1ee3 WiFi t\u1ed1c \u0111\u1ed9 300Mbps TL-WPA4220KIT<\/strong><\/h2>\n<p style=\"font-weight: 400;\">\n<p style=\"font-weight: 400;\">&#8211; M\u1edf r\u1ed9ng s\u00f3ng m\u1ed9t ch\u1ea1m &#8211; N\u00fat sao ch\u00e9p WiFi \u0111\u01a1n gi\u1ea3n h\u00f3a vi\u1ec7c c\u1ea5u h\u00ecnh m\u1ea1ng WiFi, gi\u00fap x\u00e2y d\u1ef1ng m\u1ed9t m\u1ea1ng kh\u00f4ng d\u00e2y xuy\u00ean su\u1ed1t t\u1ea1i gia.<\/p>\n<p style=\"font-weight: 400;\">&#8211; Chu\u1ea9n Homeplug AV cung c\u1ea5p t\u1ed1c \u0111\u1ed9 truy\u1ec1n t\u1ea3i d\u1eef li\u1ec7u cao l\u00ean \u0111\u1ebfn 500Mbps qua \u0111\u01b0\u1eddng d\u00e2y \u0111i\u1ec7n c\u00f3 s\u1eb5n trong nh\u00e0, l\u00fd t\u01b0\u1edfng cho vi\u1ec7c xem video HD ho\u1eb7c 3D v\u00e0 ch\u01a1i tr\u00f2 ch\u01a1i tr\u1ef1c tuy\u1ebfn<\/p>\n<p style=\"font-weight: 400;\">&#8211; K\u1ebft n\u1ed1i kh\u00f4ng d\u00e2y m\u1edf r\u1ed9ng t\u1ed1c \u0111\u1ed9 300Mbps ph\u1ee7 s\u00f3ng c\u1ea3 nh\u1eefng khu v\u1ef1c tr\u01b0\u1edbc \u0111\u00e2y kh\u00f4ng th\u1ec3 c\u00f3 s\u00f3ng kh\u00f4ng d\u00e2y trong nh\u00e0 ho\u1eb7c v\u0103n ph\u00f2ng c\u1ee7a b\u1ea1n.<\/p>\n<p style=\"font-weight: 400;\">&#8211; N\u00fat nh\u1ea5n sao ch\u00e9p Wi-Fi Clone gi\u00fap\u00a0c\u1ea5u h\u00ecnh Wi-Fi d\u1ec5 d\u00e0ng\u00a0v\u00e0 t\u1ea1o\u00a0h\u1ec7 th\u1ed1ng m\u1ea1ng xuy\u00ean su\u1ed1t trong nh\u00e0.<\/p>\n<p style=\"font-weight: 400;\">&#8211; Chu\u1ea9n c\u1eafm\u00a0Homeplug AV cung c\u1ea5p t\u1ed1c \u0111\u1ed9 truy\u1ec1n t\u1ea3i d\u1eef li\u1ec7u cao l\u00ean \u0111\u1ebfn 200Mbps<\/p>\n","protected":false},"excerpt":{"rendered":"<p>B\u1ed9 m\u1edf r\u1ed9ng Internet qua \u0111\u01b0\u1eddng d\u00e2y \u0111i\u1ec7n AV500 h\u1ed7 tr\u1ee3 WiFi t\u1ed1c \u0111\u1ed9 300Mbps TL-WPA4220KIT &#8211; M\u1edf r\u1ed9ng s\u00f3ng m\u1ed9t ch\u1ea1m &#8211; N\u00fat sao ch\u00e9p WiFi \u0111\u01a1n gi\u1ea3n h\u00f3a vi\u1ec7c c\u1ea5u h\u00ecnh m\u1ea1ng WiFi, gi\u00fap x\u00e2y d\u1ef1ng m\u1ed9t m\u1ea1ng kh\u00f4ng d\u00e2y xuy\u00ean su\u1ed1t t\u1ea1i gia. &#8211; Chu\u1ea9n Homeplug AV cung c\u1ea5p t\u1ed1c \u0111\u1ed9 truy\u1ec1n t\u1ea3i d\u1eef li\u1ec7u cao l\u00ean \u0111\u1ebfn 500Mbps qua \u0111\u01b0\u1eddng d\u00e2y \u0111i\u1ec7n c\u00f3 s\u1eb5n trong nh\u00e0, l\u00fd t\u01b0\u1edfng cho vi\u1ec7c xem video HD ho\u1eb7c 3D v\u00e0 [&#8230;]\n","protected":false},"featured_media":1227,"comment_status":"open","ping_status":"closed","template":"","meta":[],"_links":{"self":[{"href":"https:\/\/webmaibinh.com\/w\/linhkien2011\/wp-json\/wp\/v2\/product\/1226"}],"collection":[{"href":"https:\/\/webmaibinh.com\/w\/linhkien2011\/wp-json\/wp\/v2\/product"}],"about":[{"href":"https:\/\/webmaibinh.com\/w\/linhkien2011\/wp-json\/wp\/v2\/types\/product"}],"replies":[{"embeddable":true,"href":"https:\/\/webmaibinh.com\/w\/linhkien2011\/wp-json\/wp\/v2\/comments?post=1226"}],"wp:featuredmedia":[{"embeddable":true,"href":"https:\/\/webmaibinh.com\/w\/linhkien2011\/wp-json\/wp\/v2\/media\/1227"}],"wp:attachment":[{"href":"https:\/\/webmaibinh.com\/w\/linhkien2011\/wp-json\/wp\/v2\/media?parent=1226"}],"curies":[{"name":"wp","href":"https:\/\/api.w.org\/{rel}","templated":true}]}}