{"id":265,"date":"2019-11-17T08:10:45","date_gmt":"2019-11-17T01:10:45","guid":{"rendered":"http:\/\/khachsan.muathemewordpress.net\/?post_type=product&#038;p=265"},"modified":"2019-11-17T08:11:22","modified_gmt":"2019-11-17T01:11:22","slug":"superior-twin-city-view-room","status":"publish","type":"product","link":"https:\/\/webmaibinh.com\/w\/khachsan32011\/room\/superior-twin-city-view-room\/","title":{"rendered":"Superior Twin City View Room"},"content":{"rendered":"<p data-fontsize=\"26\" data-lineheight=\"43\">B\u1ea1n \u0111ang d\u1ef1 \u0111\u1ecbnh \u0111\u1eb7t 1<strong>\u00a0ph\u00f2ng<\/strong>\u00a0<strong>ngh\u1ec9 t\u1ea1i bi\u1ec3n H\u1ea3i Ti\u1ebfn<\/strong>\u00a0cho gia \u0111\u00ecnh 3 ng\u01b0\u1eddi l\u1edbn, 3 tr\u1ebb con v\u00e0 \u0111ang tham kh\u1ea3o ph\u00f2ng gia \u0111\u00ecnh h\u01b0\u1edbng s\u00e2n v\u01b0\u1eddn c\u1ee7a Queen Hotel nh\u01b0ng c\u00f2n lo ng\u1ea1i ph\u00f2ng kh\u00f4ng \u0111\u01b0\u1ee3c ti\u1ec7n nghi v\u00e0 kh\u00f4ng \u0111\u1eb9p b\u1eb1ng c\u00e1c ph\u00f2ng ngh\u1ec9 kh\u00e1c? H\u00e3y xem ngay b\u00e0i vi\u1ebft d\u01b0\u1edbi \u0111\u00e2y v\u00e0 xem ph\u00f2ng h\u01b0\u1edbng s\u00e2n v\u01b0\u1eddn c\u1ee7a Queen Hotel c\u00f3 g\u00ec nh\u00e9.<\/p>\n<h3 data-fontsize=\"24\" data-lineheight=\"40\"><strong>1. Di\u1ec7n t\u00edch r\u1ed9ng, nhi\u1ec1u gi\u01b0\u1eddng ng\u1ee7<\/strong><\/h3>\n<p><em>Gi\u1edbi thi\u1ec7u ph\u00f2ng ngh\u1ec9 t\u1ea1i bi\u1ec3n H\u1ea3i Ti\u1ebfn\u00a0c\u1ee7a Queen Hotel<\/em><\/p>\n<p>So v\u1edbi c\u00e1c\u00a0<strong>ph\u00f2ng ngh\u1ec9 t\u1ea1i bi\u1ec3n H\u1ea3i Ti\u1ebfn<\/strong>\u00a0kh\u00e1c, ph\u00f2ng ngh\u1ec9 h\u01b0\u1edbng s\u00e2n v\u01b0\u1eddn c\u1ee7a Queen Hotel c\u00f3 di\u1ec7n t\u00edch r\u1ea5t r\u1ed9ng r\u00e3i v\u1edbi 45m2 v\u00e0 ban c\u00f4ng tho\u00e1ng m\u00e1t. Ph\u00f2ng gia \u0111\u00ecnh 2 h\u01b0\u1edbng s\u00e2n v\u01b0\u1eddn c\u1ee7a Queen c\u00f3 t\u1edbi 3 gi\u01b0\u1eddng, v\u1edbi m\u1ed7i gi\u01b0\u1eddng \u0111\u1ec1u c\u00f3 size 1m4x2m, c\u00f3 th\u1ec3 ng\u1ee7 tho\u1ea3i m\u00e1i 2 ng\u01b0\u1eddi l\u1edbn m\u1ed9t gi\u01b0\u1eddng. V\u1edbi m\u1ed9t ph\u00f2ng ngh\u1ec9 c\u00f3 di\u1ec7n t\u00edch r\u1ed9ng r\u00e3i v\u00e0 nhi\u1ec1u gi\u01b0\u1eddng ng\u1ee7 nh\u01b0 th\u1ebf n\u00e0y, s\u1ebd r\u1ea5t th\u00edch h\u1ee3p cho c\u00e1c gia \u0111\u00ecnh \u0111\u00f4ng ng\u01b0\u1eddi l\u1ef1a ch\u1ecdn l\u01b0u tr\u00fa, ho\u1eb7c m\u1ed9t nh\u00f3m b\u1ea1n khi mu\u1ed1n c\u00f9ng nhau t\u1eadn h\u01b0\u1edfng t\u1eebng gi\u00e2y ph\u00fat ngh\u1ec9 d\u01b0\u1ee1ng v\u00e0 vui ch\u01a1i.<\/p>\n<h3 data-fontsize=\"24\" data-lineheight=\"40\"><strong>2. Trang thi\u1ebft b\u1ecb hi\u1ec7n \u0111\u1ea1i, ti\u1ec7n nghi<\/strong><\/h3>\n<p><em>Ph\u00f2ng ngh\u1ec9\u00a0h\u01b0\u1edbng s\u00e2n v\u01b0\u1eddn c\u1ee7a Queen Hotel v\u1edbi \u0111\u1ea7y \u0111\u1ee7 ti\u1ec7n nghi\u00a0<\/em><\/p>\n<p>Gi\u1ed1ng v\u1edbi c\u00e1c\u00a0<strong>ph\u00f2ng ngh\u1ec9 bi\u1ec3n H\u1ea3i Ti\u1ebfn<\/strong>\u00a0kh\u00e1c, ph\u00f2ng h\u01b0\u1edbng s\u00e2n v\u01b0\u1eddn c\u1ee7a Queen Hotel c\u0169ng bao g\u1ed3m \u0111\u1ea7y \u0111\u1ee7 c\u00e1c thi\u1ebft b\u1ecb ti\u1ec7n nghi, hi\u1ec7n \u0111\u1ea1i, mang l\u1ea1i cho b\u1ea1n v\u00e0 gia \u0111\u00ecnh c\u1ea3m gi\u00e1c ngh\u1ec9 ng\u01a1i, th\u01b0 gi\u00e3n nh\u01b0 \u0111ang \u1edf trong ch\u00ednh c\u0103n h\u1ed9 c\u1ee7a m\u00ecnh. Ngo\u00e0i c\u00e1c thi\u1ebft b\u1ecb ph\u1ee5c v\u1ee5 nhu c\u1ea7u c\u01a1 b\u1ea3n c\u1ee7a du kh\u00e1ch khi l\u01b0u tr\u00fa nh\u01b0: ch\u0103n, g\u1ed1i, n\u01b0\u1edbc u\u1ed1ng, tr\u00e0, c\u00e0 ph\u00ea mi\u1ec5n ph\u00ed, \u0111\u1ed3 d\u00f9ng sinh ho\u1ea1t: kh\u0103n m\u1eb7t, kh\u0103n t\u1eafm, b\u00e0n ch\u1ea3i, kem \u0111\u00e1nh r\u0103ng, d\u1ea7u g\u1ed9i, s\u1eefa t\u1eafm, d\u00e9p \u0111i trong nh\u00e0,\u2026 C\u00e1c ph\u00f2ng c\u00f2n \u0111\u01b0\u1ee3c trang b\u1ecb \u0111\u1ea7y \u0111\u1ee7 t\u1ee7 l\u1ea1nh, qu\u1ea1t, \u0111i\u1ec1u h\u00f2a, b\u00ecnh n\u00f3ng l\u1ea1nh, m\u00e1y s\u1ea5y t\u00f3c, v\u00e0 k\u00e9t s\u1eaft \u0111\u1ec3 c\u1ea5t gi\u1eef \u0111\u1ed3 \u0111\u1ea1c an to\u00e0n. Ngo\u00e0i ra, kh\u00e1c v\u1edbi c\u00e1c ph\u00f2ng ngh\u1ec9 h\u01b0\u1edbng bi\u1ec3n, h\u01b0\u1edbng b\u1ec3 b\u01a1i c\u1ee7a kh\u00e1ch s\u1ea1n, ph\u00f2ng ngh\u1ec9 h\u01b0\u1edbng s\u00e2n v\u01b0\u1eddn c\u1ee7a Queen Hotel c\u00f2n c\u00f3 ri\u00eang m\u1ed9t b\u1ed9 b\u00e0n gh\u1ebf sofa sang tr\u1ecdng \u0111\u1ec3 c\u1ea3 gia \u0111\u00ecnh qu\u00e2y qu\u1ea7n ng\u1ed3i u\u1ed1ng n\u01b0\u1edbc, hay vui ch\u01a1i v\u00e0 tr\u00f2 chuy\u1ec7n c\u00f9ng nhau.<\/p>\n<h3 data-fontsize=\"24\" data-lineheight=\"40\"><strong>3. Ban c\u00f4ng s\u00e2n v\u01b0\u1eddn xanh m\u00e1t<\/strong><\/h3>\n<p><em>C\u00e1c ph\u00f2ng ngh\u1ec9 t\u1ea1i bi\u1ec3n H\u1ea3i Ti\u1ebfn\u00a0c\u1ee7a Queen Hotel c\u00f3 ban c\u00f4ng view \u0111\u1eb9p<\/em><\/p>\n<p>N\u1ebfu h\u1ea7u h\u1ebft c\u00e1c\u00a0<strong>ph\u00f2ng ngh\u1ec9 t\u1ea1i bi\u1ec3n H\u1ea3i Ti\u1ebfn<\/strong>\u00a0c\u00f3 di\u1ec7n t\u00edch ti\u1ebft ki\u1ec7m v\u00e0 ch\u1ec9 c\u00f3 c\u1eeda s\u1ed5, th\u00ec ph\u00f2ng h\u01b0\u1edbng s\u00e2n v\u01b0\u1eddn c\u1ee7a Queen Hotel l\u1ea1i c\u00f3 h\u1eb3n ban c\u00f4ng r\u1ed9ng r\u00e3i, v\u1edbi view nh\u00ecn ra r\u1eebng phi lao bao xung quanh kh\u00e1ch s\u1ea1n, t\u1ea1o c\u1ea3m xanh m\u00e1t v\u00e0 g\u1ea7n g\u0169i v\u1edbi thi\u00ean nhi\u00ean. H\u00e3y th\u1eed c\u1ea3m gi\u00e1c ng\u1ed3i th\u01b0\u1edfng tr\u00e0 ngo\u00e0i ban c\u00f4ng ph\u00f2ng h\u01b0\u1edbng v\u01b0\u1eddn c\u1ee7a Queen Hotel v\u00e0 t\u1eadn h\u01b0\u1edfng t\u1eebng l\u00e0n gi\u00f3 m\u00e1t l\u00e0nh, mang h\u01b0\u01a1ng v\u1ecb \u0111\u1eb7c tr\u01b0ng c\u1ee7a bi\u1ec3n H\u1ea3i Ti\u1ebfn. \u1ede \u0111\u00e2y b\u1ea1n c\u00f2n c\u00f3 th\u1ec3 nghe r\u00f5 ti\u1ebfng s\u00f3ng bi\u1ec3n r\u00ec r\u00e0o, c\u00f9ng v\u1edbi ti\u1ebfng l\u00e1 x\u00e0o x\u1ea1c c\u1ee7a r\u1eebng phi lao.<\/p>\n<h3 data-fontsize=\"24\" data-lineheight=\"40\"><strong>4. Gi\u00e1 c\u1ea3 \u01b0u \u0111\u00e3i<\/strong><\/h3>\n<p><em>Ph\u00f2ng ngh\u1ec9 t\u1ea1i bi\u1ec3n H\u1ea3i Ti\u1ebfn\u00a0c\u1ee7a Queen Hotel c\u00f3 gi\u00e1 h\u1ee3p l\u00fd, nhi\u1ec1u khuy\u1ebfn m\u1ea1i<\/em><\/p>\n<p>N\u1ebfu b\u1ea1n \u0111i ngh\u1ec9 v\u00e0 l\u1ef1a ch\u1ecdn ph\u00f2ng h\u01b0\u1edbng s\u00e2n v\u01b0\u1eddn c\u1ee7a Queen Hotel v\u00e0o ng\u00e0y cu\u1ed1i tu\u1ea7n c\u1ee7a th\u00e1ng 5 v\u1edbi gia \u0111\u00ecnh g\u1ed3m c\u00f3 3 ng\u01b0\u1eddi l\u1edbn, s\u1ebd ch\u1ec9 ph\u1ea3i tr\u1ea3 300.000VN\u0110\/ng\u01b0\u1eddi\/\u0111\u00eam, trong khi \u0111\u00f3, l\u1ea1i \u0111\u01b0\u1ee3c mi\u1ec5n ph\u00ed b\u1eefa \u0103n s\u00e1ng v\u00e0 d\u1ecbch v\u1ee5 b\u1ec3 b\u01a1i c\u1ee7a kh\u00e1ch s\u1ea1n. B\u00ean c\u1ea1nh \u0111\u00f3, kh\u00e1ch s\u1ea1n Queen c\u00f2n n\u1eb1m ngay s\u00e1t bi\u1ec3n H\u1ea3i Ti\u1ebfn, c\u00f2n g\u00ec tuy\u1ec7t h\u01a1n l\u00e0 m\u1ed7i s\u00e1ng th\u1ee9c d\u1eady, b\u1ea1n v\u00e0 gia \u0111\u00ecnh c\u00f3 th\u1ec3 ra bi\u1ec3n d\u1ea1o v\u00e0 t\u1eadp th\u1ec3 d\u1ee5c, t\u1eadn h\u01b0\u1edfng b\u1ea7u kh\u00f4ng kh\u00ed trong l\u00e0nh c\u1ee7a bu\u1ed5i s\u1edbm m\u00e0 ch\u1ec9 m\u1ea5t v\u00e0i b\u01b0\u1edbc ch\u00e2n \u0111i t\u1eeb kh\u00e1ch s\u1ea1n. Trong khi n\u1ebfu \u1edf c\u00e1c\u00a0<strong>ph\u00f2ng ngh\u1ec9 t\u1ea1i bi\u1ec3n H\u1ea3i Ti\u1ebfn<\/strong>\u00a0kh\u00e1c, b\u1ea1n c\u00f3 th\u1ec3 ph\u1ea3i m\u1ea5t nhi\u1ec1u th\u1eddi gian h\u01a1n, ho\u1eb7c c\u00f3 th\u1ec3 ph\u1ea3i di chuy\u1ec7n b\u1eb1ng xe c\u1ed9.<\/p>\n<h4 data-fontsize=\"18\" data-lineheight=\"30\">C\u00e1c th\u00f4ng tin tr\u00ean \u0111\u00e2y \u0111\u00e3 \u0111\u1ee7 \u0111\u1ec3 thuy\u1ebft ph\u1ee5c b\u1ea1n l\u1ef1a ch\u1ecdn ph\u00f2ng ngh\u1ec9 h\u01b0\u1edbng s\u00e2n v\u01b0\u1eddn c\u1ee7a Queen Hotel ch\u01b0a? B\u1ea1n c\u00f3 th\u1ec3 t\u00ecm hi\u1ec3u th\u00eam v\u00e0 so s\u00e1nh\u00a0<strong>c\u00e1c ph\u00f2ng ngh\u1ec9 t\u1ea1i bi\u1ec3n H\u1ea3i Ti\u1ebfn<\/strong>\u00a0h\u01b0\u1edbng s\u00e2n v\u01b0\u1eddn kh\u00e1c, b\u1ea1n s\u1ebd th\u1ea5y ph\u00f2ng h\u01b0\u1edbng s\u00e2n v\u01b0\u1eddn c\u1ee7a Queen Hotel l\u00e0 l\u1ef1a ch\u1ecdn tuy\u1ec7t v\u1eddi nh\u1ea5t cho gia \u0111\u00ecnh m\u00ecnh trong k\u1ef3 ngh\u1ec9 t\u1edbi.<\/h4>\n","protected":false},"excerpt":{"rendered":"<p>V\u1edbi di\u1ec7n t\u00edch 20 m2 Kh\u00f4ng gian c\u1ee7a ph\u00f2ng \u0111\u01b0\u1ee3c thi\u1ebft k\u1ebf \u1ea5n t\u01b0\u1ee3ng b\u1edfi m\u00e0u s\u1eafc \u1ea5m \u00e1p, h\u00e0i h\u00f2a v\u1edbi quang c\u1ea3nh th\u00e0nh ph\u1ed1 \u00eam \u0111\u1ec1m, n\u1ed9i th\u1ea5t g\u1ed7 sang tr\u1ecdng,\u0111\u1ea7y \u0111\u1ee7 ti\u1ec7n nghi, ph\u00f2ng Superior \u0111\u01b0\u1ee3c thi\u1ebft k\u1ebf \u0111\u1ec3 ph\u00f9 h\u1ee3p v\u1edbi s\u1edf th\u00edch c\u1ee7a du kh\u00e1ch gia \u0111\u00ecnh v\u00e0 c\u00f4ng t\u00e1c t\u1ea1i trung t\u00e2m th\u00e0nh ph\u1ed1.<\/p>\n","protected":false},"featured_media":266,"comment_status":"open","ping_status":"closed","template":"","meta":[],"_links":{"self":[{"href":"https:\/\/webmaibinh.com\/w\/khachsan32011\/wp-json\/wp\/v2\/product\/265"}],"collection":[{"href":"https:\/\/webmaibinh.com\/w\/khachsan32011\/wp-json\/wp\/v2\/product"}],"about":[{"href":"https:\/\/webmaibinh.com\/w\/khachsan32011\/wp-json\/wp\/v2\/types\/product"}],"replies":[{"embeddable":true,"href":"https:\/\/webmaibinh.com\/w\/khachsan32011\/wp-json\/wp\/v2\/comments?post=265"}],"wp:featuredmedia":[{"embeddable":true,"href":"https:\/\/webmaibinh.com\/w\/khachsan32011\/wp-json\/wp\/v2\/media\/266"}],"wp:attachment":[{"href":"https:\/\/webmaibinh.com\/w\/khachsan32011\/wp-json\/wp\/v2\/media?parent=265"}],"curies":[{"name":"wp","href":"https:\/\/api.w.org\/{rel}","templated":true}]}}