{"id":37,"date":"2017-10-26T16:24:27","date_gmt":"2017-10-26T09:24:27","guid":{"rendered":"https:\/\/bizhostvn.com\/w\/inbat\/?page_id=37"},"modified":"2017-10-27T20:53:57","modified_gmt":"2017-10-27T13:53:57","slug":"in-decal-oto","status":"publish","type":"page","link":"https:\/\/webmaibinh.com\/w\/iqos2011\/in-decal-oto\/","title":{"rendered":"In decal Oto"},"content":{"rendered":"<p>Thi\u00ean H\u00e0 l\u00e0 m\u1ed9t trong nh\u1eefng c\u01a1 s\u1edf h\u00e0ng \u0111\u1ea7u t\u1ea1i H\u00c0 N\u1ed8I trong l\u0129nh v\u1ef1c trang tr\u00ed, thi\u1ebft k\u1ebf xe \u00f4 t\u00f4 &amp; xe m\u00e1y, in \u1ea5n qu\u1ea3ng c\u00e1o.<br \/>\nV\u1edbi th\u00e2m ni\u00ean tr\u00ean 20 n\u0103m trong l\u0129nh v\u1ef1c n\u00e0y ch\u00fang t\u00f4i t\u1ef1 tin \u0111em \u0111\u1ebfn cho qu\u00fd kh\u00e1ch h\u00e0ng nh\u1eefng s\u1ea3n ph\u1ea9m \u0111\u1eb9p, ch\u1ea5t l\u01b0\u1ee3ng, mang t\u00ednh th\u1ea9m m\u1ef9 cao. Ngo\u00e0i d\u00e1n v\u00e0 trang tr\u00ed xe \u00f4t\u00f4 &amp; xe m\u00e1y ch\u00fang t\u00f4i c\u00f2n c\u00f3 nhi\u1ec1u d\u1ecbch v\u1ee5 kh\u00e1c v\u1ec1 xe nh\u01b0: b\u1ecdc y\u00ean da cho \u00f4t\u00f4 &amp; xe m\u00e1y, trang tr\u00ed n\u1ed9i ngo\u1ea1i th\u1ea5t \u00f4t\u00f4, \u0111\u1ed3 ch\u01a1i cho c\u00e1c lo\u1ea1i \u00f4to &amp; xe m\u00e1y, b\u00e1n bu\u00f4n b\u00e1n l\u1ebb c\u00e1c lo\u1ea1i tem, nh\u00e3n, sticker \u0111a d\u1ea1ng v\u1ec1 m\u00e0u s\u1eafc &amp; m\u1eabu m\u00e3, d\u00e1n nilon, decal, d\u00e1n k\u00ednh phim c\u00e1ch nhi\u1ec7t cho \u00f4t\u00f4, d\u00e1n trang tr\u00ed k\u00ednh nh\u00e0 v\u1edbi r\u1ea5t nhi\u1ec1u lo\u1ea1i gi\u1ea5y v\u00e0 m\u00e0u s\u0103c.<\/p>\n<p><img loading=\"lazy\" src=\"http:\/\/inbat.com.vn\/images\/in_decal_%C3%B4_t%C3%B4_\/in_decal_%C3%B4_t%C3%B4_kh%C3%A1ch.jpg\" alt=\"in decal \u00f4 t\u00f4 kh\u00e1ch\" width=\"600\" height=\"266\" \/><\/p>\n<p>Decal \u00f4 t\u00f4 l\u00e0 1 ch\u1ea5t li\u1ec7u in D\u00f9ng m\u1ef1c lo\u1ea1i g\u1ed1c d\u1ea7u v\u1edbi \u0111\u1ed9 d\u00e0y 160mg tr\u1edf l\u00ean m\u1edbi b\u00e1m m\u1ef1c.In decal oto gi\u00e1 r\u1ebb l\u00e0 lo\u1ea1i in ch\u1ecbu \u0111\u01b0\u1ee3c n\u1eafng m\u01b0a v\u00e0 n\u01b0\u1edbc, decal \u00f4 t\u00f4 \u0111\u1eb7c ch\u1ee7ng \u0111\u00e1p \u1ee9ng \u0111\u01b0\u1ee3c y\u00eau c\u1ea7u cao nh\u01b0 \u0111\u1ed9 b\u1ec1n v\u00e0 t\u01b0\u01a1i c\u1ee7a m\u00e0u s\u1eafc, \u0111\u1ed9 b\u00e1m d\u00ednh khi d\u00e1n l\u00ean c\u00e1c ch\u1ea5t li\u1ec7u nh\u01b0 tr\u00ean k\u00ednh tr\u00ean Fomex, tr\u00ean xe bus, xe \u0111\u1ed9 ho\u1eb7c th\u00f9ng xe t\u1ea3i v\u00f4 c\u00f9ng t\u1ed1t . V\u1edbi \u0111\u1ed9 b\u1ec1n v\u00e0 h\u00ecnh \u1ea3nh s\u1eafc n\u00e9t, gi\u00e1 c\u1ea3 ph\u1ea3i ch\u0103ng in decal oto gi\u00e1 r\u1ebb l\u00e0 l\u1ef1a ch\u1ecdn s\u00e1ng su\u1ed1t c\u1ee7a kh\u00e1ch h\u00e0ng, ngo\u00e0i ch\u1ea5t li\u1ec7u decal oto b\u1ea1n c\u00f3 th\u1ec3 tr\u1ecdn m\u1ed9t trong c\u00e1c s\u1ea3n ph\u1ea9m decal sau: decal pp, decal trong \u0111\u1ebfn v\u1edbi C\u00f4ng ty Qu\u1ea3ng C\u00e1o Thi\u00ean H\u00e0 ch\u00fang t\u00f4i ch\u1eafc ch\u1eafn s\u1ebd l\u00e0m h\u00e0i l\u00f2ng t\u1ea5t c\u1ea3 c\u00e1c b\u1ea1n, k\u1ec3 c\u1ea3 nh\u1eefng kh\u00e1ch h\u00e0ng kh\u00f3 t\u00ednh nh\u1ea5t.<\/p>\n<h2>In decal \u00f4 t\u00f4 v\u1edbi m\u00e1y m\u00f3c hi\u1ec7n \u0111\u1ea1i, c\u00f4ng ngh\u1ec7 in \u1ea5n h\u00e0ng \u0111\u1ea7u ch\u00fang t\u00f4i chuy\u00ean in decal pp, in decal trong, <a title=\"in decal oto\" href=\"http:\/\/inbat.com.vn\/in-decal-oto-0929-662-222.html\">in decal oto<\/a>, thi c\u00f4ng d\u00e1n decal, treo b\u0103ng r\u00f4n, l\u00e0m bi\u1ec3n qu\u1ea3ng c\u00e1o\u2026<\/h2>\n<p><img loading=\"lazy\" title=\"in decal \u00f4 t\u00f4 bus h\u00e0 n\u1ed9i\" src=\"http:\/\/inbat.com.vn\/images\/in_decal_%C3%B4_t%C3%B4_\/in_decal_%C3%B4_t%C3%B4_bus_h%C3%A0_n%E1%BB%99i.jpg\" alt=\"in decal \u00f4 t\u00f4 bus h\u00e0 n\u1ed9i\" width=\"600\" height=\"450\" \/><\/p>\n<p><em>In decal \u00f4 t\u00f4 bus H\u00e0 N\u1ed9i<\/em><strong>\u00a0<\/strong><\/p>\n<p><em><img loading=\"lazy\" src=\"http:\/\/inbat.com.vn\/images\/in_decal_%C3%B4_t%C3%B4_\/in_decal_%C3%B4_t%C3%B4_t%E1%BA%A3i_H%C3%A0_N%E1%BB%99i.jpg\" alt=\"in decal \u00f4 t\u00f4 t\u1ea3i H\u00e0 N\u1ed9i\" width=\"568\" height=\"431\" \/><\/em><\/p>\n<p><em>In decal \u00f4 t\u00f4 t\u1ea3i H\u00e0 N\u1ed9i<\/em><\/p>\n<p><img loading=\"lazy\" title=\"in decal \u00f4 t\u00f4 con\" src=\"http:\/\/inbat.com.vn\/images\/in_decal_%C3%B4_t%C3%B4_\/in_decal_%C3%B4_t%C3%B4_con.jpg\" alt=\"in decal \u00f4 t\u00f4 con\" width=\"600\" height=\"553\" \/><\/p>\n<p><em>In decal d\u00e1n \u00f4 t\u00f4 con<\/em><\/p>\n\n  \n    <div class=\"row large-columns-3 medium-columns-1 small-columns-1\">\n  \t\t<div class=\"col post-item\" >\n\t\t\t<div class=\"col-inner\">\n\t\t\t<a href=\"https:\/\/webmaibinh.com\/w\/iqos2011\/dia-chi-in-decal-o-to-tot-nhat-hien-nay\/\" class=\"plain\">\n\t\t\t\t<div class=\"box box-normal box-text-bottom box-blog-post has-hover\">\n            \t\t\t\t\t<div class=\"box-image\" >\n  \t\t\t\t\t\t<div class=\"image-cover\" style=\"padding-top:56.25%;\">\n  \t\t\t\t\t\t\t<img width=\"300\" height=\"180\" src=\"https:\/\/webmaibinh.com\/w\/iqos2011\/wp-content\/uploads\/2017\/10\/dia-chi-in-decal-o-to-tot-nhat-hine-nay-02-300x180.jpg\" class=\"attachment-medium size-medium wp-post-image\" alt=\"\" loading=\"lazy\" srcset=\"https:\/\/webmaibinh.com\/w\/iqos2011\/wp-content\/uploads\/2017\/10\/dia-chi-in-decal-o-to-tot-nhat-hine-nay-02-300x180.jpg 300w, https:\/\/webmaibinh.com\/w\/iqos2011\/wp-content\/uploads\/2017\/10\/dia-chi-in-decal-o-to-tot-nhat-hine-nay-02-768x461.jpg 768w, https:\/\/webmaibinh.com\/w\/iqos2011\/wp-content\/uploads\/2017\/10\/dia-chi-in-decal-o-to-tot-nhat-hine-nay-02.jpg 800w\" sizes=\"(max-width: 300px) 100vw, 300px\" \/>  \t\t\t\t\t\t\t  \t\t\t\t\t\t\t  \t\t\t\t\t\t<\/div>\n  \t\t\t\t\t\t  \t\t\t\t\t<\/div>\n          \t\t\t\t\t<div class=\"box-text text-center\" >\n\t\t\t\t\t<div class=\"box-text-inner blog-post-inner\">\n\n\t\t\t\t\t\n\t\t\t\t\t\t\t\t\t\t<h5 class=\"post-title is-large \">\u0110\u1ecba ch\u1ec9 in decal \u00f4 t\u00f4 t\u1ed1t nh\u1ea5t hi\u1ec7n nay<\/h5>\n\t\t\t\t\t\t\t\t\t\t<div class=\"is-divider\"><\/div>\n\t\t\t\t\t\t\t\t\t\t<p class=\"from_the_blog_excerpt \">B\u1ea1n \u0111ang c\u00f3 nhu c\u1ea7u \u201cthay da \u0111\u1ed5i th\u1ecbt\u201d cho x\u1ebf y\u00eau c\u1ee7a m\u00ecnh. B\u1ea1n [...]\t\t\t\t\t<\/p>\n\t\t\t\t\t                    \n\t\t\t\t\t\n\t\t\t\t\t\n\t\t\t\t\t<\/div>\n\t\t\t\t\t<\/div>\n\t\t\t\t\t\t\t\t\t<\/div>\n\t\t\t\t<\/a>\n\t\t\t<\/div>\n\t\t<\/div>\n\t\t<div class=\"col post-item\" >\n\t\t\t<div class=\"col-inner\">\n\t\t\t<a href=\"https:\/\/webmaibinh.com\/w\/iqos2011\/in-decal-in-decal-o-to-gia-re-nhat-ha-noi\/\" class=\"plain\">\n\t\t\t\t<div class=\"box box-normal box-text-bottom box-blog-post has-hover\">\n            \t\t\t\t\t<div class=\"box-image\" >\n  \t\t\t\t\t\t<div class=\"image-cover\" style=\"padding-top:56.25%;\">\n  \t\t\t\t\t\t\t<img width=\"300\" height=\"214\" src=\"https:\/\/webmaibinh.com\/w\/iqos2011\/wp-content\/uploads\/2017\/10\/indecal-indecal-_oto-gia-re-nhat-ha-noi-03-300x214.jpg\" class=\"attachment-medium size-medium wp-post-image\" alt=\"\" loading=\"lazy\" srcset=\"https:\/\/webmaibinh.com\/w\/iqos2011\/wp-content\/uploads\/2017\/10\/indecal-indecal-_oto-gia-re-nhat-ha-noi-03-300x214.jpg 300w, https:\/\/webmaibinh.com\/w\/iqos2011\/wp-content\/uploads\/2017\/10\/indecal-indecal-_oto-gia-re-nhat-ha-noi-03-768x548.jpg 768w, https:\/\/webmaibinh.com\/w\/iqos2011\/wp-content\/uploads\/2017\/10\/indecal-indecal-_oto-gia-re-nhat-ha-noi-03.jpg 800w\" sizes=\"(max-width: 300px) 100vw, 300px\" \/>  \t\t\t\t\t\t\t  \t\t\t\t\t\t\t  \t\t\t\t\t\t<\/div>\n  \t\t\t\t\t\t  \t\t\t\t\t<\/div>\n          \t\t\t\t\t<div class=\"box-text text-center\" >\n\t\t\t\t\t<div class=\"box-text-inner blog-post-inner\">\n\n\t\t\t\t\t\n\t\t\t\t\t\t\t\t\t\t<h5 class=\"post-title is-large \">In decal \u2013 In decal \u00f4 t\u00f4 gi\u00e1 r\u1ebb nh\u1ea5t H\u00e0 N\u1ed9i<\/h5>\n\t\t\t\t\t\t\t\t\t\t<div class=\"is-divider\"><\/div>\n\t\t\t\t\t\t\t\t\t\t<p class=\"from_the_blog_excerpt \">Ng\u00e0y nay, nhu c\u1ea7u in decal \u0111\u1ec3 trang tr\u00ed \u00f4 t\u00f4 hay l\u00e0m qu\u1ea3ng c\u00e1o [...]\t\t\t\t\t<\/p>\n\t\t\t\t\t                    \n\t\t\t\t\t\n\t\t\t\t\t\n\t\t\t\t\t<\/div>\n\t\t\t\t\t<\/div>\n\t\t\t\t\t\t\t\t\t<\/div>\n\t\t\t\t<\/a>\n\t\t\t<\/div>\n\t\t<\/div>\n\t\t<div class=\"col post-item\" >\n\t\t\t<div class=\"col-inner\">\n\t\t\t<a href=\"https:\/\/webmaibinh.com\/w\/iqos2011\/in-decal-dan-oto-chuyen-nghiep-tai-can-tho\/\" class=\"plain\">\n\t\t\t\t<div class=\"box box-normal box-text-bottom box-blog-post has-hover\">\n            \t\t\t\t\t<div class=\"box-image\" >\n  \t\t\t\t\t\t<div class=\"image-cover\" style=\"padding-top:56.25%;\">\n  \t\t\t\t\t\t\t<img width=\"300\" height=\"225\" src=\"https:\/\/webmaibinh.com\/w\/iqos2011\/wp-content\/uploads\/2017\/10\/in_decal_\u00f4_t\u00f4_bus_h\u00e0_n\u1ed9i-300x225.jpg\" class=\"attachment-medium size-medium wp-post-image\" alt=\"\" loading=\"lazy\" srcset=\"https:\/\/webmaibinh.com\/w\/iqos2011\/wp-content\/uploads\/2017\/10\/in_decal_\u00f4_t\u00f4_bus_h\u00e0_n\u1ed9i-300x225.jpg 300w, https:\/\/webmaibinh.com\/w\/iqos2011\/wp-content\/uploads\/2017\/10\/in_decal_\u00f4_t\u00f4_bus_h\u00e0_n\u1ed9i.jpg 600w\" sizes=\"(max-width: 300px) 100vw, 300px\" \/>  \t\t\t\t\t\t\t  \t\t\t\t\t\t\t  \t\t\t\t\t\t<\/div>\n  \t\t\t\t\t\t  \t\t\t\t\t<\/div>\n          \t\t\t\t\t<div class=\"box-text text-center\" >\n\t\t\t\t\t<div class=\"box-text-inner blog-post-inner\">\n\n\t\t\t\t\t\n\t\t\t\t\t\t\t\t\t\t<h5 class=\"post-title is-large \">In decal d\u00e1n \u00f4t\u00f4 chuy\u00ean nghi\u1ec7p t\u1ea1i C\u1ea7n Th\u01a1<\/h5>\n\t\t\t\t\t\t\t\t\t\t<div class=\"is-divider\"><\/div>\n\t\t\t\t\t\t\t\t\t\t<p class=\"from_the_blog_excerpt \">C\u00f4ng ty TNHH \u0111\u1ea7u t\u01b0 qu\u1ea3ng c\u00e1o Thi\u00ean H\u00e0 t\u1ef1 h\u00e0o l\u00e0 \u0111\u01a1n v\u1ecb cung [...]\t\t\t\t\t<\/p>\n\t\t\t\t\t                    \n\t\t\t\t\t\n\t\t\t\t\t\n\t\t\t\t\t<\/div>\n\t\t\t\t\t<\/div>\n\t\t\t\t\t\t\t\t\t<\/div>\n\t\t\t\t<\/a>\n\t\t\t<\/div>\n\t\t<\/div>\n<\/div>\n","protected":false},"excerpt":{"rendered":"<p>Thi\u00ean H\u00e0 l\u00e0 m\u1ed9t trong nh\u1eefng c\u01a1 s\u1edf h\u00e0ng \u0111\u1ea7u t\u1ea1i H\u00c0 N\u1ed8I trong l\u0129nh v\u1ef1c trang tr\u00ed, thi\u1ebft k\u1ebf xe \u00f4 t\u00f4 &amp; xe m\u00e1y, in \u1ea5n qu\u1ea3ng c\u00e1o. V\u1edbi th\u00e2m ni\u00ean tr\u00ean 20 n\u0103m trong l\u0129nh v\u1ef1c n\u00e0y ch\u00fang t\u00f4i t\u1ef1 tin \u0111em \u0111\u1ebfn cho qu\u00fd kh\u00e1ch h\u00e0ng nh\u1eefng s\u1ea3n ph\u1ea9m \u0111\u1eb9p, ch\u1ea5t [&#8230;]\n","protected":false},"author":1,"featured_media":739,"parent":0,"menu_order":0,"comment_status":"closed","ping_status":"closed","template":"page-left-sidebar.php","meta":[],"_links":{"self":[{"href":"https:\/\/webmaibinh.com\/w\/iqos2011\/wp-json\/wp\/v2\/pages\/37"}],"collection":[{"href":"https:\/\/webmaibinh.com\/w\/iqos2011\/wp-json\/wp\/v2\/pages"}],"about":[{"href":"https:\/\/webmaibinh.com\/w\/iqos2011\/wp-json\/wp\/v2\/types\/page"}],"author":[{"embeddable":true,"href":"https:\/\/webmaibinh.com\/w\/iqos2011\/wp-json\/wp\/v2\/users\/1"}],"replies":[{"embeddable":true,"href":"https:\/\/webmaibinh.com\/w\/iqos2011\/wp-json\/wp\/v2\/comments?post=37"}],"version-history":[{"count":4,"href":"https:\/\/webmaibinh.com\/w\/iqos2011\/wp-json\/wp\/v2\/pages\/37\/revisions"}],"predecessor-version":[{"id":742,"href":"https:\/\/webmaibinh.com\/w\/iqos2011\/wp-json\/wp\/v2\/pages\/37\/revisions\/742"}],"wp:featuredmedia":[{"embeddable":true,"href":"https:\/\/webmaibinh.com\/w\/iqos2011\/wp-json\/wp\/v2\/media\/739"}],"wp:attachment":[{"href":"https:\/\/webmaibinh.com\/w\/iqos2011\/wp-json\/wp\/v2\/media?parent=37"}],"curies":[{"name":"wp","href":"https:\/\/api.w.org\/{rel}","templated":true}]}}