{"id":311,"date":"2017-09-14T21:24:17","date_gmt":"2017-09-14T14:24:17","guid":{"rendered":"https:\/\/bizhostvn.com\/w\/hatdieu\/?post_type=product&#038;p=311"},"modified":"2017-11-28T14:18:51","modified_gmt":"2017-11-28T07:18:51","slug":"hat-tieu-xanh-chat-luong-cao","status":"publish","type":"product","link":"https:\/\/webmaibinh.com\/w\/hatdieu\/san-pham\/hat-tieu-xanh-chat-luong-cao\/","title":{"rendered":"H\u1ea1t ti\u00eau xanh ch\u1ea5t l\u01b0\u1ee3ng cao nh\u00e0 tr\u1ed3ng"},"content":{"rendered":"<p><strong>Set d\u01b0\u1ee1ng da tr\u00e0 xanh Innisfree green tea fresh special kit:\u00a0<\/strong>l\u00e0 b\u1ed9 s\u1ea3n ph\u1ea9m d\u01b0\u1ee1ng da chi\u1ebft xu\u1ea5t t\u1eeb tr\u00e0 xanh t\u1eeb \u0111\u1ea3o JEJU H\u00e0n Qu\u1ed1c\u00a0\u00a0c\u00f3 t\u00e1c d\u1ee5ng tr\u1ecb m\u1ee5n, se kh\u00edt l\u1ed5 ch\u00e2n l\u00f4ng, l\u00e0m m\u1ec1m m\u1ecbn da, \u0111\u1eb7c bi\u1ec7t d\u00e0nh ri\u00eang cho da d\u1ea7u, da h\u1ed7n h\u1ee3p thi\u00ean d\u1ea7u, da m\u1ee5n v\u00e0 nh\u1ea1y c\u1ea3m.<\/p>\n<p>B\u1ed9 kit tra\u0300 xanh Innisfree ch\u01b0\u0301a chi\u00ea\u0301t xu\u00e2\u0301t 86.9% tra\u0300 xanh, \u0111\u01b0\u01a1\u0300ng Betaine, x\u01b0\u01a1ng r\u00f4\u0300ng, phong lan\u2026d\u01b0\u01a1\u0303ng \u1ea9m c\u00e2\u0301p n\u01b0\u01a1\u0301c cho da lu\u00f4n gi\u01b0\u0303 \u0111\u1ed9 \u1ea9m c\u00e2n b\u0103\u0300ng, \u0111\u1ed3ng th\u1eddi h\u1ea1n ch\u1ebf b\u00e3 nh\u1eddn, th\u1ea5m r\u1ea5t nhanh m\u00e0 kh\u00f4ng g\u00e2y nh\u1eddn d\u00ednh.<br \/>\nN\u1ebfu b\u1ea1n \u0111ang b\u0103n kho\u0103n v\u00ea\u0300 b\u1ed9 full- size Green Tea Balancing c\u00f3 ph\u00f9 h\u1ee3p v\u1edbi da c\u1ee7a m\u00ecnh kh\u00f4ng th\u00ec set mini na\u0300y s\u1ebd l\u00e0 1 l\u1ef1a ch\u1ecdn r\u00e2\u0301t ph\u00f9 h\u1ee3p.<\/p>\n","protected":false},"excerpt":{"rendered":"<p>C\u00e1c s\u1ea3n ph\u1ea9m d\u01b0\u1ee1ng da t\u1eeb Ph\u00e1p lu\u00f4n \u0111\u01b0\u1ee3c c\u00e1c n\u00e0ng tin t\u01b0\u1edfng, ngay c\u1ea3 nh\u1eefng b\u1ea1n kh\u00f3 t\u00ednh nh\u1ea5t b\u1edfi ch\u1ea5t l\u01b0\u1ee3ng v\u00e0 \u0111\u1ed9 an to\u00e0n, do \u0111\u01b0\u1ee3c ki\u1ec3m \u0111\u1ecbnh v\u00f4 c\u00f9ng g\u1eaft gao.<\/p>\n","protected":false},"featured_media":857,"comment_status":"open","ping_status":"closed","template":"","meta":[],"_links":{"self":[{"href":"https:\/\/webmaibinh.com\/w\/hatdieu\/wp-json\/wp\/v2\/product\/311"}],"collection":[{"href":"https:\/\/webmaibinh.com\/w\/hatdieu\/wp-json\/wp\/v2\/product"}],"about":[{"href":"https:\/\/webmaibinh.com\/w\/hatdieu\/wp-json\/wp\/v2\/types\/product"}],"replies":[{"embeddable":true,"href":"https:\/\/webmaibinh.com\/w\/hatdieu\/wp-json\/wp\/v2\/comments?post=311"}],"wp:featuredmedia":[{"embeddable":true,"href":"https:\/\/webmaibinh.com\/w\/hatdieu\/wp-json\/wp\/v2\/media\/857"}],"wp:attachment":[{"href":"https:\/\/webmaibinh.com\/w\/hatdieu\/wp-json\/wp\/v2\/media?parent=311"}],"curies":[{"name":"wp","href":"https:\/\/api.w.org\/{rel}","templated":true}]}}