{"id":43,"date":"2019-03-30T17:18:26","date_gmt":"2019-03-30T10:18:26","guid":{"rendered":"https:\/\/tppone.com\/demo\/gioithieucongty3\/?page_id=43"},"modified":"2019-03-31T00:11:01","modified_gmt":"2019-03-30T17:11:01","slug":"can-bo-chu-chot","status":"publish","type":"page","link":"https:\/\/webmaibinh.com\/w\/gioithieucongty3\/can-bo-chu-chot\/","title":{"rendered":"C\u00e1n b\u1ed9 ch\u1ee7 ch\u1ed1t"},"content":{"rendered":"<p><strong>D\u01b0\u1edbi \u0111\u00e2y l\u00e0 m\u1ed9t s\u1ed1 m\u1eabu website gi\u1edbi thi\u1ec7u s\u1ea3n ph\u1ea9m m\u00e0 m\u00ecnh \u0111\u00e3 th\u1ef1c hi\u1ec7n:<\/strong><\/p>\n<p>+ Website shop b\u00e1n h\u1ea1t \u0111i\u1ec1u, d\u1ea7u tr\u00e0m:\u00a0<a href=\"http:\/\/hatdieu.webdemo.com\/\">www.hatdieu.webdemo.com<\/a><\/p>\n<p>+ Website gi\u1edbi thi\u1ec7u X\u01b0\u1edfng s\u1ea3n xu\u1ea5t T\u01b0\u1ee3ng Th\u1ea1ch Cao:\u00a0<a href=\"http:\/\/www.tuongthachcao.webdemo.com\/\">www.tuongthachcao.webdemo.com<\/a><\/p>\n<p>+ Website gi\u1edbi thi\u1ec7u M\u00e1y l\u1ecdc n\u01b0\u1edbc Kangaroo Hydrogen:\u00a0<a href=\"http:\/\/www.hydrogen.webdemo.com\/\">www.hydrogen.webdemo.com<\/a><\/p>\n<p>+ Website gi\u1edbi thi\u1ec7u d\u1ef1 \u00e1n B\u1ea5t \u0111\u1ed9ng s\u1ea3n:\u00a0<a href=\"http:\/\/www.bds.webdemo.com\/\">www.bds.webdemo.com<\/a><\/p>\n<p>+ Website gi\u1edbi thi\u1ec7u c\u00f4ng ty Ki\u1ebfn tr\u00fac:\u00a0<a href=\"http:\/\/arc.webdemo.com\/\">www.arc.webdemo.com<\/a><\/p>\n<p>+ Website 2 ng\u00f4n ng\u1eef v\u1ec1 Thi\u1ebft b\u1ecb y t\u1ebf:\u00a0<a href=\"https:\/\/Webdemo.com\/www.thietbiyte.webdemo.com\">www.thietbiyte.webdemo.com<\/a><\/p>\n<p>+ Website 2 ng\u00f4n ng\u1eef Anh \u2013 Th\u00e1i v\u1ec1 Aluminium:\u00a0<a href=\"http:\/\/www.g9metal.com\/\">www.g9metal.com<\/a><\/p>\n<p>+ Website H\u1ec7 th\u1ed1ng ph\u00e2n ph\u1ed1i Midea:\u00a0<a href=\"http:\/\/www.mideawater.vn\/\">www.mideawater.vn<\/a><\/p>\n<p>+ Website song ng\u1eef Aluminium:\u00a0<a href=\"http:\/\/www.kingkonghomestay.com\/\">www.kingkonghomestay.com<\/a><\/p>\n<p>+ Website C\u1eeda h\u00e0ng G\u1ea1ch \u1ed1p l\u00e1t, \u0111\u00e1 trang tr\u00ed:\u00a0<a href=\"http:\/\/www.gachdatrangtrithuyoanh.com\/\">www.gachdatrangtrithuyoanh.com<\/a><\/p>\n<p>+ Website \u00c1o C\u00f4ng Gi\u00e1o:\u00a0<a href=\"http:\/\/www.aoconggiao.com\/\">www.aoconggiao.com<\/a><\/p>\n<p>+ Website N\u00f4ng s\u1ea3n Vi\u1ec7t H\u00e0n:\u00a0<a href=\"http:\/\/www.nongsanviethan.com\/\">www.nongsanviethan.com<\/a><\/p>\n<p>+ Th\u01b0\u01a1ng hi\u1ec7u B\u00e1nh m\u1ef3 que S\u00e0i g\u00f2n:\u00a0<a href=\"http:\/\/www.banhmyquesaigon.com\/\">www.banhmyquesaigon.com<\/a><\/p>\n<p>+ Website S\u01a1n T\u00e2y Camera:\u00a0<a href=\"http:\/\/www.sontaycamera.com\/\">www.sontaycamera.com<\/a><\/p>\n<p>+ Website c\u1eeda h\u00e0ng b\u00e1n \u0111i\u1ec7n tho\u1ea1i Iphone:\u00a0<a href=\"http:\/\/www.golife.store\/\">www.golife.store<\/a><\/p>\n<p>+ Website Th\u01b0\u01a1ng hi\u1ec7u th\u1eddi trang C\u00f4ng s\u1edf n\u1eef:\u00a0<a href=\"http:\/\/www.tk3.com.vn\/\">www.tk3.com.vn<\/a><\/p>\n<p><a href=\"http:\/\/Webdemo.com\/\">Webdemo.com\u00a0<\/a>cung c\u1ea5p d\u1ecbch v\u1ee5 thi\u1ebft k\u1ebf website gi\u1edbi thi\u1ec7u s\u1ea3n ph\u1ea9m chu\u1ea9n SEO uy t\u00edn t\u1ea1i Vi\u1ec7t Nam.<\/p>\n<p><strong>Y\u00eau c\u1ea7u \u0111\u1eb7c tr\u01b0ng<\/strong>\u00a0c\u1ee7a c\u00e1c website gi\u1edbi thi\u1ec7u s\u1ea3n ph\u1ea9m l\u00e0\u00a0<strong>b\u1ed1 c\u1ee5c r\u00f5 r\u00e0ng, n\u1ed9i dung m\u1ea1ch l\u1ea1c v\u00e0 chi ti\u1ebf<\/strong>t, h\u1ed7 tr\u1ee3 \u0111\u0103ng\u00a0<strong>h\u00ecnh \u1ea3nh s\u1ea3n ph\u1ea9m to, r\u00f5 r\u00e0ng.<\/strong>\u00a0B\u00ean c\u1ea1nh \u0111\u00f3,\u00a0<strong>th\u00f4ng tin v\u1ec1 th\u01b0\u01a1ng hi\u1ec7u c\u1ee7a doanh nghi\u1ec7p, c\u00f4ng ty<\/strong>\u00a0c\u0169ng \u0111\u01b0\u1ee3c quan t\u00e2m\u00a0hi\u1ec3n th\u1ecb r\u00f5 r\u00e0ng, d\u1ec5 nh\u1eadn bi\u1ebft.<\/p>\n<p>T\u1ea1i\u00a0<a href=\"http:\/\/Webdemo.com\/\">Webdemo<\/a>, m\u00ecnh\u00a0cung c\u1ea5p d\u1ecbch v\u1ee5 thi\u1ebft k\u1ebf website v\u1edbi\u00a0<strong>m\u1ee9c gi\u00e1 r\u1ea5t h\u1ea5p d\u1eabn<\/strong>. Th\u00f4ng th\u01b0\u1eddng, m\u1ed9t website gi\u1edbi thi\u1ec7u s\u1ea3n ph\u1ea9m c\u00f3 chi ph\u00ed r\u01a1i v\u00e0o kho\u1ea3ng 1.500.000\u0111 \u2013 2.000.000\u0111 (\u0111\u00e3 bao g\u1ed3m hosting v\u00e0 t\u00ean mi\u1ec1n).<\/p>\n<p><strong>Quy tr\u00ecnh thi\u1ebft k\u1ebf website gi\u1edbi thi\u1ec7u s\u1ea3n ph\u1ea9m t\u1ea1i Webdemo.com nh\u01b0 sau:<\/strong><\/p>\n<ul>\n<li><strong>B\u01b0\u1edbc 1:<\/strong>\u00a0Trao \u0111\u1ed5i th\u00f4ng tin, y\u00eau c\u1ea7u v\u1edbi kh\u00e1ch h\u00e0ng<\/li>\n<li><strong>B\u01b0\u1edbc 2:<\/strong>\u00a0Mua t\u00ean mi\u1ec1n cho kh\u00e1ch (kh\u00e1ch c\u00f3 th\u1ec3 t\u1ef1 mua)<\/li>\n<li><strong>B\u01b0\u1edbc 3:<\/strong>\u00a0Tr\u1ecf t\u00ean mi\u1ec1n v\u1ec1 hosting cho kh\u00e1ch (d\u00f9ng hosting c\u1ee7a Webdemo ho\u1eb7c d\u00f9ng hosting c\u1ee7a kh\u00e1ch)<\/li>\n<li><strong>B\u01b0\u1edbc 4:<\/strong>\u00a0Th\u1ef1c hi\u1ec7n x\u00e2y d\u1ef1ng website tr\u00ean hosting (ch\u1eb7n index)<\/li>\n<li><strong>B\u01b0\u1edbc 5:<\/strong>\u00a0G\u1eedi link website cho kh\u00e1ch duy\u1ec7t v\u00e0 trao \u0111\u1ed5i ch\u1ec9nh s\u1eeda tr\u1ef1c ti\u1ebfp tr\u00ean website theo \u00fd kh\u00e1ch.<\/li>\n<li><strong>B\u01b0\u1edbc 6:<\/strong>\u00a0H\u01b0\u1edbng d\u1eabn kh\u00e1ch s\u1eed d\u1ee5ng, qu\u1ea3n tr\u1ecb, \u0111\u0103ng b\u00e0i vi\u1ebft, \u0111\u0103ng s\u1ea3n ph\u1ea9m v\u00e0 c\u00e1c th\u00f4ng tin kh\u00e1c c\u00f3 li\u00ean quan\u2026<\/li>\n<li><strong>B\u01b0\u1edbc 7:<\/strong>\u00a0M\u1edf index<\/li>\n<li><strong>B\u01b0\u1edbc 8:<\/strong>\u00a0B\u00e0n giao website cho kh\u00e1ch<\/li>\n<\/ul>\n<p>Trong m\u1ed9t s\u1ed1 tr\u01b0\u1eddng h\u1ee3p kh\u00e1ch c\u1ea7n xem demo tr\u01b0\u1edbc khi duy\u1ec7t l\u00e0m website, m\u00ecnh\u00a0s\u1ebd th\u1ef1c hi\u1ec7n d\u1ef1ng website demo tr\u01b0\u1edbc v\u00e0 g\u1eedi cho kh\u00e1ch duy\u1ec7t tr\u01b0\u1edbc khi upload source code l\u00ean hosting.<\/p>\n<p><strong>Th\u00f4ng tin li\u00ean h\u1ec7:<\/strong><br \/>\n+ Li\u00ean h\u1ec7: DEMO<br \/>\n+ Phone: 0909009009<br \/>\n+ Email:\u00a0demoweb@gmail.com<br \/>\n+ Website: www.Webdemo.com<br \/>\n+ Flickr:\u00a0<a href=\"http:\/\/www.flickr.com\/photos\/demo@N07\/albums\">www.flickr.com\/photos\/demo@N07\/albums<\/a><br \/>\n+ Behance:\u00a0<a href=\"https:\/\/www.behance.net\/demo\">https:\/\/www.behance.net\/demo<\/a><br \/>\n+ Pintesest:\u00a0<a href=\"https:\/\/www.pinterest.com\/demo\/pins\/\">https:\/\/www.pinterest.com\/demo\/pins\/<\/a><\/p>\n","protected":false},"excerpt":{"rendered":"<p>D\u01b0\u1edbi \u0111\u00e2y l\u00e0 m\u1ed9t s\u1ed1 m\u1eabu website gi\u1edbi thi\u1ec7u s\u1ea3n ph\u1ea9m m\u00e0 m\u00ecnh \u0111\u00e3 th\u1ef1c hi\u1ec7n: + Website shop b\u00e1n h\u1ea1t \u0111i\u1ec1u, d\u1ea7u tr\u00e0m:\u00a0www.hatdieu.webdemo.com + Website gi\u1edbi thi\u1ec7u X\u01b0\u1edfng s\u1ea3n xu\u1ea5t T\u01b0\u1ee3ng Th\u1ea1ch Cao:\u00a0www.tuongthachcao.webdemo.com + Website gi\u1edbi thi\u1ec7u M\u00e1y l\u1ecdc n\u01b0\u1edbc Kangaroo Hydrogen:\u00a0www.hydrogen.webdemo.com + Website gi\u1edbi thi\u1ec7u d\u1ef1 \u00e1n B\u1ea5t \u0111\u1ed9ng s\u1ea3n:\u00a0www.bds.webdemo.com + Website gi\u1edbi &#8230;<\/p>\n","protected":false},"author":1,"featured_media":0,"parent":0,"menu_order":0,"comment_status":"closed","ping_status":"closed","template":"page-right-sidebar.php","meta":[],"_links":{"self":[{"href":"https:\/\/webmaibinh.com\/w\/gioithieucongty3\/wp-json\/wp\/v2\/pages\/43"}],"collection":[{"href":"https:\/\/webmaibinh.com\/w\/gioithieucongty3\/wp-json\/wp\/v2\/pages"}],"about":[{"href":"https:\/\/webmaibinh.com\/w\/gioithieucongty3\/wp-json\/wp\/v2\/types\/page"}],"author":[{"embeddable":true,"href":"https:\/\/webmaibinh.com\/w\/gioithieucongty3\/wp-json\/wp\/v2\/users\/1"}],"replies":[{"embeddable":true,"href":"https:\/\/webmaibinh.com\/w\/gioithieucongty3\/wp-json\/wp\/v2\/comments?post=43"}],"version-history":[{"count":0,"href":"https:\/\/webmaibinh.com\/w\/gioithieucongty3\/wp-json\/wp\/v2\/pages\/43\/revisions"}],"wp:attachment":[{"href":"https:\/\/webmaibinh.com\/w\/gioithieucongty3\/wp-json\/wp\/v2\/media?parent=43"}],"curies":[{"name":"wp","href":"https:\/\/api.w.org\/{rel}","templated":true}]}}