{"id":283,"date":"2019-06-17T23:15:14","date_gmt":"2019-06-17T16:15:14","guid":{"rendered":"https:\/\/ghevanphong.khowebseotop.vn\/?post_type=product&#038;p=283"},"modified":"2019-06-17T23:15:14","modified_gmt":"2019-06-17T16:15:14","slug":"ghe-giam-doc-tq02","status":"publish","type":"product","link":"https:\/\/webmaibinh.com\/w\/ghevanphong2011\/san-pham\/ghe-giam-doc-tq02\/","title":{"rendered":"Gh\u1ebf gi\u00e1m \u0111\u1ed1c TQ02"},"content":{"rendered":"<p>Gh\u1ebf gi\u00e1m \u0111\u1ed1c H\u00f2a Ph\u00e1t TQ02 thu\u1ed9c d\u00f2ng gh\u1ebf gi\u00e1m \u0111\u1ed1c cao c\u1ea5p TQ, gh\u1ebf \u0111\u01b0\u1ee3c thi\u1ebft k\u1ebf d\u00e0nh cho l\u00e3nh \u0111\u1ea1o c\u00e1c c\u01a1 quan, \u0111\u01a1n v\u1ecb.<\/p>\n<p>Gh\u1ebf c\u00f3 c\u1ea7n \u0111i\u1ec1u ch\u1ec9nh \u0111\u1ed9 cao v\u00e0 \u0111\u1ed9 ng\u00e3 gi\u00fap ng\u01b0\u1eddi s\u1eed d\u1ee5ng c\u00f3 th\u1ec3 \u0111i\u1ec1u ch\u1ec9nh gh\u1ebf ph\u00f9 h\u1ee3p v\u1edbi nhu c\u1ea7u s\u1eed d\u1ee5ng c\u1ee7a m\u00ecnh.<\/p>\n<p><strong>K\u00edch th\u01b0\u1edbc:<\/strong><\/p>\n<p>Chi\u1ec1u d\u00e0i: 700mm, chi\u1ec1u s\u00e2u(D): 680mm, chi\u1ec1u cao(H): (1200-1255)mm (chi\u1ec1u cao v\u00e0 chi\u1ec1u s\u00e2u \u0111o theo m\u1eb7t ng\u1ed3i v\u00e0 m\u1eb7t l\u01b0ng).<\/p>\n<p><strong>Ch\u1ea5t li\u1ec7u:<\/strong><\/p>\n<p>Ch\u00e2n gh\u1ebf nh\u00f4m \u1ed1p g\u1ed7.<\/p>\n<p>Tay gh\u1ebf n\u1eb9p g\u1ed7 t\u1ef1 nhi\u00ean<\/p>\n<p>\u0110\u1ec7m t\u1ef1a gh\u1ebf v\u00e0 l\u00f3t tay b\u1ecdc da cao c\u1ea5p ho\u1eb7c da c\u00f4ng nghi\u1ec7p.<\/p>\n<p><strong>M\u00e0u s\u1eafc:<\/strong>\u00a0M\u00e0u \u0111en.<\/p>\n","protected":false},"excerpt":{"rendered":"<p>Gh\u1ebf gi\u00e1m \u0111\u1ed1c H\u00f2a Ph\u00e1t TQ02 thu\u1ed9c d\u00f2ng gh\u1ebf gi\u00e1m \u0111\u1ed1c cao c\u1ea5p TQ, gh\u1ebf \u0111\u01b0\u1ee3c thi\u1ebft k\u1ebf d\u00e0nh cho l\u00e3nh \u0111\u1ea1o c\u00e1c c\u01a1 quan, \u0111\u01a1n v\u1ecb. Gh\u1ebf c\u00f3 c\u1ea7n \u0111i\u1ec1u ch\u1ec9nh \u0111\u1ed9 cao v\u00e0 \u0111\u1ed9 ng\u00e3 gi\u00fap ng\u01b0\u1eddi s\u1eed d\u1ee5ng c\u00f3 th\u1ec3 \u0111i\u1ec1u ch\u1ec9nh gh\u1ebf ph\u00f9 h\u1ee3p v\u1edbi nhu c\u1ea7u s\u1eed d\u1ee5ng c\u1ee7a m\u00ecnh. &#8230;<\/p>\n","protected":false},"featured_media":284,"comment_status":"open","ping_status":"closed","template":"","meta":[],"brands":[{"id":28,"name":"Xu\u00e2n H\u00f2a","slug":"xuan-hoa"}],"_links":{"self":[{"href":"https:\/\/webmaibinh.com\/w\/ghevanphong2011\/wp-json\/wp\/v2\/product\/283"}],"collection":[{"href":"https:\/\/webmaibinh.com\/w\/ghevanphong2011\/wp-json\/wp\/v2\/product"}],"about":[{"href":"https:\/\/webmaibinh.com\/w\/ghevanphong2011\/wp-json\/wp\/v2\/types\/product"}],"replies":[{"embeddable":true,"href":"https:\/\/webmaibinh.com\/w\/ghevanphong2011\/wp-json\/wp\/v2\/comments?post=283"}],"wp:featuredmedia":[{"embeddable":true,"href":"https:\/\/webmaibinh.com\/w\/ghevanphong2011\/wp-json\/wp\/v2\/media\/284"}],"wp:attachment":[{"href":"https:\/\/webmaibinh.com\/w\/ghevanphong2011\/wp-json\/wp\/v2\/media?parent=283"}],"curies":[{"name":"wp","href":"https:\/\/api.w.org\/{rel}","templated":true}]}}