{"id":206,"date":"2019-06-17T18:46:44","date_gmt":"2019-06-17T11:46:44","guid":{"rendered":"https:\/\/ghevanphong.khowebseotop.vn\/?post_type=product&#038;p=206"},"modified":"2019-06-17T22:47:49","modified_gmt":"2019-06-17T15:47:49","slug":"ghe-truong-phong-gx305","status":"publish","type":"product","link":"https:\/\/webmaibinh.com\/w\/ghevanphong2011\/san-pham\/ghe-truong-phong-gx305\/","title":{"rendered":"Gh\u1ebf tr\u01b0\u1edfng ph\u00f2ng GX305"},"content":{"rendered":"<p>&#8211;\u00a0<em><strong>T\u00ean s\u1ea3n ph\u1ea9m<\/strong><\/em>: Gh\u1ebf xoay GX305<\/p>\n<p>&#8211;\u00a0<em><strong>Ki\u1ec3u d\u00e1ng<\/strong><\/em>:<\/p>\n<p>+\u00a0Gh\u1ebf xoay l\u01b0ng cao\u00a0t\u1ef1a r\u1eddi.<\/p>\n<p>+ C\u1ee5m ch\u00e2n gh\u1ebf \u0111\u01b0\u1ee3c thi\u1ebft k\u1ebf s\u1eed d\u1ee5ng b\u1ed9 piston kh\u00ed n\u00e9n c\u00f3 th\u1ec3 \u0111i\u1ec1u ch\u1ec9nh \u0111\u01b0\u1ee3c \u0111\u1ed9 cao th\u1ea5p.<\/p>\n<p>+ M\u00e9p ng\u1ed3i v\u00e1t h\u00ecnh th\u00e1c n\u01b0\u1edbc.<\/p>\n<p>+ L\u01b0ng gh\u1ebf c\u00f3 d\u00e1ng u\u1ed1n l\u01b0\u1ee3n.<\/p>\n<p>+ Tay v\u1ecbn c\u00e1ch \u0111i\u1ec7u, tr\u00ean m\u1eb7t c\u00f3 ph\u1ee7 l\u1edbp \u0111\u1ec7m b\u1ecdc da.<\/p>\n<p>+ D\u01b0\u1edbi ch\u00e2n gh\u1ebf c\u00f3 b\u00e1nh xe h\u00ecnh sao, c\u00f3 th\u1ec3 di chuy\u1ec3n.<\/p>\n<p>&#8211;\u00a0<em><strong>K\u00edch th\u01b0\u1edbc<\/strong><\/em>:<\/p>\n<p>Chi\u1ec1u d\u00e0i(W) 580, chi\u1ec1u s\u00e2u(D) 650, chi\u1ec1u cao(H) (1100-1200)mm (chi\u1ec1u cao v\u00e0 chi\u1ec1u s\u00e2u \u0111o theo m\u1eb7t ng\u1ed3i v\u00e0 m\u1eb7t l\u01b0ng).<\/p>\n<p>&#8211;\u00a0<em><strong>Ch\u1ea5t li\u1ec7u<\/strong><\/em>:<\/p>\n<p>+ To\u00e0n b\u1ed9 m\u1eb7t t\u1ef1a l\u01b0ng v\u00e0 m\u1eb7t ng\u1ed3i \u0111\u01b0\u1ee3c b\u1ecdc b\u1eb1ng v\u1ea3i da PU. (Ch\u1ea5t li\u1ec7u da\u00a0trong s\u1ea3n xu\u1ea5t gh\u1ebf xoay)<\/p>\n<p>+ Ch\u00e2n sao v\u00e0 tay v\u1ecbn h\u1ee3p kim nh\u00f4m S50.<\/p>\n<p>+ B\u00e1nh xe nh\u1ef1a PU D60.<\/p>\n<p>&#8211;\u00a0<em><strong>M\u00e0u s\u1eafc<\/strong><\/em>: m\u00e0u cafe\u00a0n\u00e2u.<\/p>\n<p>&#8211;\u00a0<em><strong>\u0110\u1eb7c \u0111i\u1ec3m t\u1ed5ng quan:<\/strong><\/em><\/p>\n<p>\u0110\u00e2y l\u00e0 m\u1eabu s\u1ea3n ph\u1ea9m d\u00e0nh ri\u00eang cho l\u00e3nh \u0111\u1ea1o n\u00ean gh\u1ebf \u0111\u01b0\u1ee3c l\u00e0m t\u1eeb ch\u1ea5t li\u1ec7u v\u00e0 ph\u1ee5 ki\u1ec7n cao c\u1ea5p. Gh\u1ebf c\u00f3 ki\u1ec3u d\u00e1ng hi\u1ec7n \u0111\u1ea1i, sang tr\u1ecdng, k\u1ecbch l\u00e3m v\u1edbi k\u00edch th\u01b0\u1edbc ph\u00f9 h\u1ee3p v\u1edbi nhi\u1ec1u v\u00f3c d\u00e1ng. M\u00e9p m\u1eb7t ng\u1ed3i v\u00e1t vong ki\u1ec3u th\u00e1c n\u01b0\u1edbc gi\u00fap m\u1eb7t \u0111\u00f9i ph\u00eda d\u01b0\u1edbi \u0111\u1ea7u g\u1ed1i kh\u00f4ng b\u1ecb ch\u00e8n \u00e9p b\u00ean c\u1ea1nh \u0111\u00f3 gh\u1ebf c\u00f2n c\u00f3 m\u1eb7t t\u1ef1a l\u01b0ng v\u00e0 m\u1eb7t ng\u1ed3i c\u00f3 c\u00e1c m\u1eb7t cong l\u00f5m s\u00e2u t\u1ea1o cho ng\u01b0\u1eddi ng\u1ed3i \u0111\u01b0\u1ee3c t\u1ef3 \u0111\u1ee1 \u1edf t\u01b0 th\u1ebf \u0111\u00fang nh\u1ea5t. Ch\u00e2n gh\u1ebf v\u00e0 tay v\u1ecbn \u0111\u01b0\u1ee3c l\u00e0m t\u1eeb h\u1ee3p kim nh\u00f4m ch\u1ea5t l\u01b0\u1ee3ng cao mang l\u1ea1i \u0111\u1ed9 b\u1ec1n cho s\u1ea3n ph\u1ea9m.<\/p>\n","protected":false},"excerpt":{"rendered":"<p>&#8211;\u00a0T\u00ean s\u1ea3n ph\u1ea9m: Gh\u1ebf xoay GX305 &#8211;\u00a0Ki\u1ec3u d\u00e1ng: +\u00a0Gh\u1ebf xoay l\u01b0ng cao\u00a0t\u1ef1a r\u1eddi. + C\u1ee5m ch\u00e2n gh\u1ebf \u0111\u01b0\u1ee3c thi\u1ebft k\u1ebf s\u1eed d\u1ee5ng b\u1ed9 piston kh\u00ed n\u00e9n c\u00f3 th\u1ec3 \u0111i\u1ec1u ch\u1ec9nh \u0111\u01b0\u1ee3c \u0111\u1ed9 cao th\u1ea5p. + M\u00e9p ng\u1ed3i v\u00e1t h\u00ecnh th\u00e1c n\u01b0\u1edbc. + L\u01b0ng gh\u1ebf c\u00f3 d\u00e1ng u\u1ed1n l\u01b0\u1ee3n. + Tay v\u1ecbn c\u00e1ch \u0111i\u1ec7u, tr\u00ean m\u1eb7t &#8230;<\/p>\n","protected":false},"featured_media":207,"comment_status":"open","ping_status":"closed","template":"","meta":[],"brands":[{"id":25,"name":"N\u1ed9i th\u1ea5t 190","slug":"noi-that-190"}],"_links":{"self":[{"href":"https:\/\/webmaibinh.com\/w\/ghevanphong2011\/wp-json\/wp\/v2\/product\/206"}],"collection":[{"href":"https:\/\/webmaibinh.com\/w\/ghevanphong2011\/wp-json\/wp\/v2\/product"}],"about":[{"href":"https:\/\/webmaibinh.com\/w\/ghevanphong2011\/wp-json\/wp\/v2\/types\/product"}],"replies":[{"embeddable":true,"href":"https:\/\/webmaibinh.com\/w\/ghevanphong2011\/wp-json\/wp\/v2\/comments?post=206"}],"wp:featuredmedia":[{"embeddable":true,"href":"https:\/\/webmaibinh.com\/w\/ghevanphong2011\/wp-json\/wp\/v2\/media\/207"}],"wp:attachment":[{"href":"https:\/\/webmaibinh.com\/w\/ghevanphong2011\/wp-json\/wp\/v2\/media?parent=206"}],"curies":[{"name":"wp","href":"https:\/\/api.w.org\/{rel}","templated":true}]}}