{"id":453,"date":"2017-08-25T14:04:01","date_gmt":"2017-08-25T07:04:01","guid":{"rendered":"https:\/\/bizhostvn.com\/w\/fashion2\/?post_type=product&#038;p=453"},"modified":"2017-08-25T17:03:27","modified_gmt":"2017-08-25T10:03:27","slug":"so-mi-nam-ngan-tay-03","status":"publish","type":"product","link":"https:\/\/webmaibinh.com\/w\/fashion2\/san-pham\/so-mi-nam-ngan-tay-03\/","title":{"rendered":"S\u01a1 mi nam ng\u1eafn tay 03"},"content":{"rendered":"<p>BlackBerry Bold 9000 l\u00e0 thi\u1ebft b\u1ecb ti\u1ebfp n\u1ed1i s\u1ef1 th\u00e0nh c\u00f4ng c\u1ee7a BlackBerry Curve v\u00e0 8800. BlackBerry Bold 9000 kh\u00f4ng ph\u1ea3i l\u00e0 cu\u1ed9c c\u00e1ch m\u1ea1ng nh\u01b0ng kinh nghi\u1ec7m l\u00e2u n\u0103m c\u1ee7a RIM \u0111\u00e3 \u0111\u01b0\u1ee3c d\u1ed3n h\u1ebft cho Bold v\u00e0 \u0111\u00e2y th\u1ef1c s\u1ef1 l\u00e0 m\u1ed9t trong nh\u1eefng \u0111i\u1ec7n tho\u1ea1i BlackBerry t\u1ed1t nh\u1ea5t tr\u00ean th\u1ecb tr\u01b0\u1eddng.<\/p>\n<p>M\u00e0n h\u00ecnh \u0111\u1ed9 ph\u00e2n gi\u1ea3i cao c\u0169ng th\u1eadt s\u1ef1 l\u00e0 m\u1ed9t \u0111i\u1ec3m n\u1ed5i b\u1eadt. Bold c\u00f3 m\u00e0n h\u00ecnh v\u1edbi \u0111\u1ed9 ph\u00e2n gi\u1ea3i l\u00ean t\u1edbi 320 x480 pixel, g\u1ea5p \u0111\u00f4i \u0111\u1ed9 ph\u00e2n gi\u1ea3i c\u1ee7a Curve. M\u00e0n h\u00ecnh \u0111\u1eb9p gi\u00fap cho m\u1ecdi vi\u1ec7c b\u1ea1n th\u1ef1c hi\u1ec7n tr\u00ean Bold c\u0169ng r\u1ea5t tuy\u1ec7t v\u1eddi \u0111\u1eb7c bi\u1ec7t l\u00e0 khi xem phim.<\/p>\n<p>\u0110i\u1ec7n tho\u1ea1i th\u00f4ng minh n\u00e0y r\u1ed9ng h\u01a1n so v\u1edbi c\u00e1c \u0111i\u1ec7n tho\u1ea1i c\u1ea1nh tranh kh\u00e1c nh\u01b0ng l\u1ea1i t\u01b0\u01a1ng \u0111\u1ed1i m\u1ecfng. \u0110i\u1ec7n tho\u1ea1i r\u1ed9ng h\u01a1n n\u00ean m\u00e0n h\u00ecnh c\u0169ng l\u1edbn h\u01a1n v\u00e0 c\u00e1c ph\u00edm r\u1ed9ng r\u00e3i h\u01a1n. D\u0129 nhi\u00ean, b\u00e0n ph\u00edm s\u1ebd kh\u00f4ng th\u1ec3 r\u1ed9ng nh\u01b0 b\u00e0n ph\u00edm ngang \u1edf m\u1ed9t s\u1ed1 \u0111i\u1ec7n tho\u1ea1i th\u00f4ng minh nh\u01b0ng b\u1ea1n v\u1eabn c\u00f3 c\u1ea3m gi\u00e1c tho\u1ea3i m\u00e1i khi nh\u1eadp li\u1ec7u. Kh\u00f4ng c\u00f3 kho\u1ea3ng c\u00e1ch gi\u1eefa c\u00e1c ph\u00edm nh\u1eefng m\u1ed7i ph\u00edm h\u01a1i n\u00e2ng cao l\u00ean m\u1ed9t ch\u00fat v\u00ec v\u1eady b\u1ea1n v\u1eabn c\u00f3 th\u1ec3 s\u1eed d\u1ee5ng ph\u00edm d\u1ec5 d\u00e0ng m\u00e0 kh\u00f4ng s\u1ee3 ch\u1ea1m v\u00e0o c\u00e1c ph\u00edm kh\u00e1c. Ch\u1ec9 ti\u1ebfc l\u00e0 Bold kh\u00f4ng c\u00f3 ph\u00edm ri\u00eang d\u00e0nh cho nh\u1eefng d\u1ea5u hay ph\u1ea3i s\u1eed d\u1ee5ng nhi\u1ec1u nh\u01b0 d\u1ea5u ch\u1ea5m v\u00e0 d\u1ea5u ph\u1ea9y.<\/p>\n<p>Gi\u1eefa m\u00e0n h\u00ecnh v\u00e0 b\u00e0n ph\u00edm l\u00e0 trackball. V\u00ec Bold kh\u00f4ng c\u00f3 m\u00e0n h\u00ecnh c\u1ea3m \u1ee9ng n\u00ean b\u1ea1n s\u1ebd ph\u1ea3i ph\u1ee5 thu\u1ed9c nhi\u1ec1u v\u00e0o trackball. N\u1ebfu c\u00f3 \u0111i\u1ec1u ki\u1ec7n s\u1eed d\u1ee5ng, b\u1ea1n s\u1ebd th\u1ea5y trackball n\u00e0y hay h\u01a1n D-pad v\u00e0 ho\u00e0n to\u00e0n \u01b0u vi\u1ec7t h\u01a1n track-whell c\u1ee7a BlackBerry c\u0169.<\/p>\n<p>Ph\u00edm ch\u01b0\u01a1ng tr\u00ecnh n\u1eb1m \u1edf c\u1ea3 b\u00ean tr\u00e1i v\u00e0 ph\u1ea3i c\u1ee7a \u0111i\u1ec7n tho\u1ea1i t\u1ea1o thu\u1eadn l\u1ee3i cho ng\u01b0\u1eddi s\u1eed d\u1ee5ng.<\/p>\n","protected":false},"excerpt":{"rendered":"<p>Giuseart \u2013 Chuy\u00ean cung c\u1ea5p c\u00e1c m\u1eabu\u00a0<strong>Th\u1eddi trang nam cao c\u1ea5p<\/strong>\u00a0h\u00e0ng hi\u1ec7u nh\u1eadp kh\u1ea9u th\u1eddi trang t\u1eeb nhi\u1ec1u h\u00e3ng th\u1eddi trang nam n\u1ed5i ti\u1ebfng t\u1eeb nhi\u1ec1u qu\u1ed1c gia nh\u01b0: H\u00e0n Qu\u1ed1c, M\u1ef9\u2026<\/p>\n","protected":false},"featured_media":454,"template":"","meta":[],"_links":{"self":[{"href":"https:\/\/webmaibinh.com\/w\/fashion2\/wp-json\/wp\/v2\/product\/453"}],"collection":[{"href":"https:\/\/webmaibinh.com\/w\/fashion2\/wp-json\/wp\/v2\/product"}],"about":[{"href":"https:\/\/webmaibinh.com\/w\/fashion2\/wp-json\/wp\/v2\/types\/product"}],"wp:featuredmedia":[{"embeddable":true,"href":"https:\/\/webmaibinh.com\/w\/fashion2\/wp-json\/wp\/v2\/media\/454"}],"wp:attachment":[{"href":"https:\/\/webmaibinh.com\/w\/fashion2\/wp-json\/wp\/v2\/media?parent=453"}],"curies":[{"name":"wp","href":"https:\/\/api.w.org\/{rel}","templated":true}]}}