{"id":58,"date":"2019-08-30T11:42:12","date_gmt":"2019-08-30T04:42:12","guid":{"rendered":"http:\/\/edu10.w2steam.com\/?page_id=58"},"modified":"2019-08-31T09:34:49","modified_gmt":"2019-08-31T02:34:49","slug":"giang-vien","status":"publish","type":"page","link":"https:\/\/webmaibinh.com\/w\/edu92011\/giang-vien\/","title":{"rendered":"Gi\u1ea3ng vi\u00ean"},"content":{"rendered":"\t<section class=\"section giang-vien-section\" id=\"section_747914349\">\n\t\t<div class=\"bg section-bg fill bg-fill  bg-loaded\" >\n\n\t\t\t\n\t\t\t\n\t\t\t\n\n\t\t<\/div>\n\n\t\t<div class=\"section-content relative\">\n\t\t\t\n<div class=\"row\"  id=\"row-2000908825\">\n\n\t<div class=\"col small-12 large-12\"  >\n\t\t<div class=\"col-inner\"  >\n\t\t\t\n\t\t\t\n<p style=\"text-align: left;\">Gi\u1ea3ng vi\u00ean \u0111\u00e0o t\u1ea1o t\u1ea1i Green Academy l\u00e0 nh\u01b0ng cao th\u1ee7 Marketing Online th\u1ef1c chi\u1ebfn, \u0111\u00e3 ch\u1ee9ng t\u1ecf n\u0103ng l\u1ef1c qua nhi\u1ec1u n\u0103m kinh nghi\u1ec7m, \u0111\u00e3 t\u1eebng l\u00e0 s\u00e1t th\u1ee7 b\u00e1n h\u00e0ng trong c\u00e1c ng\u00e0nh ngh\u1ec1 ph\u1ed5 bi\u1ebfn trong x\u00e3 h\u1ed9i. T\u1ea5t c\u1ea3 gi\u1ea3ng vi\u00ean \u0111\u1ec1u t\u00e2m huy\u1ebft m\u1ed9t l\u00f2ng chung tay x\u00e2y d\u1ef1ng gi\u00e1 tr\u1ecb t\u1ed1i \u01b0u cho c\u1ed9ng \u0111\u1ed3ng:<\/p>\n\n\t\t<div class=\"icon-box featured-box icon-box-left text-left\"  >\n\t\t\t\t\t<div class=\"icon-box-img\" style=\"width: 150px\">\n\t\t\t\t<div class=\"icon\">\n\t\t\t\t\t<div class=\"icon-inner\" >\n\t\t\t\t\t\t<img width=\"216\" height=\"216\" src=\"https:\/\/webmaibinh.com\/w\/edu92011\/wp-content\/uploads\/2019\/08\/giang-vien.jpg\" class=\"attachment-medium size-medium\" alt=\"\" loading=\"lazy\" srcset=\"https:\/\/webmaibinh.com\/w\/edu92011\/wp-content\/uploads\/2019\/08\/giang-vien.jpg 216w, https:\/\/webmaibinh.com\/w\/edu92011\/wp-content\/uploads\/2019\/08\/giang-vien-150x150.jpg 150w\" sizes=\"(max-width: 216px) 100vw, 216px\" \/>\t\t\t\t\t<\/div>\n\t\t\t\t<\/div>\n\t\t\t<\/div>\n\t\t\t\t<div class=\"icon-box-text last-reset\">\n\t\t\t\t\t\t\t\t\t\n<h3><span style=\"color: #ffffff;\">CEO H\u00e0 Ki\u1ec1u Linh<\/span><\/h3>\n<ul>\n<li><span style=\"font-size: 100%; color: #333333;\">CEO C\u00f4ng ty TNHH D\u1ecbch V\u1ee5 v\u00e0 Th\u01b0\u01a1ng M\u1ea1i M\u1ed9c Linh<\/span><\/li>\n<li><span style=\"font-size: 100%; color: #333333;\">Gi\u00e1m \u0111\u1ed1c Mi\u1ec1n B\u1eafc C\u00f4ng ty TNHH D\u1ecbch v\u1ee5 v\u00e0 Th\u01b0\u01a1ng M\u1ea0i Green Family<\/span><\/li>\n<li><span style=\"font-size: 100%; color: #333333;\">Ph\u00f3 hi\u1ec7u tr\u01b0\u1edfng H\u1ecdc vi\u1ec7n \u0110\u00e0o t\u1ea1o N\u1eef Doanh nh\u00e2n Green Academy<\/span><\/li>\n<\/ul>\n\t\t<\/div>\n\t<\/div>\n\t\n\t\n\t<div id=\"gap-408842368\" class=\"gap-element clearfix\" style=\"display:block; height:auto;\">\n\t\t\n<style scope=\"scope\">\n\n#gap-408842368 {\n  padding-top: 20px;\n}\n<\/style>\n\t<\/div>\n\t\n<ul>\n<li>\u0110\u00e3 m\u1edf h\u00e0ng tr\u0103m kho\u00e1 \u0111\u00e0o t\u1ea1o online mi\u1ec5n ph\u00ed cho h\u1ec7 th\u1ed1ng v\u00e0 c\u1ed9ng \u0111\u1ed3ng, g\u00e2y \u0111\u01b0\u1ee3c ti\u1ebfng vang l\u1edbn trong th\u1ecb tr\u01b0\u1eddng Kinh doanh online.<\/li>\n<li>S\u1edf h\u1eefu h\u1ec7 th\u1ed1ng kho\u1ea3ng h\u01a1n 3,000 \u0111\u1ea1i l\u00fd tr\u00ean to\u00e0n qu\u1ed1c v\u00e0 t\u1ea1i m\u1ed9t s\u1ed1 qu\u1ed1c gia nh\u01b0: M\u1ef9, \u0110\u00e0i Loan, Nh\u1eadt B\u1ea3n, H\u00e0n Qu\u1ed1c\u2026<\/li>\n<li>\u0110\u00e0o t\u1ea1o th\u00e0nh c\u00f4ng kho\u1ea3ng 9,000 ng\u01b0\u1eddi qua c\u00e1c kho\u00e1 h\u1ecdc.<\/li>\n<li>V\u1edbi nh\u1eefng kinh nghi\u1ec7m KD c\u1ee7a m\u00ecnh v\u00e0 s\u1ef1 trau d\u1ed3i t\u1eeb h\u00e0ng tr\u0103m kho\u00e1 h\u1ecdc t\u1eeb nh\u1eefng b\u1eadc th\u1ea7y \u0111\u00e0o t\u1ea1o trong n\u01b0\u1edbc v\u00e0 n\u01b0\u1edbc ngo\u00e0i, CEO Ki\u1ec1u Linh \u0111\u00e3 v\u00e0 \u0111ang trao \u0111i gi\u00e1 tr\u1ecb, chia s\u1ebb nh\u1eefng kinh nghi\u1ec7m th\u1ef1c chi\u1ebfn gi\u00fap c\u00e1c b\u1ea1n kinh doanh th\u00e0nh c\u00f4ng.<\/li>\n<\/ul>\n\t\t<\/div>\n\t<\/div>\n\n\t\n\n<style scope=\"scope\">\n\n#row-2000908825 > .col > .col-inner {\n  padding: 0 0px 0px 0px;\n}\n<\/style>\n<\/div>\n\t\t<\/div>\n\n\t\t\n<style scope=\"scope\">\n\n#section_747914349 {\n  padding-top: 0px;\n  padding-bottom: 0px;\n}\n<\/style>\n\t<\/section>\n\t\n","protected":false},"excerpt":{"rendered":"","protected":false},"author":1,"featured_media":0,"parent":0,"menu_order":0,"comment_status":"closed","ping_status":"closed","template":"page-right-sidebar.php","meta":[],"_links":{"self":[{"href":"https:\/\/webmaibinh.com\/w\/edu92011\/wp-json\/wp\/v2\/pages\/58"}],"collection":[{"href":"https:\/\/webmaibinh.com\/w\/edu92011\/wp-json\/wp\/v2\/pages"}],"about":[{"href":"https:\/\/webmaibinh.com\/w\/edu92011\/wp-json\/wp\/v2\/types\/page"}],"author":[{"embeddable":true,"href":"https:\/\/webmaibinh.com\/w\/edu92011\/wp-json\/wp\/v2\/users\/1"}],"replies":[{"embeddable":true,"href":"https:\/\/webmaibinh.com\/w\/edu92011\/wp-json\/wp\/v2\/comments?post=58"}],"version-history":[{"count":8,"href":"https:\/\/webmaibinh.com\/w\/edu92011\/wp-json\/wp\/v2\/pages\/58\/revisions"}],"predecessor-version":[{"id":494,"href":"https:\/\/webmaibinh.com\/w\/edu92011\/wp-json\/wp\/v2\/pages\/58\/revisions\/494"}],"wp:attachment":[{"href":"https:\/\/webmaibinh.com\/w\/edu92011\/wp-json\/wp\/v2\/media?parent=58"}],"curies":[{"name":"wp","href":"https:\/\/api.w.org\/{rel}","templated":true}]}}