{"id":220,"date":"2019-08-30T17:43:46","date_gmt":"2019-08-30T10:43:46","guid":{"rendered":"http:\/\/edu10.w2steam.com\/?page_id=220"},"modified":"2019-09-01T10:55:27","modified_gmt":"2019-09-01T03:55:27","slug":"level-3-dai-ly-cap-ii-15-ngay-can-quet-khach-hang-k01-k03","status":"publish","type":"page","link":"https:\/\/webmaibinh.com\/w\/edu92011\/khoa-hoc\/level-3-dai-ly-cap-ii-15-ngay-can-quet-khach-hang-k01-k03\/","title":{"rendered":"Level 3: \u0110\u1ea1i l\u00fd c\u1ea5p II &#8211; 15 ng\u00e0y c\u00e0n qu\u00e9t kh\u00e1ch h\u00e0ng (K01-K03)"},"content":{"rendered":"<p>N\u1ed9i dung \u0111ang c\u1eadp nh\u1eadt&#8230;<\/p>\n","protected":false},"excerpt":{"rendered":"<p>\u0110\u00e0o t\u1ea1o \u0111i h\u1ebft 50 h\u1ed9p sp trong 15 ng\u00e0y. Livestream b\u00e1n l\u1ebb th\u1ea7n s\u1ea7u. K\u0129 n\u0103ng vi\u1ebft content b\u00e1n l\u1ebb v\u00e0 tuy\u1ec3n s\u1ec9 nh\u1ecf. Kinh nghi\u1ec7m b\u00e1n ofline \u0111\u1ecba \u0111i\u1ec3m. Tuy\u1ec7t chi\u00eau tuy\u1ec3n s\u1ec9. T\u01b0 duy b\u00e1n h\u00e0ng \u0111\u1ec9nh cao.<\/p>\n","protected":false},"author":1,"featured_media":246,"parent":54,"menu_order":0,"comment_status":"closed","ping_status":"closed","template":"","meta":[],"_links":{"self":[{"href":"https:\/\/webmaibinh.com\/w\/edu92011\/wp-json\/wp\/v2\/pages\/220"}],"collection":[{"href":"https:\/\/webmaibinh.com\/w\/edu92011\/wp-json\/wp\/v2\/pages"}],"about":[{"href":"https:\/\/webmaibinh.com\/w\/edu92011\/wp-json\/wp\/v2\/types\/page"}],"author":[{"embeddable":true,"href":"https:\/\/webmaibinh.com\/w\/edu92011\/wp-json\/wp\/v2\/users\/1"}],"replies":[{"embeddable":true,"href":"https:\/\/webmaibinh.com\/w\/edu92011\/wp-json\/wp\/v2\/comments?post=220"}],"version-history":[{"count":2,"href":"https:\/\/webmaibinh.com\/w\/edu92011\/wp-json\/wp\/v2\/pages\/220\/revisions"}],"predecessor-version":[{"id":921,"href":"https:\/\/webmaibinh.com\/w\/edu92011\/wp-json\/wp\/v2\/pages\/220\/revisions\/921"}],"up":[{"embeddable":true,"href":"https:\/\/webmaibinh.com\/w\/edu92011\/wp-json\/wp\/v2\/pages\/54"}],"wp:featuredmedia":[{"embeddable":true,"href":"https:\/\/webmaibinh.com\/w\/edu92011\/wp-json\/wp\/v2\/media\/246"}],"wp:attachment":[{"href":"https:\/\/webmaibinh.com\/w\/edu92011\/wp-json\/wp\/v2\/media?parent=220"}],"curies":[{"name":"wp","href":"https:\/\/api.w.org\/{rel}","templated":true}]}}