{"id":210,"date":"2019-08-30T17:41:07","date_gmt":"2019-08-30T10:41:07","guid":{"rendered":"http:\/\/edu10.w2steam.com\/?page_id=210"},"modified":"2019-08-31T10:49:55","modified_gmt":"2019-08-31T03:49:55","slug":"phu-thuy-ban-le-k01-k04","status":"publish","type":"page","link":"https:\/\/webmaibinh.com\/w\/edu92011\/khoa-hoc\/phu-thuy-ban-le-k01-k04\/","title":{"rendered":"Ph\u00f9 th\u1ee7y b\u00e1n l\u1ebb (K01-K04)"},"content":{"rendered":"","protected":false},"excerpt":{"rendered":"<p>Chi\u1ebfn l\u01b0\u1ee3c kh\u00e1ch h\u00e0ng t\u1ea1o n\u00ean \u0111\u1ebf ch\u1ebf kinh doanh ngh\u00ecn ng\u01b0\u1eddi. S\u1edf h\u1eefu b\u1ed9 c\u00f4ng c\u1ee5 video b\u00e1n h\u00e0ng th\u1ea7n s\u1ea7u. K\u0129 n\u0103ng livestream v\u1ea1n ng\u01b0\u1eddi m\u00ea. 15 v\u0169 kh\u00ed b\u00ed m\u1eadt CH\u1ed0T SALE XUY\u00caN N\u00c3O kh\u00e1ch h\u00e0ng. Nh\u01b0ng thu\u1eadt to\u00e1n facebook m\u1edbi nh\u1ea5t. Nh\u1eefng c\u00e1ch khai th\u00e1c kh\u00e1ch h\u00e0ng ti\u1ec1m n\u0103ng m\u1ed7i ng\u00e0y.<\/p>\n","protected":false},"author":1,"featured_media":240,"parent":54,"menu_order":0,"comment_status":"closed","ping_status":"closed","template":"","meta":[],"_links":{"self":[{"href":"https:\/\/webmaibinh.com\/w\/edu92011\/wp-json\/wp\/v2\/pages\/210"}],"collection":[{"href":"https:\/\/webmaibinh.com\/w\/edu92011\/wp-json\/wp\/v2\/pages"}],"about":[{"href":"https:\/\/webmaibinh.com\/w\/edu92011\/wp-json\/wp\/v2\/types\/page"}],"author":[{"embeddable":true,"href":"https:\/\/webmaibinh.com\/w\/edu92011\/wp-json\/wp\/v2\/users\/1"}],"replies":[{"embeddable":true,"href":"https:\/\/webmaibinh.com\/w\/edu92011\/wp-json\/wp\/v2\/comments?post=210"}],"version-history":[{"count":1,"href":"https:\/\/webmaibinh.com\/w\/edu92011\/wp-json\/wp\/v2\/pages\/210\/revisions"}],"predecessor-version":[{"id":536,"href":"https:\/\/webmaibinh.com\/w\/edu92011\/wp-json\/wp\/v2\/pages\/210\/revisions\/536"}],"up":[{"embeddable":true,"href":"https:\/\/webmaibinh.com\/w\/edu92011\/wp-json\/wp\/v2\/pages\/54"}],"wp:featuredmedia":[{"embeddable":true,"href":"https:\/\/webmaibinh.com\/w\/edu92011\/wp-json\/wp\/v2\/media\/240"}],"wp:attachment":[{"href":"https:\/\/webmaibinh.com\/w\/edu92011\/wp-json\/wp\/v2\/media?parent=210"}],"curies":[{"name":"wp","href":"https:\/\/api.w.org\/{rel}","templated":true}]}}