{"id":206,"date":"2019-08-30T17:40:30","date_gmt":"2019-08-30T10:40:30","guid":{"rendered":"http:\/\/edu10.w2steam.com\/?page_id=206"},"modified":"2019-09-01T10:55:53","modified_gmt":"2019-09-01T03:55:53","slug":"phu-thuy-ban-le-x10-doanh-so-tet","status":"publish","type":"page","link":"https:\/\/webmaibinh.com\/w\/edu92011\/khoa-hoc\/phu-thuy-ban-le-x10-doanh-so-tet\/","title":{"rendered":"Ph\u00f9 th\u1ee7y b\u00e1n l\u1ebb &#8211; x10 doanh s\u1ed1 T\u1ebft"},"content":{"rendered":"<p>N\u1ed9i dung \u0111ang c\u1eadp nh\u1eadt&#8230;<\/p>\n","protected":false},"excerpt":{"rendered":"<p>5 ng\u00e0y l\u1ed9t x\u00e1c \u0111\u1ec3 tr\u1edf th\u00e0nh ph\u00f9 th\u1ee7y b\u00e1n l\u1ebb b\u1eb1ng c\u00e1ch s\u1ea3n xu\u1ea5t v\u00e0 ph\u00e1t t\u00e1n nh\u1eefng con virut mang t\u00ean &#8220;Content&#8221; &#8211; gi\u00fap c\u00e1c b\u1ea1n x10 doanh s\u1ed1 d\u1ecbp T\u1ebft.  <\/p>\n","protected":false},"author":1,"featured_media":233,"parent":54,"menu_order":0,"comment_status":"closed","ping_status":"closed","template":"","meta":[],"_links":{"self":[{"href":"https:\/\/webmaibinh.com\/w\/edu92011\/wp-json\/wp\/v2\/pages\/206"}],"collection":[{"href":"https:\/\/webmaibinh.com\/w\/edu92011\/wp-json\/wp\/v2\/pages"}],"about":[{"href":"https:\/\/webmaibinh.com\/w\/edu92011\/wp-json\/wp\/v2\/types\/page"}],"author":[{"embeddable":true,"href":"https:\/\/webmaibinh.com\/w\/edu92011\/wp-json\/wp\/v2\/users\/1"}],"replies":[{"embeddable":true,"href":"https:\/\/webmaibinh.com\/w\/edu92011\/wp-json\/wp\/v2\/comments?post=206"}],"version-history":[{"count":2,"href":"https:\/\/webmaibinh.com\/w\/edu92011\/wp-json\/wp\/v2\/pages\/206\/revisions"}],"predecessor-version":[{"id":924,"href":"https:\/\/webmaibinh.com\/w\/edu92011\/wp-json\/wp\/v2\/pages\/206\/revisions\/924"}],"up":[{"embeddable":true,"href":"https:\/\/webmaibinh.com\/w\/edu92011\/wp-json\/wp\/v2\/pages\/54"}],"wp:featuredmedia":[{"embeddable":true,"href":"https:\/\/webmaibinh.com\/w\/edu92011\/wp-json\/wp\/v2\/media\/233"}],"wp:attachment":[{"href":"https:\/\/webmaibinh.com\/w\/edu92011\/wp-json\/wp\/v2\/media?parent=206"}],"curies":[{"name":"wp","href":"https:\/\/api.w.org\/{rel}","templated":true}]}}