{"id":1159,"date":"2019-06-14T10:32:10","date_gmt":"2019-06-14T03:32:10","guid":{"rendered":"https:\/\/edu5.khowebseotop.vn\/?page_id=1159"},"modified":"2019-07-30T16:22:32","modified_gmt":"2019-07-30T09:22:32","slug":"gia-tri-cot-loi","status":"publish","type":"page","link":"https:\/\/webmaibinh.com\/w\/edu62011\/ve-chung-toi\/gia-tri-cot-loi\/","title":{"rendered":"Gi\u00e1 tr\u1ecb c\u1ed1t l\u00f5i"},"content":{"rendered":"<h3><strong>Vi\u1ec7c luy\u1ec7n thi IELTS tr\u1edf th\u00e0nh nhu c\u1ea7u c\u1ea5p thi\u1ebft v\u00e0 t\u1ed1i thi\u1ec3u<\/strong><\/h3>\n<p>IETLS l\u00e0 ng\u01b0\u1ee1ng c\u1eeda \u0111\u1ea7u ti\u00ean c\u00e1c b\u1ea1n c\u1ea7n v\u01b0\u1ee3t qua \u0111\u1ec3 c\u00f3 th\u1ebf ho\u00e0n t\u1ea5t h\u1ed3 s\u01a1 du h\u1ecdc v\u00e0 l\u00e0m vi\u1ec7c t\u1ea1i n\u01b0\u1edbc ngo\u00e0i. Ngo\u00e0i ra c\u00e1c b\u1ea1n \u0111ang c\u00f3 c\u01a1 h\u1ed9i \u0111\u1ec3 nh\u1eadn h\u1ecdc b\u1ed5ng\u00a0to\u00e0n ph\u1ea7n hay b\u00e1n ph\u1ea7n theo % h\u1ecdc ph\u00ed t\u00f9y theo h\u1ecdc l\u1ef1c t\u1ea1i tr\u01b0\u1eddng. C\u00e1nh c\u1eeda du h\u1ecdc \u0111ang r\u1ed9ng m\u1edf cho t\u1ea5t c\u1ea3 nh\u1eefng h\u1ecdc vi\u00ean v\u1edbi kh\u1ea3 n\u0103ng t\u00e0i ch\u00ednh h\u1ea1n ch\u1ebf.<\/p>\n<p>Hi\u1ec3u r\u00f5 nhu c\u1ea7u v\u00e0 kh\u00e1t v\u1ecdng c\u1ee7a c\u00e1c b\u1ea1n h\u1ecdc sinh \u2013 sinh vi\u00ean, ch\u00fang t\u00f4i \u0111\u00e3 li\u00ean k\u1ebft v\u1edbi hai ch\u01b0\u01a1ng tr\u00ecnh du h\u1ecdc quan tr\u1ecdng l\u00e0 Scholarship (Du h\u1ecdc b\u1eb1ng h\u1ecdc b\u1ed5ng) v\u00e0 Smart Education (Du h\u1ecdc th\u00f4ng minh) \u0111\u1ec3 gi\u00fap ng\u01b0\u1eddi c\u00f3 nhu c\u1ea7u du h\u1ecdc d\u1ec5 d\u00e0ng ti\u1ebfp c\u1eadn v\u1edbi nh\u1eefng \u0110\u1ea1i h\u1ecdc danh ti\u1ebfng \u0111\u00e3 \u0111\u01b0\u1ee3c ki\u1ec3m \u0111\u1ecbnh tr\u00ean th\u1ebf gi\u1edbi.<\/p>\n<p>V\u1edbi m\u1ee5c \u0111\u00edch ho\u00e0n th\u00e0nh 100% \u01b0\u1edbc m\u01a1 du h\u1ecdc c\u1ee7a c\u00e1c h\u1ecdc vi\u00ean mong mu\u1ed1n gia nh\u1eadp m\u00f4i tr\u01b0\u1eddng \u0111\u00e0o t\u1ea1o h\u00e0ng \u0111\u1ea7u t\u1ea1i M\u1ef9, \u00dac, Anh, Canada, ch\u00fang t\u00f4i cam k\u1ebft mang l\u1ea1i k\u1ebft qu\u1ea3 IELTS t\u1ed1t nh\u1ea5t trong th\u1eddi gian 4 th\u00e1ng.<\/p>\n<p><img loading=\"lazy\" src=\"http:\/\/www.luyenthiielts.net\/uploads\/ALT_Du_Hc_1.jpg\" width=\"700\" height=\"315\" border=\"0\" data-pagespeed-url-hash=\"628590513\" \/><\/p>\n<h3><strong>Ph\u01b0\u01a1ng ph\u00e1p th\u1ef1c ti\u1ec5n, hi\u1ec7u qu\u1ea3 c\u1ea5p t\u1ed1c<\/strong><\/h3>\n<p>V\u01b0\u1ee3t qua\u00a0k\u1ef3 thi IELTS l\u00e0 m\u1ed9t v\u1ea5n \u0111\u1ec1 c\u1ef1c k\u00ec kh\u00f3 kh\u0103n. Nhi\u1ec1u h\u1ecdc sinh \u0111\u00e3 m\u1ea5t r\u1ea5t nhi\u1ec1u th\u1eddi gian v\u00e0 c\u00f4ng s\u1ee9c h\u1ecdc t\u1eadp nh\u01b0ng v\u1eabn kh\u00f4ng th\u1ec3 \u0111\u1ea1t \u0111\u01b0\u1ee3c k\u1ebft qu\u1ea3 mong mu\u1ed1n.\u00a0L\u00ed do c\u1ee7a s\u1ef1 th\u1ea5t b\u1ea1i n\u00e0y, v\u1ec1 c\u01a1 b\u1ea3n, l\u00e0 do c\u00e1c b\u1ea1n ch\u01b0a x\u00e2y d\u1ef1ng \u0111\u01b0\u1ee3c m\u1ed9t chi\u1ebfn l\u01b0\u1ee3c h\u1ecdc t\u1eadp h\u1ee3p l\u00fd, kh\u00f4ng \u0111\u01b0\u1ee3c gi\u1ea3ng d\u1ea1y \u0111\u00fang tr\u1ecdng t\u00e2m ki\u1ebfn th\u1ee9c c\u1ea7n thi\u1ebft cho k\u1ef3 thi.<\/p>\n<p>V\u1edbi h\u01a1n\u00a020 n\u0103m kinh nghi\u1ec7m\u00a0trong vi\u1ec7c\u00a0gi\u1ea3ng d\u1ea1y IELTS t\u1ea1i c\u00e1c\u00a0trung t\u00e2m Anh Ng\u1eef h\u00e0ng \u0111\u1ea7u, Th\u1ea1c s\u1ef9 Nguy\u1ec5n B\u00edch V\u00e2n, gi\u1ea3ng vi\u00ean \u0110H S\u01b0 Ph\u1ea1m n\u1eafm ch\u1eafc trong tay ph\u01b0\u01a1ng ph\u00e1p luy\u1ec7n thi IELTS c\u1ea5p t\u1ed1c m\u00e0 hi\u1ec7u qu\u1ea3, gi\u00fap c\u00e1c b\u1ea1n v\u01b0\u1ee3t qua k\u1ef3 thi v\u00e0 v\u01b0\u01a1n \u01b0\u1edbc m\u01a1 h\u1ecdc t\u1eadp v\u00e0 l\u00e0m vi\u1ec7c t\u1ea1i n\u01b0\u1edbc ngo\u00e0i.<\/p>\n<p>&nbsp;<\/p>\n","protected":false},"excerpt":{"rendered":"<p>Vi\u1ec7c luy\u1ec7n thi IELTS tr\u1edf th\u00e0nh nhu c\u1ea7u c\u1ea5p thi\u1ebft v\u00e0 t\u1ed1i thi\u1ec3u IETLS l\u00e0 ng\u01b0\u1ee1ng c\u1eeda \u0111\u1ea7u ti\u00ean c\u00e1c b\u1ea1n c\u1ea7n v\u01b0\u1ee3t qua \u0111\u1ec3 c\u00f3 th\u1ebf ho\u00e0n t\u1ea5t h\u1ed3 s\u01a1 du h\u1ecdc v\u00e0 l\u00e0m vi\u1ec7c t\u1ea1i n\u01b0\u1edbc ngo\u00e0i. Ngo\u00e0i ra c\u00e1c b\u1ea1n \u0111ang c\u00f3 c\u01a1 h\u1ed9i \u0111\u1ec3 nh\u1eadn h\u1ecdc b\u1ed5ng\u00a0to\u00e0n ph\u1ea7n hay b\u00e1n ph\u1ea7n<\/p>\n","protected":false},"author":3,"featured_media":0,"parent":1155,"menu_order":0,"comment_status":"closed","ping_status":"closed","template":"page-right-sidebar.php","meta":[],"_links":{"self":[{"href":"https:\/\/webmaibinh.com\/w\/edu62011\/wp-json\/wp\/v2\/pages\/1159"}],"collection":[{"href":"https:\/\/webmaibinh.com\/w\/edu62011\/wp-json\/wp\/v2\/pages"}],"about":[{"href":"https:\/\/webmaibinh.com\/w\/edu62011\/wp-json\/wp\/v2\/types\/page"}],"author":[{"embeddable":true,"href":"https:\/\/webmaibinh.com\/w\/edu62011\/wp-json\/wp\/v2\/users\/3"}],"replies":[{"embeddable":true,"href":"https:\/\/webmaibinh.com\/w\/edu62011\/wp-json\/wp\/v2\/comments?post=1159"}],"version-history":[{"count":1,"href":"https:\/\/webmaibinh.com\/w\/edu62011\/wp-json\/wp\/v2\/pages\/1159\/revisions"}],"predecessor-version":[{"id":2242,"href":"https:\/\/webmaibinh.com\/w\/edu62011\/wp-json\/wp\/v2\/pages\/1159\/revisions\/2242"}],"up":[{"embeddable":true,"href":"https:\/\/webmaibinh.com\/w\/edu62011\/wp-json\/wp\/v2\/pages\/1155"}],"wp:attachment":[{"href":"https:\/\/webmaibinh.com\/w\/edu62011\/wp-json\/wp\/v2\/media?parent=1159"}],"curies":[{"name":"wp","href":"https:\/\/api.w.org\/{rel}","templated":true}]}}