{"id":1155,"date":"2019-06-14T10:31:50","date_gmt":"2019-06-14T03:31:50","guid":{"rendered":"https:\/\/edu5.khowebseotop.vn\/?page_id=1155"},"modified":"2019-06-15T23:46:22","modified_gmt":"2019-06-15T16:46:22","slug":"ve-chung-toi","status":"publish","type":"page","link":"https:\/\/webmaibinh.com\/w\/edu62011\/ve-chung-toi\/","title":{"rendered":"V\u1ec1 ch\u00fang t\u00f4i"},"content":{"rendered":"<p>C\u1ed9ng \u0111\u1ed3ng Ng\u00e2n h\u00e0ng &amp; Ngu\u1ed3n nh\u00e2n l\u1ef1c (U&amp;Bank) ti\u1ec1n th\u00e2n l\u00e0 Di\u1ec5n \u0111\u00e0n Ng\u00e2n h\u00e0ng &amp; Ngu\u1ed3n nh\u00e2n l\u1ef1c \u0111\u01b0\u1ee3c th\u00e0nh l\u1eadp v\u00e0o ng\u00e0y 26\/02\/2011 b\u1edfi founder V\u0169 Vi\u1ec7t H\u01b0ng (hi\u1ec7n l\u00e0 TG\u0110 CTCP \u0110\u1ea7u t\u01b0 &amp; Ph\u00e1t tri\u1ec3n UB Vi\u1ec7t Nam)..<\/p>\n<p>V\u1edbi suy ngh\u0129 c\u1ea7n t\u1ea1o ra m\u1ed9t s\u00e2n ch\u01a1i ri\u00eang d\u00e0nh cho Bankers v\u00e0 c\u00e1c b\u1ea1n sinh vi\u00ean chu\u1ea9n b\u1ecb gia nh\u1eadp ng\u00e0nh. \u0110\u1ed9i ng\u0169 s\u00e1ng l\u1eadp, b\u1eb1ng kinh nghi\u1ec7m l\u00e0m vi\u1ec7c l\u00e2u n\u0103m trong ng\u00e0nh \u0111\u00e3 hi\u1ec7n th\u1ef1c h\u00f3a nhu c\u1ea7u \u0111\u00f3 b\u1eb1ng vi\u1ec7c thi\u1ebft l\u1eadp m\u1ed9t M\u1ea1ng x\u00e3 h\u1ed9i c\u00f3 t\u00ean C\u1ed9ng \u0111\u1ed3ng Ng\u00e2n h\u00e0ng &amp; Ngu\u1ed3n nh\u00e2n l\u1ef1c..<\/p>\n<p>M\u1ea1ng x\u00e3 h\u1ed9i C\u1ed9ng \u0111\u1ed3ng Ng\u00e2n h\u00e0ng \u0111\u01b0\u1ee3c host t\u1ea1i \u0111\u1ecba ch\u1ec9 duy nh\u1ea5t: http:\/\/ub.com.vn, \u0111\u00e2y l\u00e0 n\u01a1i giao l\u01b0u chia s\u1ebb d\u00e0nh ri\u00eang cho bankers (v\u1edbi chuy\u00ean m\u1ee5c k\u00edn Bankers Box \u2013 ch\u1ec9 Bankers m\u1edbi c\u00f3 th\u1ec3 tham gia) v\u00e0 c\u0169ng l\u00e0 n\u01a1i \u0111\u1ec3 sinh vi\u00ean chuy\u00ean ng\u00e0nh t\u00e0i ch\u00ednh Ng\u00e2n h\u00e0ng h\u1ecdc h\u1ecfi, t\u00ecm ki\u1ebfm th\u00f4ng tin tuy\u1ec3n d\u1ee5ng, ki\u1ebfn th\u1ee9c nghi\u1ec7p v\u1ee5 v\u00e0 c\u00f3 c\u01a1 h\u1ed9i giao l\u01b0u v\u1edbi c\u00e1c bankers th\u1ef1c th\u1ee5 m\u1ed9t c\u00e1ch g\u1ea7n g\u0169i nh\u1ea5t, t\u1ef1 nhi\u00ean nh\u1ea5t \u2013 \u0111i\u1ec1u m\u00e0 tr\u01b0\u1edbc khi C\u1ed9ng \u0111\u1ed3ng Ng\u00e2n h\u00e0ng ra \u0111\u1eddi kh\u00f4ng th\u1ec3 c\u00f3 \u1edf b\u1ea5t c\u1ee9 \u0111\u00e2u.<\/p>\n<p>.V\u1edbi ph\u01b0\u01a1ng ch\u00e2m \u201cCHO\u201d v\u00e0 \u201cNH\u1eacN\u201d di\u1ec5n \u0111\u00e0n \u0111\u01b0\u1ee3c ho\u1ea1t \u0111\u1ed9ng theo c\u01a1 ch\u1ebf m\u1edf d\u01b0\u1edbi s\u1ef1 qu\u1ea3n l\u00fd, v\u1eadn h\u00e0nh chuy\u00ean nghi\u1ec7p c\u1ee7a Doanh nghi\u1ec7p ch\u1ee7 qu\u1ea3n: CTCP \u0110\u1ea7u t\u01b0 &amp; Ph\u00e1t tri\u1ec3n UB Vi\u1ec7t Nam.<\/p>\n","protected":false},"excerpt":{"rendered":"<p>C\u1ed9ng \u0111\u1ed3ng Ng\u00e2n h\u00e0ng &amp; Ngu\u1ed3n nh\u00e2n l\u1ef1c (U&amp;Bank) ti\u1ec1n th\u00e2n l\u00e0 Di\u1ec5n \u0111\u00e0n Ng\u00e2n h\u00e0ng &amp; Ngu\u1ed3n nh\u00e2n l\u1ef1c \u0111\u01b0\u1ee3c th\u00e0nh l\u1eadp v\u00e0o ng\u00e0y 26\/02\/2011 b\u1edfi founder V\u0169 Vi\u1ec7t H\u01b0ng (hi\u1ec7n l\u00e0 TG\u0110 CTCP \u0110\u1ea7u t\u01b0 &amp; Ph\u00e1t tri\u1ec3n UB Vi\u1ec7t Nam).. V\u1edbi suy ngh\u0129 c\u1ea7n t\u1ea1o ra m\u1ed9t s\u00e2n ch\u01a1i ri\u00eang d\u00e0nh cho<\/p>\n","protected":false},"author":3,"featured_media":0,"parent":0,"menu_order":0,"comment_status":"closed","ping_status":"closed","template":"page-right-sidebar.php","meta":[],"_links":{"self":[{"href":"https:\/\/webmaibinh.com\/w\/edu62011\/wp-json\/wp\/v2\/pages\/1155"}],"collection":[{"href":"https:\/\/webmaibinh.com\/w\/edu62011\/wp-json\/wp\/v2\/pages"}],"about":[{"href":"https:\/\/webmaibinh.com\/w\/edu62011\/wp-json\/wp\/v2\/types\/page"}],"author":[{"embeddable":true,"href":"https:\/\/webmaibinh.com\/w\/edu62011\/wp-json\/wp\/v2\/users\/3"}],"replies":[{"embeddable":true,"href":"https:\/\/webmaibinh.com\/w\/edu62011\/wp-json\/wp\/v2\/comments?post=1155"}],"version-history":[{"count":0,"href":"https:\/\/webmaibinh.com\/w\/edu62011\/wp-json\/wp\/v2\/pages\/1155\/revisions"}],"wp:attachment":[{"href":"https:\/\/webmaibinh.com\/w\/edu62011\/wp-json\/wp\/v2\/media?parent=1155"}],"curies":[{"name":"wp","href":"https:\/\/api.w.org\/{rel}","templated":true}]}}