{"id":985,"date":"2018-03-23T23:56:00","date_gmt":"2018-03-23T16:56:00","guid":{"rendered":"https:\/\/toeic.khowebseotop.vn\/?page_id=985"},"modified":"2018-03-23T23:56:16","modified_gmt":"2018-03-23T16:56:16","slug":"cam-nhan-hoc-vien","status":"publish","type":"page","link":"https:\/\/webmaibinh.com\/w\/edu12011\/cam-nhan-hoc-vien\/","title":{"rendered":"C\u1ea3m nh\u1eadn h\u1ecdc vi\u00ean"},"content":{"rendered":"\t<section class=\"section block-in-page\" id=\"section_1541888668\">\n\t\t<div class=\"bg section-bg fill bg-fill  bg-loaded\" >\n\n\t\t\t\n\t\t\t\n\t\t\t\n\n\t\t<\/div>\n\n\t\t<div class=\"section-content relative\">\n\t\t\t\n<div class=\"row row-small\"  id=\"row-1739980148\">\n\n\t<div class=\"col cot8 medium-8 small-12 large-8\"  >\n\t\t<div class=\"col-inner\"  >\n\t\t\t\n\t\t\t\n\n  \n    <div class=\"row large-columns-1 medium-columns-1 small-columns-1 row-small\">\n  \t\t<div class=\"col post-item has-post-icon\" >\n\t\t\t<div class=\"col-inner\">\n\t\t\t<a href=\"https:\/\/webmaibinh.com\/w\/edu12011\/unit-8-speaking-skill-yeu-cau\/\" class=\"plain\">\n\t\t\t\t<div class=\"box box-normal box-text-bottom box-blog-post has-hover\">\n            \t\t\t\t\t<div class=\"box-image\" >\n  \t\t\t\t\t\t<div class=\"image-cover\" style=\"padding-top:56.25%;\">\n  \t\t\t\t\t\t\t<img width=\"359\" height=\"246\" src=\"https:\/\/webmaibinh.com\/w\/edu12011\/wp-content\/uploads\/2018\/03\/unit7-2.jpg\" class=\"attachment-original size-original wp-post-image\" alt=\"\" loading=\"lazy\" srcset=\"https:\/\/webmaibinh.com\/w\/edu12011\/wp-content\/uploads\/2018\/03\/unit7-2.jpg 359w, https:\/\/webmaibinh.com\/w\/edu12011\/wp-content\/uploads\/2018\/03\/unit7-2-300x206.jpg 300w\" sizes=\"(max-width: 359px) 100vw, 359px\" \/>  \t\t\t\t\t\t\t  \t\t\t\t\t\t\t  \t\t\t\t\t\t<\/div>\n  \t\t\t\t\t\t  \t\t\t\t\t\t\t<div class=\"absolute no-click x50 y50 md-x50 md-y50 lg-x50 lg-y50\">\n  \t\t\t\t            \t<div class=\"overlay-icon\">\n  \t\t\t\t                    <i class=\"icon-play\"><\/i>\n  \t\t\t\t                <\/div>\n  \t\t\t\t            <\/div>\n  \t\t\t\t\t\t  \t\t\t\t\t<\/div>\n          \t\t\t\t\t<div class=\"box-text text-left\" >\n\t\t\t\t\t<div class=\"box-text-inner blog-post-inner\">\n\n\t\t\t\t\t\n\t\t\t\t\t\t\t\t\t\t<h5 class=\"post-title is-larger \">Unit 8: Speaking Skill \u2013 Y\u00eau c\u1ea7u<\/h5>\n\t\t\t\t\t\t\t\t\t\t<div class=\"is-divider\"><\/div>\n\t\t\t\t\t\t\t\t\t\t<p class=\"from_the_blog_excerpt \">Ti\u1ebfp t\u1ee5c chu\u1ed7i chia s\u1ebb v\u1ec1 h\u1ecdc ti\u1ebfng Anh giao ti\u1ebfp &#8211; K\u1ef9 n\u0103ng Writing c\u00f9ng Ms B\u00edch Tr\u00e2m c\u00e1c em nh\u00e9! Ch\u1eb3ng may chi\u1ebfc \u0111i\u1ec7n tho\u1ea1i c\u1ee7a em v\u1eeba mua \u0111\u00e3 h\u1ecfng. Kh\u00f4ng c\u00f2n c\u00e1ch n\u00e0o kh\u00e1c, em \u0111\u00e0nh ph\u1ea3i vi\u1ebft th\u01b0 cho ph\u00f2ng Ch\u0103m s\u00f3c kh\u00e1ch h\u00e0ng (Customer [...]\t\t\t\t\t<\/p>\n\t\t\t\t\t                    \n\t\t\t\t\t\n\t\t\t\t\t\n\t\t\t\t\t<\/div>\n\t\t\t\t\t<\/div>\n\t\t\t\t\t\t\t\t\t<\/div>\n\t\t\t\t<\/a>\n\t\t\t<\/div>\n\t\t<\/div>\n<\/div>\n\n  \n    <div class=\"row large-columns-1 medium-columns-1 small-columns-1 row-small\">\n  \t\t<div class=\"col post-item\" >\n\t\t\t<div class=\"col-inner\">\n\t\t\t<a href=\"https:\/\/webmaibinh.com\/w\/edu12011\/unit-7-format-cua-phan-ii-response-to-a-written\/\" class=\"plain\">\n\t\t\t\t<div class=\"box box-normal box-text-bottom box-blog-post has-hover\">\n            \t\t\t\t\t<div class=\"box-image\" >\n  \t\t\t\t\t\t<div class=\"image-cover\" style=\"padding-top:0%;\">\n  \t\t\t\t\t\t\t<img width=\"300\" height=\"206\" src=\"https:\/\/webmaibinh.com\/w\/edu12011\/wp-content\/uploads\/2018\/03\/unit8-2-300x206.jpg\" class=\"attachment-medium size-medium wp-post-image\" alt=\"\" loading=\"lazy\" srcset=\"https:\/\/webmaibinh.com\/w\/edu12011\/wp-content\/uploads\/2018\/03\/unit8-2-300x206.jpg 300w, https:\/\/webmaibinh.com\/w\/edu12011\/wp-content\/uploads\/2018\/03\/unit8-2.jpg 359w\" sizes=\"(max-width: 300px) 100vw, 300px\" \/>  \t\t\t\t\t\t\t  \t\t\t\t\t\t\t  \t\t\t\t\t\t<\/div>\n  \t\t\t\t\t\t  \t\t\t\t\t<\/div>\n          \t\t\t\t\t<div class=\"box-text text-left is-small\" >\n\t\t\t\t\t<div class=\"box-text-inner blog-post-inner\">\n\n\t\t\t\t\t\n\t\t\t\t\t\t\t\t\t\t<h5 class=\"post-title is-larger \">Unit 7: Format c\u1ee7a Ph\u1ea7n II Response to a written<\/h5>\n\t\t\t\t\t\t\t\t\t\t<div class=\"is-divider\"><\/div>\n\t\t\t\t\t\t\t\t\t\t<p class=\"from_the_blog_excerpt \">au \u0111\u00e2y l\u00e0 d\u1ea1ng format (h\u00ecnh th\u1ee9c) thi Part II &#8211; Ph\u1ea3n h\u1ed3i y\u00eau c\u1ea7u\u00a0c\u1ee7a b\u00e0i [...]\t\t\t\t\t<\/p>\n\t\t\t\t\t                    \n\t\t\t\t\t\n\t\t\t\t\t\n\t\t\t\t\t<\/div>\n\t\t\t\t\t<\/div>\n\t\t\t\t\t\t\t\t\t<\/div>\n\t\t\t\t<\/a>\n\t\t\t<\/div>\n\t\t<\/div>\n\t\t<div class=\"col post-item\" >\n\t\t\t<div class=\"col-inner\">\n\t\t\t<a href=\"https:\/\/webmaibinh.com\/w\/edu12011\/unit-6-speaking-skills-hoi-thong-tin\/\" class=\"plain\">\n\t\t\t\t<div class=\"box box-normal box-text-bottom box-blog-post has-hover\">\n            \t\t\t\t\t<div class=\"box-image\" >\n  \t\t\t\t\t\t<div class=\"image-cover\" style=\"padding-top:0%;\">\n  \t\t\t\t\t\t\t<img width=\"300\" height=\"206\" src=\"https:\/\/webmaibinh.com\/w\/edu12011\/wp-content\/uploads\/2018\/03\/unit6-2-300x206.jpg\" class=\"attachment-medium size-medium wp-post-image\" alt=\"\" loading=\"lazy\" srcset=\"https:\/\/webmaibinh.com\/w\/edu12011\/wp-content\/uploads\/2018\/03\/unit6-2-300x206.jpg 300w, https:\/\/webmaibinh.com\/w\/edu12011\/wp-content\/uploads\/2018\/03\/unit6-2.jpg 359w\" sizes=\"(max-width: 300px) 100vw, 300px\" \/>  \t\t\t\t\t\t\t  \t\t\t\t\t\t\t  \t\t\t\t\t\t<\/div>\n  \t\t\t\t\t\t  \t\t\t\t\t<\/div>\n          \t\t\t\t\t<div class=\"box-text text-left is-small\" >\n\t\t\t\t\t<div class=\"box-text-inner blog-post-inner\">\n\n\t\t\t\t\t\n\t\t\t\t\t\t\t\t\t\t<h5 class=\"post-title is-larger \">Unit 6: Speaking SKILLS \u2013 H\u1ecfi th\u00f4ng tin<\/h5>\n\t\t\t\t\t\t\t\t\t\t<div class=\"is-divider\"><\/div>\n\t\t\t\t\t\t\t\t\t\t<p class=\"from_the_blog_excerpt \">Trong c\u00f4ng vi\u1ec7c, nhu c\u1ea7u vi\u1ebft th\u01b0 \u201cH\u1ecfi th\u00f4ng tin\u201d kh\u00f4ng c\u00f2n xa l\u1ea1 \u0111\u00fang kh\u00f4ng [...]\t\t\t\t\t<\/p>\n\t\t\t\t\t                    \n\t\t\t\t\t\n\t\t\t\t\t\n\t\t\t\t\t<\/div>\n\t\t\t\t\t<\/div>\n\t\t\t\t\t\t\t\t\t<\/div>\n\t\t\t\t<\/a>\n\t\t\t<\/div>\n\t\t<\/div>\n\t\t<div class=\"col post-item\" >\n\t\t\t<div class=\"col-inner\">\n\t\t\t<a href=\"https:\/\/webmaibinh.com\/w\/edu12011\/unit-5-writing-skills-cung-cap-thong-tin\/\" class=\"plain\">\n\t\t\t\t<div class=\"box box-normal box-text-bottom box-blog-post has-hover\">\n            \t\t\t\t\t<div class=\"box-image\" >\n  \t\t\t\t\t\t<div class=\"image-cover\" style=\"padding-top:0%;\">\n  \t\t\t\t\t\t\t<img width=\"300\" height=\"206\" src=\"https:\/\/webmaibinh.com\/w\/edu12011\/wp-content\/uploads\/2018\/03\/unit5-2-300x206.jpg\" class=\"attachment-medium size-medium wp-post-image\" alt=\"\" loading=\"lazy\" srcset=\"https:\/\/webmaibinh.com\/w\/edu12011\/wp-content\/uploads\/2018\/03\/unit5-2-300x206.jpg 300w, https:\/\/webmaibinh.com\/w\/edu12011\/wp-content\/uploads\/2018\/03\/unit5-2.jpg 359w\" sizes=\"(max-width: 300px) 100vw, 300px\" \/>  \t\t\t\t\t\t\t  \t\t\t\t\t\t\t  \t\t\t\t\t\t<\/div>\n  \t\t\t\t\t\t  \t\t\t\t\t<\/div>\n          \t\t\t\t\t<div class=\"box-text text-left is-small\" >\n\t\t\t\t\t<div class=\"box-text-inner blog-post-inner\">\n\n\t\t\t\t\t\n\t\t\t\t\t\t\t\t\t\t<h5 class=\"post-title is-larger \">Unit 5: WRITING SKILLS &#8211; CUNG C\u1ea4P TH\u00d4NG TIN<\/h5>\n\t\t\t\t\t\t\t\t\t\t<div class=\"is-divider\"><\/div>\n\t\t\t\t\t\t\t\t\t\t<p class=\"from_the_blog_excerpt \">T\u00f9y thu\u1ed9c v\u00e0o t\u1eebng m\u1ee5c \u0111\u00edch kh\u00e1c nhau \u0111\u1ec3 c\u00e1c em l\u1ef1a ch\u1ecdn nh\u1eefng \u201cc\u00e1i m\u1edf [...]\t\t\t\t\t<\/p>\n\t\t\t\t\t                    \n\t\t\t\t\t\n\t\t\t\t\t\n\t\t\t\t\t<\/div>\n\t\t\t\t\t<\/div>\n\t\t\t\t\t\t\t\t\t<\/div>\n\t\t\t\t<\/a>\n\t\t\t<\/div>\n\t\t<\/div>\n\t\t<div class=\"col post-item\" >\n\t\t\t<div class=\"col-inner\">\n\t\t\t<a href=\"https:\/\/webmaibinh.com\/w\/edu12011\/unit-4-format-cua-phan-iii-write-an-opinion-essay\/\" class=\"plain\">\n\t\t\t\t<div class=\"box box-normal box-text-bottom box-blog-post has-hover\">\n            \t\t\t\t\t<div class=\"box-image\" >\n  \t\t\t\t\t\t<div class=\"image-cover\" style=\"padding-top:0%;\">\n  \t\t\t\t\t\t\t<img width=\"300\" height=\"206\" src=\"https:\/\/webmaibinh.com\/w\/edu12011\/wp-content\/uploads\/2018\/03\/unit4-2-300x206.jpg\" class=\"attachment-medium size-medium wp-post-image\" alt=\"\" loading=\"lazy\" srcset=\"https:\/\/webmaibinh.com\/w\/edu12011\/wp-content\/uploads\/2018\/03\/unit4-2-300x206.jpg 300w, https:\/\/webmaibinh.com\/w\/edu12011\/wp-content\/uploads\/2018\/03\/unit4-2.jpg 359w\" sizes=\"(max-width: 300px) 100vw, 300px\" \/>  \t\t\t\t\t\t\t  \t\t\t\t\t\t\t  \t\t\t\t\t\t<\/div>\n  \t\t\t\t\t\t  \t\t\t\t\t<\/div>\n          \t\t\t\t\t<div class=\"box-text text-left is-small\" >\n\t\t\t\t\t<div class=\"box-text-inner blog-post-inner\">\n\n\t\t\t\t\t\n\t\t\t\t\t\t\t\t\t\t<h5 class=\"post-title is-larger \">Unit 4: Format c\u1ee7a Ph\u1ea7n III Write an opinion Essay<\/h5>\n\t\t\t\t\t\t\t\t\t\t<div class=\"is-divider\"><\/div>\n\t\t\t\t\t\t\t\t\t\t<p class=\"from_the_blog_excerpt \">Sau \u0111\u00e2y l\u00e0 d\u1ea1ng format (h\u00ecnh th\u1ee9c) thi Part III c\u1ee7a b\u00e0i thi TOEIC Writing: \u00a0Question: [...]\t\t\t\t\t<\/p>\n\t\t\t\t\t                    \n\t\t\t\t\t\n\t\t\t\t\t\n\t\t\t\t\t<\/div>\n\t\t\t\t\t<\/div>\n\t\t\t\t\t\t\t\t\t<\/div>\n\t\t\t\t<\/a>\n\t\t\t<\/div>\n\t\t<\/div>\n<\/div>\n\t\t<\/div>\n\t<\/div>\n\n\t\n\n\t<div class=\"col cot4 medium-4 small-12 large-4\"  >\n\t\t<div class=\"col-inner\"  >\n\t\t\t\n\t\t\t\n\n  \n    <div class=\"row large-columns-1 medium-columns-1 small-columns-1 row-small\">\n  \t\t<div class=\"col post-item has-post-icon\" >\n\t\t\t<div class=\"col-inner\">\n\t\t\t<a href=\"https:\/\/webmaibinh.com\/w\/edu12011\/unit-3-tong-quan-ve-writing-skills\/\" class=\"plain\">\n\t\t\t\t<div class=\"box box-normal box-text-bottom box-blog-post has-hover\">\n            \t\t\t\t\t<div class=\"box-image\" >\n  \t\t\t\t\t\t<div class=\"image-cover\" style=\"padding-top:56.25%;\">\n  \t\t\t\t\t\t\t<img width=\"359\" height=\"246\" src=\"https:\/\/webmaibinh.com\/w\/edu12011\/wp-content\/uploads\/2018\/03\/unit2-1.jpg\" class=\"attachment-original size-original wp-post-image\" alt=\"\" loading=\"lazy\" srcset=\"https:\/\/webmaibinh.com\/w\/edu12011\/wp-content\/uploads\/2018\/03\/unit2-1.jpg 359w, https:\/\/webmaibinh.com\/w\/edu12011\/wp-content\/uploads\/2018\/03\/unit2-1-300x206.jpg 300w\" sizes=\"(max-width: 359px) 100vw, 359px\" \/>  \t\t\t\t\t\t\t  \t\t\t\t\t\t\t  \t\t\t\t\t\t<\/div>\n  \t\t\t\t\t\t  \t\t\t\t\t\t\t<div class=\"absolute no-click x50 y50 md-x50 md-y50 lg-x50 lg-y50\">\n  \t\t\t\t            \t<div class=\"overlay-icon\">\n  \t\t\t\t                    <i class=\"icon-play\"><\/i>\n  \t\t\t\t                <\/div>\n  \t\t\t\t            <\/div>\n  \t\t\t\t\t\t  \t\t\t\t\t<\/div>\n          \t\t\t\t\t<div class=\"box-text text-left is-small\" >\n\t\t\t\t\t<div class=\"box-text-inner blog-post-inner\">\n\n\t\t\t\t\t\n\t\t\t\t\t\t\t\t\t\t<h5 class=\"post-title is-large \">Unit 3: T\u1ed5ng quan v\u1ec1 WRITING SKILLS<\/h5>\n\t\t\t\t\t\t\t\t\t\t<div class=\"is-divider\"><\/div>\n\t\t\t\t\t                    \n\t\t\t\t\t\n\t\t\t\t\t\n\t\t\t\t\t<\/div>\n\t\t\t\t\t<\/div>\n\t\t\t\t\t\t\t\t\t<\/div>\n\t\t\t\t<\/a>\n\t\t\t<\/div>\n\t\t<\/div>\n\t\t<div class=\"col post-item has-post-icon\" >\n\t\t\t<div class=\"col-inner\">\n\t\t\t<a href=\"https:\/\/webmaibinh.com\/w\/edu12011\/unit-2-thong-tin-chung-ve-ki-nang-thi-toeic-writing-test\/\" class=\"plain\">\n\t\t\t\t<div class=\"box box-normal box-text-bottom box-blog-post has-hover\">\n            \t\t\t\t\t<div class=\"box-image\" >\n  \t\t\t\t\t\t<div class=\"image-cover\" style=\"padding-top:56.25%;\">\n  \t\t\t\t\t\t\t<img width=\"359\" height=\"246\" src=\"https:\/\/webmaibinh.com\/w\/edu12011\/wp-content\/uploads\/2018\/03\/unit3-1.jpg\" class=\"attachment-original size-original wp-post-image\" alt=\"\" loading=\"lazy\" srcset=\"https:\/\/webmaibinh.com\/w\/edu12011\/wp-content\/uploads\/2018\/03\/unit3-1.jpg 359w, https:\/\/webmaibinh.com\/w\/edu12011\/wp-content\/uploads\/2018\/03\/unit3-1-300x206.jpg 300w\" sizes=\"(max-width: 359px) 100vw, 359px\" \/>  \t\t\t\t\t\t\t  \t\t\t\t\t\t\t  \t\t\t\t\t\t<\/div>\n  \t\t\t\t\t\t  \t\t\t\t\t\t\t<div class=\"absolute no-click x50 y50 md-x50 md-y50 lg-x50 lg-y50\">\n  \t\t\t\t            \t<div class=\"overlay-icon\">\n  \t\t\t\t                    <i class=\"icon-play\"><\/i>\n  \t\t\t\t                <\/div>\n  \t\t\t\t            <\/div>\n  \t\t\t\t\t\t  \t\t\t\t\t<\/div>\n          \t\t\t\t\t<div class=\"box-text text-left is-small\" >\n\t\t\t\t\t<div class=\"box-text-inner blog-post-inner\">\n\n\t\t\t\t\t\n\t\t\t\t\t\t\t\t\t\t<h5 class=\"post-title is-large \">Unit 2: Th\u00f4ng tin chung v\u1ec1 k\u0129 n\u0103ng thi TOEIC Writing Test<\/h5>\n\t\t\t\t\t\t\t\t\t\t<div class=\"is-divider\"><\/div>\n\t\t\t\t\t                    \n\t\t\t\t\t\n\t\t\t\t\t\n\t\t\t\t\t<\/div>\n\t\t\t\t\t<\/div>\n\t\t\t\t\t\t\t\t\t<\/div>\n\t\t\t\t<\/a>\n\t\t\t<\/div>\n\t\t<\/div>\n\t\t<div class=\"col post-item has-post-icon\" >\n\t\t\t<div class=\"col-inner\">\n\t\t\t<a href=\"https:\/\/webmaibinh.com\/w\/edu12011\/unit-3-format-cua-phan-ii-response-to-a-written-request\/\" class=\"plain\">\n\t\t\t\t<div class=\"box box-normal box-text-bottom box-blog-post has-hover\">\n            \t\t\t\t\t<div class=\"box-image\" >\n  \t\t\t\t\t\t<div class=\"image-cover\" style=\"padding-top:56.25%;\">\n  \t\t\t\t\t\t\t<img width=\"359\" height=\"246\" src=\"https:\/\/webmaibinh.com\/w\/edu12011\/wp-content\/uploads\/2018\/03\/unit1-1.jpg\" class=\"attachment-original size-original wp-post-image\" alt=\"\" loading=\"lazy\" srcset=\"https:\/\/webmaibinh.com\/w\/edu12011\/wp-content\/uploads\/2018\/03\/unit1-1.jpg 359w, https:\/\/webmaibinh.com\/w\/edu12011\/wp-content\/uploads\/2018\/03\/unit1-1-300x206.jpg 300w\" sizes=\"(max-width: 359px) 100vw, 359px\" \/>  \t\t\t\t\t\t\t  \t\t\t\t\t\t\t  \t\t\t\t\t\t<\/div>\n  \t\t\t\t\t\t  \t\t\t\t\t\t\t<div class=\"absolute no-click x50 y50 md-x50 md-y50 lg-x50 lg-y50\">\n  \t\t\t\t            \t<div class=\"overlay-icon\">\n  \t\t\t\t                    <i class=\"icon-play\"><\/i>\n  \t\t\t\t                <\/div>\n  \t\t\t\t            <\/div>\n  \t\t\t\t\t\t  \t\t\t\t\t<\/div>\n          \t\t\t\t\t<div class=\"box-text text-left is-small\" >\n\t\t\t\t\t<div class=\"box-text-inner blog-post-inner\">\n\n\t\t\t\t\t\n\t\t\t\t\t\t\t\t\t\t<h5 class=\"post-title is-large \">Unit 3: Format c\u1ee7a Ph\u1ea7n II Response to a written Request<\/h5>\n\t\t\t\t\t\t\t\t\t\t<div class=\"is-divider\"><\/div>\n\t\t\t\t\t                    \n\t\t\t\t\t\n\t\t\t\t\t\n\t\t\t\t\t<\/div>\n\t\t\t\t\t<\/div>\n\t\t\t\t\t\t\t\t\t<\/div>\n\t\t\t\t<\/a>\n\t\t\t<\/div>\n\t\t<\/div>\n<\/div>\n\t\t<\/div>\n\t<\/div>\n\n\t\n\n<style scope=\"scope\">\n\n<\/style>\n<\/div>\n\n  \n    <div class=\"row large-columns-1 medium-columns-1 small-columns-1 row-small\">\n  \t\t<div class=\"col post-item\" >\n\t\t\t<div class=\"col-inner\">\n\t\t\t<a href=\"https:\/\/webmaibinh.com\/w\/edu12011\/unit-8-tu-vung-theo-chu-de-luyen-thi-toeic-thoi-tiet\/\" class=\"plain\">\n\t\t\t\t<div class=\"box box-vertical box-text-middle box-blog-post has-hover\">\n            \t\t\t\t\t<div class=\"box-image\" style=\"width:23%;\">\n  \t\t\t\t\t\t<div class=\"image-cover\" style=\"padding-top:59%;\">\n  \t\t\t\t\t\t\t<img width=\"300\" height=\"206\" src=\"https:\/\/webmaibinh.com\/w\/edu12011\/wp-content\/uploads\/2018\/03\/unit8-1-300x206.jpg\" class=\"attachment-medium size-medium wp-post-image\" alt=\"\" loading=\"lazy\" srcset=\"https:\/\/webmaibinh.com\/w\/edu12011\/wp-content\/uploads\/2018\/03\/unit8-1-300x206.jpg 300w, https:\/\/webmaibinh.com\/w\/edu12011\/wp-content\/uploads\/2018\/03\/unit8-1.jpg 359w\" sizes=\"(max-width: 300px) 100vw, 300px\" \/>  \t\t\t\t\t\t\t  \t\t\t\t\t\t\t  \t\t\t\t\t\t<\/div>\n  \t\t\t\t\t\t  \t\t\t\t\t<\/div>\n          \t\t\t\t\t<div class=\"box-text text-left\" >\n\t\t\t\t\t<div class=\"box-text-inner blog-post-inner\">\n\n\t\t\t\t\t\n\t\t\t\t\t\t\t\t\t\t<h5 class=\"post-title is-large \">Unit 8: T\u1eeb v\u1ef1ng theo ch\u1ee7 \u0111\u1ec1 luy\u1ec7n thi Toeic &#8211; Th\u1eddi ti\u1ebft<\/h5>\n\t\t\t\t\t\t\t\t\t\t<div class=\"is-divider\"><\/div>\n\t\t\t\t\t\t\t\t\t\t<p class=\"from_the_blog_excerpt \">1. Rain \/rein\/ (v,n) m\u01b0a 2. Snow \/sn\u0259\u028a\/ (v,n) tuy\u1ebft 3. Hail \/he\u026al\/ (v,n) m\u01b0a \u0111\u00e1 4. Fog \/f\u0252g\/ (n) s\u01b0\u01a1ng m\u00f9 5. Storm \/st\u0254:m\/ (n) b\u00e3o 6. Wind \/w\u026and\/ (n) gi\u00f3 7. Thunder\/\u2019\u03b8\u028cnd\u0259(r)\/ (n) s\u1ea5m 8. Lightning \/\u2019la\u026atni\u014b\/ (n) ch\u1edbp, s\u00e9t 9. Thermometer \/\u03b8\u0259\u2019m\u0252m\u026at\u0259\/ (n) nhi\u1ec7t k\u1ebf 10. Temperature [...]\t\t\t\t\t<\/p>\n\t\t\t\t\t                    \n\t\t\t\t\t\n\t\t\t\t\t\n\t\t\t\t\t<\/div>\n\t\t\t\t\t<\/div>\n\t\t\t\t\t\t\t\t\t<\/div>\n\t\t\t\t<\/a>\n\t\t\t<\/div>\n\t\t<\/div>\n\t\t<div class=\"col post-item has-post-icon\" >\n\t\t\t<div class=\"col-inner\">\n\t\t\t<a href=\"https:\/\/webmaibinh.com\/w\/edu12011\/unit-7-mot-so-tu-vung-tieng-anh-trong-cong-viec\/\" class=\"plain\">\n\t\t\t\t<div class=\"box box-vertical box-text-middle box-blog-post has-hover\">\n            \t\t\t\t\t<div class=\"box-image\" style=\"width:23%;\">\n  \t\t\t\t\t\t<div class=\"image-cover\" style=\"padding-top:59%;\">\n  \t\t\t\t\t\t\t<img width=\"300\" height=\"206\" src=\"https:\/\/webmaibinh.com\/w\/edu12011\/wp-content\/uploads\/2018\/03\/unit7-1-300x206.jpg\" class=\"attachment-medium size-medium wp-post-image\" alt=\"\" loading=\"lazy\" srcset=\"https:\/\/webmaibinh.com\/w\/edu12011\/wp-content\/uploads\/2018\/03\/unit7-1-300x206.jpg 300w, https:\/\/webmaibinh.com\/w\/edu12011\/wp-content\/uploads\/2018\/03\/unit7-1.jpg 359w\" sizes=\"(max-width: 300px) 100vw, 300px\" \/>  \t\t\t\t\t\t\t  \t\t\t\t\t\t\t  \t\t\t\t\t\t<\/div>\n  \t\t\t\t\t\t  \t\t\t\t\t\t\t<div class=\"absolute no-click x50 y50 md-x50 md-y50 lg-x50 lg-y50\">\n  \t\t\t\t            \t<div class=\"overlay-icon\">\n  \t\t\t\t                    <i class=\"icon-play\"><\/i>\n  \t\t\t\t                <\/div>\n  \t\t\t\t            <\/div>\n  \t\t\t\t\t\t  \t\t\t\t\t<\/div>\n          \t\t\t\t\t<div class=\"box-text text-left\" >\n\t\t\t\t\t<div class=\"box-text-inner blog-post-inner\">\n\n\t\t\t\t\t\n\t\t\t\t\t\t\t\t\t\t<h5 class=\"post-title is-large \">Unit 7: M\u1ed9t s\u1ed1 t\u1eeb v\u1ef1ng ti\u1ebfng Anh trong c\u00f4ng vi\u1ec7c<\/h5>\n\t\t\t\t\t\t\t\t\t\t<div class=\"is-divider\"><\/div>\n\t\t\t\t\t\t\t\t\t\t<p class=\"from_the_blog_excerpt \">Hi guys, Ms H\u01b0\u01a1ng Li\u00ean s\u1ebd gi\u1edbi thi\u1ec7u v\u1edbi ch\u00fang ta M\u1ed9t s\u1ed1 t\u1eeb v\u1ef1ng trong c\u00f4ng vi\u1ec7c c\u00e1c em nh\u00e9. C\u1ef1c k\u00ec h\u1eefu \u00edch n\u1ebfu b\u1ea1n n\u00e0o mu\u1ed1n h\u1ecdc ti\u1ebfng Anh giao ti\u1ebfp c\u00f4ng vi\u1ec7c, k\u1ec3 c\u1ea3 luy\u1ec7n thi TOEIC nha. o A full-time job: c\u00f4ng vi\u1ec7c to\u00e0n th\u1eddi [...]\t\t\t\t\t<\/p>\n\t\t\t\t\t                    \n\t\t\t\t\t\n\t\t\t\t\t\n\t\t\t\t\t<\/div>\n\t\t\t\t\t<\/div>\n\t\t\t\t\t\t\t\t\t<\/div>\n\t\t\t\t<\/a>\n\t\t\t<\/div>\n\t\t<\/div>\n\t\t<div class=\"col post-item has-post-icon\" >\n\t\t\t<div class=\"col-inner\">\n\t\t\t<a href=\"https:\/\/webmaibinh.com\/w\/edu12011\/unit-6-mot-so-nhung-cau-noi-cuc-ki-hay\/\" class=\"plain\">\n\t\t\t\t<div class=\"box box-vertical box-text-middle box-blog-post has-hover\">\n            \t\t\t\t\t<div class=\"box-image\" style=\"width:23%;\">\n  \t\t\t\t\t\t<div class=\"image-cover\" style=\"padding-top:59%;\">\n  \t\t\t\t\t\t\t<img width=\"300\" height=\"206\" src=\"https:\/\/webmaibinh.com\/w\/edu12011\/wp-content\/uploads\/2018\/03\/unit6-300x206.jpg\" class=\"attachment-medium size-medium wp-post-image\" alt=\"\" loading=\"lazy\" srcset=\"https:\/\/webmaibinh.com\/w\/edu12011\/wp-content\/uploads\/2018\/03\/unit6-300x206.jpg 300w, https:\/\/webmaibinh.com\/w\/edu12011\/wp-content\/uploads\/2018\/03\/unit6.jpg 359w\" sizes=\"(max-width: 300px) 100vw, 300px\" \/>  \t\t\t\t\t\t\t  \t\t\t\t\t\t\t  \t\t\t\t\t\t<\/div>\n  \t\t\t\t\t\t  \t\t\t\t\t\t\t<div class=\"absolute no-click x50 y50 md-x50 md-y50 lg-x50 lg-y50\">\n  \t\t\t\t            \t<div class=\"overlay-icon\">\n  \t\t\t\t                    <i class=\"icon-play\"><\/i>\n  \t\t\t\t                <\/div>\n  \t\t\t\t            <\/div>\n  \t\t\t\t\t\t  \t\t\t\t\t<\/div>\n          \t\t\t\t\t<div class=\"box-text text-left\" >\n\t\t\t\t\t<div class=\"box-text-inner blog-post-inner\">\n\n\t\t\t\t\t\n\t\t\t\t\t\t\t\t\t\t<h5 class=\"post-title is-large \">Unit 6: M\u1ed8T S\u1ed0 NH\u1eeeNG C\u00c2U N\u00d3I C\u1ef0C K\u00cc HAY<\/h5>\n\t\t\t\t\t\t\t\t\t\t<div class=\"is-divider\"><\/div>\n\t\t\t\t\t\t\t\t\t\t<p class=\"from_the_blog_excerpt \">B\u00ean c\u1ea1nh luy\u1ec7n thi TOEIC \u0111\u1ec3 c\u00f3 \u0111i\u1ec3m s\u1ed1 cao th\u00ec ch\u00fang m\u00ecnh c\u0169ng c\u1ea7n hoc teng Anh giao tiep \u0111\u1ec1u \u0111\u1eb7n \u0111\u1ec3 giao tiep tieng Anh t\u1ed1t \u0111\u00fang kh\u00f4ng c\u00e1c em? Ms Trang Chu\u1ed1i s\u1ebd gi\u1edbi thi\u1ec7u v\u1edbi c\u00e1c em M\u1ed8T S\u1ed0 NH\u1eeeNG C\u00c2U N\u00d3I C\u1ef0C K\u00cc HAY V\u00c0 [...]\t\t\t\t\t<\/p>\n\t\t\t\t\t                    \n\t\t\t\t\t\n\t\t\t\t\t\n\t\t\t\t\t<\/div>\n\t\t\t\t\t<\/div>\n\t\t\t\t\t\t\t\t\t<\/div>\n\t\t\t\t<\/a>\n\t\t\t<\/div>\n\t\t<\/div>\n<\/div>\n<h3><span style=\"color: #800000; font-size: 120%;\">T\u00e0i li\u1ec7u luy\u1ec7n thi TOEIC<\/span><\/h3>\n<div class=\"row row-small tai-lieu-luyen-thi\"  id=\"row-172352601\">\n\n\t<div class=\"col medium-6 small-12 large-6\"  >\n\t\t<div class=\"col-inner\"  >\n\t\t\t\n\t\t\t\n<ul class=\"sidebar-wrapper ul-reset\"><li id=\"nav_menu-3\" class=\"widget widget_nav_menu\"><h2 class=\"widgettitle\">S\u00e1ch luy\u1ec7n \u0111\u1ec1 m\u1ee5c ti\u00eau +800<\/h2>\n<div class=\"menu-tai-lieu-luyen-thi-1-container\"><ul id=\"menu-tai-lieu-luyen-thi-1\" class=\"menu\"><li id=\"menu-item-503\" class=\"menu-item menu-item-type-custom menu-item-object-custom menu-item-503\"><a href=\"#\">TOEIC Training Comprehension 860 &#8211; B\u1ed9 t\u00e0i li\u1ec7u cho c\u1ea3nh gi\u1edbi cao nh\u1ea5t c\u1ee7a toeic 990<\/a><\/li>\n<li id=\"menu-item-504\" class=\"menu-item menu-item-type-custom menu-item-object-custom menu-item-504\"><a href=\"#\">T\u00e0i li\u1ec7u luy\u1ec7n thi TOEIC: 100 b\u00e0i test Toeic kh\u00f4ng th\u1ec3 b\u1ecf qua<\/a><\/li>\n<li id=\"menu-item-505\" class=\"menu-item menu-item-type-custom menu-item-object-custom menu-item-505\"><a href=\"#\">T\u00e0i li\u1ec7u luy\u1ec7n thi TOEIC: 1000 Reading Comprehension Practice Test Items for the New TOEIC Test &#8211; Jim Lee<\/a><\/li>\n<li id=\"menu-item-506\" class=\"menu-item menu-item-type-custom menu-item-object-custom menu-item-506\"><a href=\"#\">T\u00e0i li\u1ec7u luy\u1ec7n thi TOEIC: 1000 Listening Comprehension Practice Test Items for the New TOEIC Test &#8211; Jim Lee<\/a><\/li>\n<li id=\"menu-item-507\" class=\"menu-item menu-item-type-custom menu-item-object-custom menu-item-507\"><a href=\"#\">T\u00e0i li\u1ec7u luy\u1ec7n thi TOEIC: S\u00e1ch Target Score<\/a><\/li>\n<li id=\"menu-item-508\" class=\"menu-item menu-item-type-custom menu-item-object-custom menu-item-508\"><a href=\"#\">T\u00e0i li\u1ec7u luy\u1ec7n thi TOEIC: S\u00e1ch Tactics for TOEIC \u2013 Listening v\u00e0 Reading Test<\/a><\/li>\n<\/ul><\/div><\/li><\/ul>\n\t\t<\/div>\n\t<\/div>\n\n\t\n\n\t<div class=\"col medium-6 small-12 large-6\"  >\n\t\t<div class=\"col-inner\"  >\n\t\t\t\n\t\t\t\n<ul class=\"sidebar-wrapper ul-reset\"><li id=\"nav_menu-4\" class=\"widget widget_nav_menu\"><h2 class=\"widgettitle\">T\u00e0i li\u1ec7u bi\u00ean so\u1ea1n<\/h2>\n<div class=\"menu-tai-lieu-luyen-thi-2-container\"><ul id=\"menu-tai-lieu-luyen-thi-2\" class=\"menu\"><li id=\"menu-item-551\" class=\"menu-item menu-item-type-custom menu-item-object-custom menu-item-551\"><a href=\"#\">TOP 10 T\u00e0i li\u1ec7u luy\u1ec7n thi TOEIC hay nh\u1ea5t n\u0103m 2017 {Full PDF + AUDIO}<\/a><\/li>\n<li id=\"menu-item-552\" class=\"menu-item menu-item-type-custom menu-item-object-custom menu-item-552\"><a href=\"#\">T\u00e0i li\u1ec7u luy\u1ec7n thi TOEIC trong 30 ng\u00e0y cho ng\u01b0\u1eddi m\u1edbi b\u1eaft \u0111\u1ea7u<\/a><\/li>\n<li id=\"menu-item-553\" class=\"menu-item menu-item-type-custom menu-item-object-custom menu-item-553\"><a href=\"#\">T\u00e0i li\u1ec7u luy\u1ec7n thi TOEIC: 1000 Reading Comprehension Practice Test Items for the New TOEIC Test &#8211; Jim Lee<\/a><\/li>\n<\/ul><\/div><\/li><\/ul>\n\t\t<\/div>\n\t<\/div>\n\n\t\n\n<style scope=\"scope\">\n\n<\/style>\n<\/div>\n\t\t<\/div>\n\n\t\t\n<style scope=\"scope\">\n\n#section_1541888668 {\n  padding-top: 0px;\n  padding-bottom: 0px;\n}\n<\/style>\n\t<\/section>\n\t\n","protected":false},"excerpt":{"rendered":"","protected":false},"author":5,"featured_media":0,"parent":0,"menu_order":0,"comment_status":"closed","ping_status":"closed","template":"page-right-sidebar.php","meta":[],"_links":{"self":[{"href":"https:\/\/webmaibinh.com\/w\/edu12011\/wp-json\/wp\/v2\/pages\/985"}],"collection":[{"href":"https:\/\/webmaibinh.com\/w\/edu12011\/wp-json\/wp\/v2\/pages"}],"about":[{"href":"https:\/\/webmaibinh.com\/w\/edu12011\/wp-json\/wp\/v2\/types\/page"}],"author":[{"embeddable":true,"href":"https:\/\/webmaibinh.com\/w\/edu12011\/wp-json\/wp\/v2\/users\/5"}],"replies":[{"embeddable":true,"href":"https:\/\/webmaibinh.com\/w\/edu12011\/wp-json\/wp\/v2\/comments?post=985"}],"version-history":[{"count":2,"href":"https:\/\/webmaibinh.com\/w\/edu12011\/wp-json\/wp\/v2\/pages\/985\/revisions"}],"predecessor-version":[{"id":987,"href":"https:\/\/webmaibinh.com\/w\/edu12011\/wp-json\/wp\/v2\/pages\/985\/revisions\/987"}],"wp:attachment":[{"href":"https:\/\/webmaibinh.com\/w\/edu12011\/wp-json\/wp\/v2\/media?parent=985"}],"curies":[{"name":"wp","href":"https:\/\/api.w.org\/{rel}","templated":true}]}}