{"id":1317,"date":"2022-11-01T15:54:10","date_gmt":"2022-11-01T08:54:10","guid":{"rendered":"https:\/\/webmaibinh.com\/w\/dongymaibinh\/?post_type=product&#038;p=1317"},"modified":"2022-11-01T15:54:10","modified_gmt":"2022-11-01T08:54:10","slug":"tinh-bot-nghe","status":"publish","type":"product","link":"https:\/\/webmaibinh.com\/w\/dongymaibinh\/s\u1ea3n ph\u1ea9m\/tinh-bot-nghe\/","title":{"rendered":"Tinh b\u1ed9t ngh\u1ec7"},"content":{"rendered":"<div class=\"xdj266r x11i5rnm xat24cr x1mh8g0r x1vvkbs x126k92a\">\n<div dir=\"auto\">T\u00c1C D\u1ee4NG CH\u00cdNH C\u1ee6A TINH B\u1ed8T NGH\u1ec6 NGUY\u00caN CH\u1ea4T<\/div>\n<div dir=\"auto\">Tr\u1ecb m\u1ee5n &#8211; tr\u1ee9ng c\u00e1, n\u00e1m, th\u00e2m, s\u1eb9o, t\u1ea9y da ch\u1ebft&#8230;<\/div>\n<div dir=\"auto\">Xo\u00e1 m\u1edd v\u1ebft nh\u0103n quanh m\u1eaft.<\/div>\n<div dir=\"auto\">L\u00e0m t\u0103ng s\u1eafc t\u1ed1 da, s\u00e1ng da v\u00e0 \u0111\u1ec1u m\u00e0u da.<\/div>\n<div dir=\"auto\">D\u00f9ng cho ph\u1ee5 n\u1eef sau sinh nhanh ch\u00f3ng h\u1ed3i ph\u1ee5c s\u1ee9c kho\u1ebb, nhan s\u1eafc, da d\u1ebb h\u1ed3ng h\u00e0o m\u1ecbn m\u00e0ng. \u0110\u1eb7c bi\u1ec7t l\u00e0 tr\u00e1nh h\u1eadu s\u1ea3n&#8230;.<\/div>\n<div dir=\"auto\">Gi\u00fap gi\u1ea3m c\u00e2n\/t\u0103ng c\u00e2n, l\u01b0u th\u00f4ng m\u1ea1ch m\u00e1u<\/div>\n<div dir=\"auto\">&#8211; \u0110i\u1ec1u tr\u1ecb \u0111au bao t\u1eed, \u0111au d\u1ea1 d\u00e0y, vi\u00ean lo\u00e9t d\u1ea1 d\u00e0y, h\u00e0nh t\u00e1 tr\u00e0ng, \u0111au b\u1ee5ng k\u00e9m \u0103n, \u0103n kh\u00f4ng ti\u00eau&#8230;<\/div>\n<div dir=\"auto\">&#8211; Ph\u00f2ng ng\u1eeba v\u00e0 h\u1ed7 tr\u1ee3 \u0111i\u1ec1u tr\u1ecb ung th\u01b0 hi\u1ec7u qu\u1ea3 v\u00e0 kh\u00f4ng g\u00e2y t\u00e1c d\u1ee5ng ph\u1ee5.<\/div>\n<div dir=\"auto\">&#8211; H\u1ed7 tr\u1ee3 ch\u1ee9c n\u0103ng gan, gi\u1ea3i \u0111\u1ed9c gan, ph\u00f2ng ng\u1eeba x\u01a1 gan, vi\u00eam gan c\u00e1c lo\u1ea1i&#8230;..<\/div>\n<div dir=\"auto\">Li\u00ean h\u1ec7 S\u1ed1 \u0111i\u1ec7n tho\u1ea1i \u0111\u1ec3 c\u00f3 m\u1ee9c gi\u00e1 t\u1ed1t nh\u1ea5t<\/div>\n<div dir=\"auto\"><img loading=\"lazy\" class=\"aligncenter wp-image-1319 size-large\" src=\"https:\/\/webmaibinh.com\/w\/dongymaibinh\/wp-content\/uploads\/2022\/11\/Tinh-bot-nghe-1-1024x586.jpg\" alt=\"\" width=\"1020\" height=\"584\" srcset=\"https:\/\/webmaibinh.com\/w\/dongymaibinh\/wp-content\/uploads\/2022\/11\/Tinh-bot-nghe-1-1024x586.jpg 1024w, https:\/\/webmaibinh.com\/w\/dongymaibinh\/wp-content\/uploads\/2022\/11\/Tinh-bot-nghe-1-300x172.jpg 300w, https:\/\/webmaibinh.com\/w\/dongymaibinh\/wp-content\/uploads\/2022\/11\/Tinh-bot-nghe-1-768x439.jpg 768w, https:\/\/webmaibinh.com\/w\/dongymaibinh\/wp-content\/uploads\/2022\/11\/Tinh-bot-nghe-1-600x343.jpg 600w, https:\/\/webmaibinh.com\/w\/dongymaibinh\/wp-content\/uploads\/2022\/11\/Tinh-bot-nghe-1.jpg 1042w\" sizes=\"(max-width: 1020px) 100vw, 1020px\" \/><\/div>\n<\/div>\n<div class=\"x11i5rnm xat24cr x1mh8g0r x1vvkbs xtlvy1s x126k92a\">\n<div dir=\"auto\"><span class=\"x3nfvp2 x1j61x8r x1fcty0u xdj266r xhhsvwb xat24cr xgzva0m xxymvpz xlup9mm x1kky2od\"><img loading=\"lazy\" src=\"https:\/\/static.xx.fbcdn.net\/images\/emoji.php\/v9\/tac\/1\/16\/1f4cc.png\" alt=\"&#x1f4cc;\" width=\"16\" height=\"16\" \/><\/span>NOTE: &#8211; Kh\u00f4ng d\u00f9ng n\u01b0\u1edbc n\u00f3ng tr\u00ean 50 \u0111\u1ed9 \u0111\u1ec3 pha tinh b\u1ed9t ngh\u1ec7, v\u00ec nh\u01b0 v\u1eady tinh b\u1ed9t ngh\u1ec7 s\u1ebd ch\u00edn v\u00e0 v\u00f3n c\u1ee5c, m\u1ea5t h\u1ebft t\u00e1c d\u1ee5ng khi d\u00f9ng c\u00e1c b\u1ea1n nh\u00e9..<\/div>\n<\/div>\n","protected":false},"excerpt":{"rendered":"<p>T\u00c1C D\u1ee4NG CH\u00cdNH C\u1ee6A TINH B\u1ed8T NGH\u1ec6 NGUY\u00caN CH\u1ea4T Tr\u1ecb m\u1ee5n &#8211; tr\u1ee9ng c\u00e1, n\u00e1m, th\u00e2m, s\u1eb9o, t\u1ea9y da ch\u1ebft&#8230; Xo\u00e1 m\u1edd v\u1ebft nh\u0103n quanh m\u1eaft. L\u00e0m t\u0103ng s\u1eafc t\u1ed1 da, s\u00e1ng da v\u00e0 \u0111\u1ec1u m\u00e0u da. D\u00f9ng cho ph\u1ee5 n\u1eef sau sinh nhanh ch\u00f3ng h\u1ed3i ph\u1ee5c s\u1ee9c kho\u1ebb, nhan s\u1eafc, da d\u1ebb h\u1ed3ng h\u00e0o [&#8230;]\n","protected":false},"featured_media":1318,"comment_status":"open","ping_status":"closed","template":"","meta":[],"_links":{"self":[{"href":"https:\/\/webmaibinh.com\/w\/dongymaibinh\/wp-json\/wp\/v2\/product\/1317"}],"collection":[{"href":"https:\/\/webmaibinh.com\/w\/dongymaibinh\/wp-json\/wp\/v2\/product"}],"about":[{"href":"https:\/\/webmaibinh.com\/w\/dongymaibinh\/wp-json\/wp\/v2\/types\/product"}],"replies":[{"embeddable":true,"href":"https:\/\/webmaibinh.com\/w\/dongymaibinh\/wp-json\/wp\/v2\/comments?post=1317"}],"wp:featuredmedia":[{"embeddable":true,"href":"https:\/\/webmaibinh.com\/w\/dongymaibinh\/wp-json\/wp\/v2\/media\/1318"}],"wp:attachment":[{"href":"https:\/\/webmaibinh.com\/w\/dongymaibinh\/wp-json\/wp\/v2\/media?parent=1317"}],"curies":[{"name":"wp","href":"https:\/\/api.w.org\/{rel}","templated":true}]}}