{"id":1201,"date":"2022-10-31T17:04:25","date_gmt":"2022-10-31T10:04:25","guid":{"rendered":"https:\/\/webmaibinh.com\/w\/dongymaibinh\/?post_type=product&#038;p=1201"},"modified":"2022-10-31T17:08:18","modified_gmt":"2022-10-31T10:08:18","slug":"dong-trung-ha-thao-ngam-mat-ong-300ml","status":"publish","type":"product","link":"https:\/\/webmaibinh.com\/w\/dongymaibinh\/s\u1ea3n ph\u1ea9m\/dong-trung-ha-thao-ngam-mat-ong-300ml\/","title":{"rendered":"\u0110\u00f4ng Tr\u00f9ng H\u1ea1 Th\u1ea3o Ng\u00e2m M\u1eadt Ong -300ml"},"content":{"rendered":"<p><span style=\"color: #000000;\">\u0110\u00f4ng tr\u00f9ng h\u1ea1 th\u1ea3o ng\u00e2m m\u1eadt ong l\u00e0 s\u1ef1 k\u1ebft h\u1ee3p ho\u00e0n h\u1ea3o m\u1eadt ong v\u00e0 d\u01b0\u1ee3c li\u1ec7u \u0111\u00f4ng tr\u00f9ng. T\u1ea1o n\u00ean th\u1ee9c u\u1ed1ng th\u01a1m ngon, b\u1ed5 d\u01b0\u1ee1ng, t\u1ed1t cho s\u1ee9c kh\u1ecfe \u0111\u01b0\u1ee3c nhi\u1ec1u ng\u01b0\u1eddi tin d\u00f9ng. C\u00f9ng ch\u00fang t\u00f4i t\u00ecm hi\u1ec3u v\u1ec1 nh\u1eefng l\u1ee3i \u00edch tuy\u1ec7t v\u1eddi khi d\u00f9ng \u0111\u00f4ng tr\u00f9ng h\u1ea1 th\u1ea3o nh\u00e9!<\/span><\/p>\n<h2><span style=\"color: #000000;\"><strong>S\u1ea3n ph\u1ea9m \u0110\u00f4ng tr\u00f9ng h\u1ea1 th\u1ea3o ng\u00e2m m\u1eadt ong:<\/strong><\/span><\/h2>\n<p><span style=\"color: #000000;\">* Nh\u1eefng ng\u01b0\u1eddi mu\u1ed1n h\u1ed7 tr\u1ee3 ng\u0103n ng\u1eeba b\u1ec7nh ung th\u01b0, c\u00e1c b\u1ec7nh li\u00ean quan. \u0110\u1ebfn th\u1eadn, ti\u1ec1n li\u1ec7t tuy\u1ebfn, ph\u1ed5i, tim, huy\u1ebft \u00e1p, t\u0103ng c\u01b0\u1eddng s\u1ee9c \u0111\u1ec1 kh\u00e1ng, ch\u1ed1ng oxy ho\u00e1, gi\u1ea3m c\u00e1c g\u1ed1c t\u1ef1 do, ph\u00f2ng ng\u1eeba c\u00e1c b\u1ec7nh t\u1eadt tu\u1ed5i gi\u00e0\u2026<\/span><br \/>\n<span style=\"color: #000000;\">* C\u00e1c c\u00f4ng ty D\u01b0\u1ee3c li\u1ec7u l\u1ea5y \u0111\u1ec3 l\u00e0m nguy\u00ean li\u1ec7u b\u00e0o ch\u1ebf.<\/span><br \/>\n<span style=\"color: #000000;\">* C\u00e1c c\u00f4ng ty ch\u1ebf bi\u1ebfn th\u1ef1c ph\u1ea9m cao c\u1ea5p.<\/span><\/p>\n<ul>\n<li><span style=\"color: #000000;\">T\u0103ng c\u01b0\u1eddng h\u1ec7 th\u1ed1ng mi\u1ec5n d\u1ecbch cho c\u01a1 th\u1ec3<\/span><\/li>\n<li><span style=\"color: #000000;\">T\u00e1c d\u1ee5ng v\u1edbi tu\u1ea7n ho\u00e0n, tim, n\u00e3o<\/span><\/li>\n<li><span style=\"color: #000000;\">B\u1ea3o v\u1ec7 t\u0103ng c\u01b0\u1eddng ch\u1ee9c n\u0103ng th\u1eadn<\/span><\/li>\n<li><span style=\"color: #000000;\">Ch\u1ed1ng oxy ho\u00e1, ch\u1ed1ng l\u00e3o ho\u00e1<\/span><\/li>\n<li><span style=\"color: #000000;\">T\u0103ng c\u01b0\u1eddng ch\u1ee9c n\u0103ng sinh d\u1ee5c<\/span><\/li>\n<li><span style=\"color: #000000;\">Kh\u00e1ng kh\u1ed1i U, kh\u00e1ng vi\u00eam<\/span><\/li>\n<li><span style=\"color: #000000;\">L\u00e0m gi\u00e3n n\u1edf c\u00e1c nh\u00e1nh ph\u1ebf qu\u1ea3n, t\u0103ng c\u01b0\u1eddng d\u1ecbch ti\u1ebft trong kh\u00ed qu\u1ea3n, c\u00f3 t\u00e1c d\u1ee5ng tr\u1eeb \u0111\u1eddm<\/span><\/li>\n<li><span style=\"color: #000000;\">T\u0103ng ch\u1ee9c n\u0103ng ti\u00eau ho\u00e1 v\u00e0 chuy\u1ec3n ho\u00e1<\/span><\/li>\n<li><span style=\"color: #000000;\">T\u00e1c d\u1ee5ng kh\u00e1ng sinh<\/span><\/li>\n<\/ul>\n<p><span style=\"color: #000000;\">Ngo\u00e0i ra, Polysaccharides, D-manitol c\u00e1c ho\u1ea1t ch\u1ea5t HEAA v\u00e0 17 axitamin kh\u00e1c. Trong con \u0111\u00f4ng tr\u00f9ng v\u00e0 qu\u1ea3 th\u1ec3 \u0111\u00f4ng tr\u00f9ng h\u1ea1 th\u1ea3o c\u00f3 t\u00e1c d\u1ee5ng. \u0110i\u1ec1u ti\u1ebft mi\u1ec5n d\u1ecbch, \u1ee9c ch\u1ebf ho\u1ea1t t\u00ednh U b\u01b0\u1edbu, b\u1ea3o v\u1ec7 gan, gi\u1ea3m m\u1ee1 m\u00e1u, \u0111i\u1ec1u ho\u00e0 huy\u1ebft \u00e1p, h\u1ea1 \u0111\u01b0\u1eddng m\u00e1u. Nhu\u1eadn tr\u00e0ng th\u00f4ng ti\u1ec7n, an th\u1ea7n gi\u1ea3m \u0111au,<strong>\u00a0gi\u1ea3m ho \u2013 ti\u00eau \u0111\u1eddm<\/strong>, ch\u1ed1ng suy y\u1ebfu. C\u1ea3i thi\u1ec7n b\u1ec7nh G\u00fat, ch\u1ed1ng b\u1ee9c x\u1ea1, ch\u1ed1ng m\u1ec7t m\u1ecfi, \u0111i\u1ec1u ti\u1ebft c\u00e2n b\u1eb1ng Ki\u1ec1m \u2013 Toan.<\/span><\/p>\n<hr \/>\n<p style=\"text-align: justify;\"><span style=\"color: #000000;\"><strong>C\u00d4NG TY C\u1ed4 PH\u1ea6N CHU\u1ea8N PH\u00c1T MAI B\u00ccNH\u00a0<\/strong><\/span><\/p>\n<p style=\"text-align: justify;\"><span style=\"color: #000000;\"><strong>\u0110\u1ecba ch\u1ec9:<\/strong>\u00a0S\u1ed1 27 \u0110\u01b0\u1eddng s\u1ed1 7, KDC Hi\u1ec7p Th\u00e0nh 1, Khu 05, Ph\u01b0\u1eddng Hi\u1ec7p Th\u00e0nh, Th\u00e0nh ph\u1ed1 Th\u1ee7 D\u1ea7u M\u1ed9t, T\u1ec9nh B\u00ecnh D\u01b0\u01a1ng, Vi\u1ec7t Nam<\/span><\/p>\n<p style=\"text-align: justify;\"><span style=\"color: #000000;\"><strong>S\u1ed1 \u0111i\u1ec7n tho\u1ea1i:<\/strong>\u00a00933 468 999 &#8211; 0825 468 999 &#8211; 0926 468 999 &#8211; 0397 468 999<\/span><\/p>\n<p style=\"text-align: justify;\"><span style=\"color: #000000;\"><strong>Email:<\/strong>\u00a0tranhoanganh.qb@gmail.com<\/span><\/p>\n","protected":false},"excerpt":{"rendered":"<p style=\"text-align: justify;\"><span style=\"color: #000000;\"><strong>\u0110\u00f4ng Tr\u00f9ng H\u1ea1 Th\u1ea3o Nguy\u00ean Con<\/strong><\/span><\/p>\n<p style=\"text-align: justify;\"><span style=\"color: #000000;\">\u0110\u00f4ng Tr\u00f9ng H\u1ea1 Th\u1ea3o nguy\u00ean con k\u00fd sinh tr\u00ean th\u00e2n ch\u1ee7 l\u00e0 nh\u1ed9ng t\u1eb1m.<\/span><\/p>\n<p style=\"text-align: justify;\"><span style=\"color: #000000;\"><strong><em>Quy c\u00e1ch:<\/em><\/strong>\u00a0H\u1ed9p<\/span><\/p>\n<p style=\"text-align: justify;\"><span style=\"color: #000000;\"><strong><em>Tr\u1ecdng l\u01b0\u1ee3ng:<\/em><\/strong>\u00a0100gr (kho\u1ea3ng 120 con)<\/span><\/p>\n<p style=\"text-align: justify;\"><span style=\"color: #000000;\"><strong><em>H\u00e0m l\u01b0\u1ee3ng:<\/em><\/strong><\/span><\/p>\n<p style=\"text-align: justify;\"><span style=\"color: #000000;\">Cordycepin: &gt; 5mg\/g<\/span><\/p>\n<p style=\"text-align: justify;\"><span style=\"color: #000000;\">Adenosine: &gt; 0,014mg\/g<\/span><\/p>\n<p style=\"text-align: justify;\"><span style=\"color: #000000;\"><strong><em>Li\u1ec1u l\u01b0\u1ee3ng:<\/em><\/strong>\u00a03 \u2013 5 con t\u01b0\u01a1i\/ng\u01b0\u1eddi l\u1edbn\/ng\u00e0y (3 \u2013 5gram\/ng\u01b0\u1eddi l\u1edbn\/ng\u00e0y)<\/span><\/p>\n<p style=\"text-align: justify;\"><span style=\"color: #000000;\"><b>Giao h\u00e0ng<\/b>\u00a0\u00a0<strong>MI\u1ec4N PH\u00cd<\/strong>\u00a0to\u00e0n qu\u1ed1c<\/span><\/p>\n","protected":false},"featured_media":1202,"comment_status":"open","ping_status":"closed","template":"","meta":[],"_links":{"self":[{"href":"https:\/\/webmaibinh.com\/w\/dongymaibinh\/wp-json\/wp\/v2\/product\/1201"}],"collection":[{"href":"https:\/\/webmaibinh.com\/w\/dongymaibinh\/wp-json\/wp\/v2\/product"}],"about":[{"href":"https:\/\/webmaibinh.com\/w\/dongymaibinh\/wp-json\/wp\/v2\/types\/product"}],"replies":[{"embeddable":true,"href":"https:\/\/webmaibinh.com\/w\/dongymaibinh\/wp-json\/wp\/v2\/comments?post=1201"}],"wp:featuredmedia":[{"embeddable":true,"href":"https:\/\/webmaibinh.com\/w\/dongymaibinh\/wp-json\/wp\/v2\/media\/1202"}],"wp:attachment":[{"href":"https:\/\/webmaibinh.com\/w\/dongymaibinh\/wp-json\/wp\/v2\/media?parent=1201"}],"curies":[{"name":"wp","href":"https:\/\/api.w.org\/{rel}","templated":true}]}}