{"id":54,"date":"2017-07-10T16:04:38","date_gmt":"2017-07-10T09:04:38","guid":{"rendered":"https:\/\/bizhostvn.com\/w\/mypham3\/?page_id=54"},"modified":"2022-11-08T20:21:26","modified_gmt":"2022-11-08T13:21:26","slug":"gioi-thieu","status":"publish","type":"page","link":"https:\/\/webmaibinh.com\/w\/dongymaibinh\/gioi-thieu\/","title":{"rendered":"Gi\u1edbi thi\u1ec7u"},"content":{"rendered":"\n\t<div class=\"img has-hover x md-x lg-x y md-y lg-y\" id=\"image_693985995\">\n\t\t\t\t\t\t\t\t<div class=\"img-inner dark\" >\n\t\t\t<img width=\"1920\" height=\"530\" src=\"https:\/\/webmaibinh.com\/w\/dongymaibinh\/wp-content\/uploads\/2017\/07\/12334-1.jpg\" class=\"attachment-original size-original\" alt=\"\" loading=\"lazy\" srcset=\"https:\/\/webmaibinh.com\/w\/dongymaibinh\/wp-content\/uploads\/2017\/07\/12334-1.jpg 1920w, https:\/\/webmaibinh.com\/w\/dongymaibinh\/wp-content\/uploads\/2017\/07\/12334-1-600x166.jpg 600w, https:\/\/webmaibinh.com\/w\/dongymaibinh\/wp-content\/uploads\/2017\/07\/12334-1-300x83.jpg 300w, https:\/\/webmaibinh.com\/w\/dongymaibinh\/wp-content\/uploads\/2017\/07\/12334-1-768x212.jpg 768w, https:\/\/webmaibinh.com\/w\/dongymaibinh\/wp-content\/uploads\/2017\/07\/12334-1-1024x283.jpg 1024w\" sizes=\"(max-width: 1920px) 100vw, 1920px\" \/>\t\t\t\t\t\t\n\t\t\t\t\t<\/div>\n\t\t\t\t\t\t\t\t\n<style>\n#image_693985995 {\n  width: 100%;\n}\n<\/style>\n\t<\/div>\n\t\n\n<div class=\"row\"  id=\"row-1426965401\">\n\n\n\t<div id=\"col-290204511\" class=\"col small-12 large-12\"  >\n\t\t<div class=\"col-inner\"  >\n\t\t\t\n\t\t\t\n\n<h3 style=\"text-align: center;\">GI\u1edaI THI\u1ec6U<\/h3>\n<p><img loading=\"lazy\" class=\"aligncenter wp-image-793\" src=\"https:\/\/bizhostvn.com\/w\/mypham3\/wp-content\/uploads\/2017\/07\/SHARP.png\" alt=\"\" width=\"100\" height=\"26\" \/><\/p>\n<p style=\"text-align: center;\">Xin ch\u00e0o b\u1ea1n \u2013 \u0111\u1ed9c gi\u1ea3 , L\u1eddi \u0111\u1ea7u ti\u00ean, cho ph\u00e9p \u0110\u00f4ng Y Mai B\u00ecnh \u0111\u01b0\u1ee3c g\u1eedi t\u1edbi qu\u00fd kh\u00e1ch, qu\u00fd th\u00e2n nh\u00e2n v\u00e0 b\u1ea1n b\u00e8 l\u1eddi ch\u00fac s\u1ee9c kh\u1ecfe, th\u00e0nh \u0111\u1ea1t v\u00e0 h\u1ea1nh ph\u00fac.<\/p>\n\n\t\t<\/div>\n\t\t\t<\/div>\n\n\t\n\n\t<div id=\"col-1650587436\" class=\"col medium-8 small-12 large-8\"  >\n\t\t<div class=\"col-inner\"  >\n\t\t\t\n\t\t\t\n\n<p style=\"text-align: justify;\">Xin ch\u00e0o b\u1ea1n \u2013 \u0111\u1ed9c gi\u1ea3,<\/p>\n<p style=\"text-align: justify;\">L\u1eddi \u0111\u1ea7u ti\u00ean, cho ph\u00e9p \u0111\u01b0\u1ee3c g\u1eedi t\u1edbi qu\u00fd kh\u00e1ch, qu\u00fd th\u00e2n nh\u00e2n v\u00e0 b\u1ea1n b\u00e8 l\u1eddi ch\u00fac s\u1ee9c kh\u1ecfe, th\u00e0nh \u0111\u1ea1t v\u00e0 h\u1ea1nh ph\u00fac.<\/p>\n<p style=\"text-align: justify;\">Website \u0111\u01b0\u1ee3c th\u00e0nh l\u1eadp th\u00e1ng 11\/2011 d\u01b0\u1edbi d\u1ea1ng Blog c\u00e1 nh\u00e2n, v\u1edbi m\u1ee5c \u0111\u00edch ban \u0111\u1ea7u l\u00e0 n\u01a1i l\u01b0u tr\u1eef nh\u1eefng b\u00e0i vi\u1ebft ki\u1ebfn th\u1ee9c ho\u1eb7c nh\u1eefng s\u1ea3n ph\u1ea9m b\u1ea3o v\u1ec7 s\u1ee9c kh\u1ecfe t\u1ef1 nhi\u00ean<\/p>\n<p style=\"text-align: justify;\">Sau m\u1ed9t th\u1eddi gian ho\u1ea1t \u0111\u1ed9ng, website \u0111\u00e3 c\u00f3 nh\u1eefng b\u01b0\u1edbc ti\u1ebfn \u0111\u00e1ng k\u1ec3 c\u1ea3 v\u1ec1 ch\u1ea5t l\u01b0\u1ee3ng v\u00e0 h\u00ecnh th\u1ee9c. Ch\u00fang t\u00f4i \u0111\u00e3 c\u00f3 nh\u1eefng chia s\u1ebb h\u1eefu \u00edch g\u00f3p ph\u1ea7n v\u00e0o vi\u1ec7c b\u1ea3o v\u1ec7 s\u1ee9c kh\u1ecfe c\u1ee7a b\u1ed9 ph\u1eadn kh\u00e1ch h\u00e0ng. V\u1edbi ti\u00eau ch\u00ed r\u1eb1ng s\u1ee9c kh\u1ecfe v\u00e0 tr\u00ed tu\u1ec7 minh m\u1eabn l\u00e0 2 th\u1ee9 qu\u00fd nh\u1eabn c\u1ee7a cu\u1ed9c \u0111\u1eddi m\u1ed7i con ng\u01b0\u1eddi. B\u00ean c\u1ea1nh \u0111\u00f3 ch\u00fang t\u00f4i lu\u00f4n lu\u00f4n mong mu\u1ed1n gi\u1edbi thi\u1ec7u \u0111\u1ebfn v\u1edbi kh\u00e1ch h\u00e0ng nh\u1eefng s\u1ea3n ph\u1ea9m b\u1ea3o v\u1ec7 s\u1ee9c kh\u1ecfe t\u1ed1t nh\u1ea5t, an to\u00e0n nh\u1ea5t. H\u00e3y c\u00f9ng ch\u00fang t\u00f4i trang b\u1ecb nh\u1eefng ki\u1ebfn th\u1ee9c v\u00e0 s\u1ea3n ph\u1ea9m \u0111i k\u00e8m \u0111\u1ec3 b\u1ea3o v\u1ec7 s\u1ee9c kh\u1ecfe h\u1ea1nh ph\u00fac m\u1ed7i ng\u00e0y nh\u00e9.\u00a0<\/p>\n<p style=\"text-align: justify;\">Xin c\u00e1m \u01a1n s\u1ef1 tin t\u01b0\u1edfng v\u00e0 \u1ee7ng h\u1ed9 c\u1ee7a qu\u00fd kh\u00e1ch trong th\u1eddi gian qua.<\/p>\n<p style=\"text-align: justify;\">Tr\u00e2n tr\u1ecdng.\/.<\/p>\n\n\t\t<\/div>\n\t\t\t<\/div>\n\n\t\n\n\t<div id=\"col-194097286\" class=\"col medium-4 small-12 large-4\"  >\n\t\t<div class=\"col-inner\"  >\n\t\t\t\n\t\t\t\n\n<h3>Th\u00f4ng tin li\u00ean h\u1ec7:<\/h3>\n<ul>\n<li class=\"bullet-star\"><strong>C\u00d4NG TY C\u1ed4 PH\u1ea6N CHU\u1ea8N PH\u00c1T MAI B\u00ccNH<\/strong><\/li>\n<li class=\"bullet-star\"><strong>\u0110\u1ecba ch\u1ec9:<\/strong> Chi ti\u1ebft ph\u1ea7n &#8220;Li\u00ean H\u1ec7&#8221;<\/li>\n<li class=\"bullet-star\"><strong>S\u0110T:<\/strong> 0933 468 999 &#8211; 0926 468 999 &#8211; 0825 468 999 &#8211; 0397 468 999<\/li>\n<li class=\"bullet-star\"><strong>Email:<\/strong> tranhoanganh.qb@gmail.com<\/li>\n<li class=\"bullet-star\"><strong>Website:<\/strong> www.dongymaibinh.com<\/li>\n<\/ul>\n<h3>Th\u00f4ng tin thanh to\u00e1n:<\/h3>\n<ul>\n<li class=\"bullet-star\"><strong>Ch\u1ee7 t\u00e0i kho\u1ea3n:<\/strong> TRAN HOANG ANH<\/li>\n<li class=\"bullet-star\"><strong>VCB B\u00ecnh D\u01b0\u01a1ng:<\/strong> 9704 3686 0803 2117 016<\/li>\n<\/ul>\n\n\t\t<\/div>\n\t\t\t<\/div>\n\n\t\n\n<\/div>\n\n","protected":false},"excerpt":{"rendered":"","protected":false},"author":1,"featured_media":0,"parent":0,"menu_order":0,"comment_status":"closed","ping_status":"closed","template":"page-blank.php","meta":[],"_links":{"self":[{"href":"https:\/\/webmaibinh.com\/w\/dongymaibinh\/wp-json\/wp\/v2\/pages\/54"}],"collection":[{"href":"https:\/\/webmaibinh.com\/w\/dongymaibinh\/wp-json\/wp\/v2\/pages"}],"about":[{"href":"https:\/\/webmaibinh.com\/w\/dongymaibinh\/wp-json\/wp\/v2\/types\/page"}],"author":[{"embeddable":true,"href":"https:\/\/webmaibinh.com\/w\/dongymaibinh\/wp-json\/wp\/v2\/users\/1"}],"replies":[{"embeddable":true,"href":"https:\/\/webmaibinh.com\/w\/dongymaibinh\/wp-json\/wp\/v2\/comments?post=54"}],"version-history":[{"count":16,"href":"https:\/\/webmaibinh.com\/w\/dongymaibinh\/wp-json\/wp\/v2\/pages\/54\/revisions"}],"predecessor-version":[{"id":1329,"href":"https:\/\/webmaibinh.com\/w\/dongymaibinh\/wp-json\/wp\/v2\/pages\/54\/revisions\/1329"}],"wp:attachment":[{"href":"https:\/\/webmaibinh.com\/w\/dongymaibinh\/wp-json\/wp\/v2\/media?parent=54"}],"curies":[{"name":"wp","href":"https:\/\/api.w.org\/{rel}","templated":true}]}}