{"id":1009,"date":"2019-04-15T17:42:50","date_gmt":"2019-04-15T10:42:50","guid":{"rendered":"https:\/\/bizhostvn.com\/w\/dienmay3\/?post_type=product&#038;p=1009"},"modified":"2019-04-15T17:43:08","modified_gmt":"2019-04-15T10:43:08","slug":"goi-massage-hong-ngoai-magic-8-bi","status":"publish","type":"product","link":"https:\/\/webmaibinh.com\/w\/dienmay3\/goi-massage-hong-ngoai-magic-8-bi\/","title":{"rendered":"G\u1ed1i Massage HN Magic 8 bi"},"content":{"rendered":"<p>Sau nh\u1eefng gi\u1edd l\u00e0m vi\u1ec7c m\u1ec7t m\u1ecfi, c\u0103ng th\u1eb3ng th\u00ec nhu c\u1ea7u \u0111\u01b0\u1ee3c ngh\u1ec9 ng\u01a1i, th\u01b0 gi\u00e3n\u2026 l\u00e0 c\u1ea7n thi\u1ebft \u0111\u1ec3 t\u00e1i t\u1ea1o n\u0103ng l\u01b0\u1ee3ng cho c\u01a1 th\u1ec3. Ch\u00fang t\u00f4i gi\u1edbi thi\u1ec7u \u0111\u1ebfn b\u1ea1n m\u1ed9t s\u1ea3n ph\u1ea9m tuy\u1ec7t v\u1eddi \u0111\u00f3 l\u00e0\u00a0<strong>G\u1ed1i massage h\u1ed3ng ngo\u1ea1i \u0111a n\u0103ng Magic 8 bi<\/strong>\u00a0cao c\u1ea5p.<\/p>\n<p>G\u1ed1i massage Magic 8 bi h\u1ed3ng ngo\u1ea1i s\u1eed d\u1ee5ng ph\u00f9 h\u1ee3p m\u1ecdi v\u1ecb tr\u00ed \u0111au nh\u1ee9c tr\u00ean c\u01a1 th\u1ec3, m\u00e1y massage \u0111\u1ebfn t\u1eeb th\u01b0\u01a1ng hi\u1ec7u Nh\u1eadt B\u1ea3n n\u00e0y l\u00e0 s\u1ef1 k\u1ebft h\u1ee3p gi\u1eefa xoa b\u00f3p truy\u1ec1n th\u1ed1ng v\u1edbi tia h\u1ed3ng ngo\u1ea1i theo c\u00f4ng ngh\u1ec7 hi\u1ec7n \u0111\u1ea1i. G\u1ed1i s\u1eed d\u1ee5ng c\u00e1c tia h\u1ed3ng ngo\u1ea1i truy\u1ec1n nhi\u1ec7t l\u00e0m \u1ea5m da, k\u00edch th\u00edch l\u01b0u th\u00f4ng m\u00e1u.<\/p>\n<p><img loading=\"lazy\" class=\"aligncenter size-full wp-image-1399\" src=\"https:\/\/chodotot.vn\/wp-content\/uploads\/2018\/10\/goi-massage-hong-ngoai-8-bi-macgic-cao-cap-1.png\" sizes=\"(max-width: 600px) 100vw, 600px\" srcset=\"https:\/\/chodotot.vn\/wp-content\/uploads\/2018\/10\/goi-massage-hong-ngoai-8-bi-macgic-cao-cap-1.png 600w, https:\/\/chodotot.vn\/wp-content\/uploads\/2018\/10\/goi-massage-hong-ngoai-8-bi-macgic-cao-cap-1-150x150.png 150w, https:\/\/chodotot.vn\/wp-content\/uploads\/2018\/10\/goi-massage-hong-ngoai-8-bi-macgic-cao-cap-1-300x300.png 300w, https:\/\/chodotot.vn\/wp-content\/uploads\/2018\/10\/goi-massage-hong-ngoai-8-bi-macgic-cao-cap-1-100x100.png 100w\" alt=\"G\u1ed1i massage h\u1ed3ng ngo\u1ea1i Magic 8 bi\" width=\"600\" height=\"600\" \/><\/p>\n<h2>Ch\u1ee9c n\u0103ng c\u1ee7a G\u1ed1i Massage H\u1ed3ng Ngo\u1ea1i 8 bi Magic cao c\u1ea5p:<\/h2>\n<ul>\n<li>G\u1ecdn nh\u1eb9, d\u1ec5 s\u1eed d\u1ee5ng.<\/li>\n<li>Trang b\u1ecb v\u1edbi 8 qu\u1ea3 c\u1ea7u l\u1eafp trong, massage xoa b\u00f3p v\u00e0o c\u00e1c c\u01a1 v\u00e0 huy\u1ec7t.<\/li>\n<li>C\u00f3 n\u00fat \u0111i\u1ec1u khi\u1ec3n ON\/OFF ngay tr\u00ean th\u00e2n g\u1ed1i, \u1edf v\u1ecb tr\u00ed thu\u1eadn l\u1ee3i gi\u00fap d\u1ec5 d\u00e0ng \u0111i\u1ec1u ch\u1ec9nh ch\u1ebf \u0111\u1ed9 massage.<\/li>\n<li>Ch\u1ee9c n\u0103ng s\u01b0\u1edfi n\u00f3ng b\u1eb1ng tia h\u1ed3ng ngo\u1ea1i.<\/li>\n<li>C\u1ea3i thi\u1ec7n tu\u1ea7n ho\u00e0n m\u00e1u, t\u0103ng c\u01b0\u1eddng s\u1ef1 trao \u0111\u1ed5i ch\u1ea5t c\u1ee7a c\u00e1c t\u1ebf b\u00e0o.<\/li>\n<li>Gi\u1ea3m \u0111au, gi\u1ea3m t\u00ecnh tr\u1ea1ng c\u0103ng c\u01a1, xua tan nh\u1eefng c\u01a1n m\u1ec7t m\u1ecfi.<\/li>\n<li>C\u00f3 th\u1ec3 d\u00f9ng \u0111\u1ec3 massage cho nhi\u1ec1u v\u1ecb tr\u00ed tr\u00ean c\u01a1 th\u1ec3 nh\u01b0: c\u1ed5, vai, l\u01b0ng, b\u1ee5ng, \u0111\u00f9i, b\u1eafp ch\u00e2n, b\u00e0n ch\u00e2n, b\u00e0n tay\u2026<\/li>\n<\/ul>\n<p><img loading=\"lazy\" class=\"aligncenter size-full wp-image-1400\" src=\"https:\/\/chodotot.vn\/wp-content\/uploads\/2018\/10\/goi-massage-hong-ngoai-8-bi-macgic-cao-cap-6.png\" sizes=\"(max-width: 600px) 100vw, 600px\" srcset=\"https:\/\/chodotot.vn\/wp-content\/uploads\/2018\/10\/goi-massage-hong-ngoai-8-bi-macgic-cao-cap-6.png 600w, https:\/\/chodotot.vn\/wp-content\/uploads\/2018\/10\/goi-massage-hong-ngoai-8-bi-macgic-cao-cap-6-150x150.png 150w, https:\/\/chodotot.vn\/wp-content\/uploads\/2018\/10\/goi-massage-hong-ngoai-8-bi-macgic-cao-cap-6-300x300.png 300w, https:\/\/chodotot.vn\/wp-content\/uploads\/2018\/10\/goi-massage-hong-ngoai-8-bi-macgic-cao-cap-6-100x100.png 100w\" alt=\"G\u1ed1i massage h\u1ed3ng ngo\u1ea1i Magic 8 bi\" width=\"600\" height=\"600\" \/><\/p>\n<h2>M\u00e1y massage h\u1ed3ng ngo\u1ea1i 8 bi v\u1edbi 2 ch\u1ebf \u0111\u1ed9 massage:<\/h2>\n<ul>\n<li>Massage th\u01b0\u1eddng: \u1edf ch\u1ebf \u0111\u1ed9 n\u00e0y c\u00e1c \u0111\u00e8n n\u01a1i vi\u00ean bi massage t\u1eaft, s\u1eed d\u1ee5ng \u0111\u1ec3 massage nh\u1ee9c m\u1ecfi th\u00f4ng th\u01b0\u1eddng.<\/li>\n<li>Massage H\u1ed3ng Ngo\u1ea1i (N\u00f3ng): \u0111\u00e8n n\u01a1i vi\u00ean bi s\u00e1ng l\u00ean h\u1ed7 tr\u1ee3 \u0111i\u1ec1u tr\u1ecb b\u1ec7nh khi d\u00f9ng chung v\u1edbi thu\u1ed1c xoa.<\/li>\n<\/ul>\n<h2>H\u01b0\u1edbng d\u1eabn s\u1eed d\u1ee5ng s\u1ea3n ph\u1ea9m:<\/h2>\n<p>Thao t\u00e1c s\u1eed d\u1ee5ng \u0111\u01a1n gi\u1ea3n: n\u00fat c\u00f4ng t\u1eafc on-off (b\u1eadt \u2013 t\u1eaft) t\u00edch h\u1ee3p 1 v\u1ecb tr\u00ed tr\u00ean s\u1ea3n ph\u1ea9m.<\/p>\n<ul>\n<li>Nh\u1ea5n n\u00fat l\u1ea7n 1: b\u1eadt m\u00e1y<\/li>\n<li>Nh\u1ea5n n\u00fat l\u1ea7n 2: \u0111\u1ea3o chi\u1ec1u massage<\/li>\n<li>Nh\u1ea5n n\u00fat l\u1ea7n 3: \u0111\u1ed5i ch\u1ebf \u0111\u1ed9<\/li>\n<li>Nh\u1ea5n n\u00fat l\u1ea7n 4: t\u1eaft m\u00e1y<\/li>\n<\/ul>\n<h2>\u01afu \u0111i\u1ec3m n\u1ed5i b\u1eadt:<\/h2>\n<ul>\n<li>K\u00edch th\u01b0\u1edbc g\u1ecdn nh\u1eb9, d\u1ec5 s\u1eed d\u1ee5ng v\u00e0 mang theo.<\/li>\n<li>S\u01b0\u1edfi n\u00f3ng b\u1eb1ng tia h\u1ed3ng ngo\u1ea1i.<\/li>\n<li>Gi\u1ea3m \u0111au v\u00e0 t\u0103ng c\u01b0\u1eddng s\u1ef1 s\u0103n ch\u1eafc c\u1ee7a c\u01a1 th\u1ec3.<\/li>\n<li>Gi\u1ea3m t\u00ecnh tr\u1ea1ng c\u0103ng, m\u1ecfi c\u01a1.<\/li>\n<li>C\u00f3 th\u1ec3 d\u00f9ng \u0111\u1ec3 massage cho nhi\u1ec1u v\u1ecb tr\u00ed tr\u00ean c\u01a1 th\u1ec3 nh\u01b0: c\u1ed5, vai, l\u01b0ng, b\u1ee5ng, \u0111\u00f9i, b\u1eafp ch\u00e2n, b\u00e0n ch\u00e2n\u2026<\/li>\n<li>D\u00f9ng \u0111\u01b0\u1ee3c tr\u00ean xe h\u01a1i.<\/li>\n<\/ul>\n<p><img loading=\"lazy\" class=\"aligncenter size-full wp-image-1392\" src=\"https:\/\/chodotot.vn\/wp-content\/uploads\/2018\/10\/goi-massage-magic-6-bi-hong-ngoai-h2.png\" sizes=\"(max-width: 600px) 100vw, 600px\" srcset=\"https:\/\/chodotot.vn\/wp-content\/uploads\/2018\/10\/goi-massage-magic-6-bi-hong-ngoai-h2.png 600w, https:\/\/chodotot.vn\/wp-content\/uploads\/2018\/10\/goi-massage-magic-6-bi-hong-ngoai-h2-300x170.png 300w\" alt=\"G\u1ed1i massage h\u1ed3ng ngo\u1ea1i Magic 8 bi\" width=\"600\" height=\"340\" \/><\/p>\n<h2>M\u1ed9t s\u1ed1 l\u01b0u \u00fd khi d\u00f9ng m\u00e1y Massage:<\/h2>\n<ul>\n<li>D\u00f9ng \u00edt h\u01a1n 30 ph\u00fat m\u1ed7i l\u1ea7n.<\/li>\n<li>Sau khi d\u00f9ng xong nh\u1edb t\u1eaft ngu\u1ed3n, r\u00fat ph\u00edch \u0111i\u1ec7n.<\/li>\n<li>S\u1eed d\u1ee5ng b\u00f4ng m\u1ec1m v\u00e0 ch\u1ea5t t\u1ea9y r\u1eeda trung t\u00ednh \u0111\u1ec3 lau ch\u00f9i m\u00e1y.<\/li>\n<li>Kh\u00f4ng \u0111\u1eb7t m\u00e1y \u1edf n\u01a1i n\u00f3ng, \u1ea9m.<\/li>\n<li>Kh\u00f4ng \u0111\u1eb7t g\u1ea7n b\u1ebfp, ngu\u1ed3n nhi\u1ec7t.<\/li>\n<li>T\u1ed1t nh\u1ea5t n\u00ean u\u1ed1ng 500ml n\u01b0\u1edbc \u1ea5m tr\u01b0\u1edbc v\u00e0 sau khi d\u00f9ng m\u00e1y.<\/li>\n<li>Kh\u00f4ng d\u00f9ng cho ph\u1ee5 n\u1eef mang thai, tr\u1ebb em.<\/li>\n<\/ul>\n","protected":false},"excerpt":{"rendered":"<ul>\n<li>Ngu\u1ed3n g\u1ed1c xu\u1ea5t x\u1ee9: Trung Qu\u1ed1c<\/li>\n<li>Khung m\u00e1y: PL \u2013 819<\/li>\n<li>Ch\u1ea5t li\u1ec7u ch\u00ednh: H\u1ee3p kim lo\u1ea1i, linh ki\u1ec7n \u0111i\u1ec7n t\u1eed, da Pu, nh\u1ef1a ABs<\/li>\n<li>K\u00edch th\u01b0\u1edbc nguy\u00ean m\u00e1y: 31x18x10 cm<\/li>\n<li>C\u00f4ng su\u1ea5t c\u1ef1c \u0111\u1ea1i: 30W<\/li>\n<li>Ngu\u1ed3n c\u1ea5p \u0111i\u1ec7n: 220V\/ 60Hz<\/li>\n<li>\u0110i\u1ec7n \u00e1p ra: 12V\/ 2A<\/li>\n<li>M\u00e0u s\u1eafc ch\u1ee7 \u0111\u1ea1o: N\u00e2u, h\u1ed3ng (giao ng\u1eabu nhi\u00ean).<\/li>\n<\/ul>\n","protected":false},"featured_media":1011,"comment_status":"open","ping_status":"closed","template":"","meta":[],"_links":{"self":[{"href":"https:\/\/webmaibinh.com\/w\/dienmay3\/wp-json\/wp\/v2\/product\/1009"}],"collection":[{"href":"https:\/\/webmaibinh.com\/w\/dienmay3\/wp-json\/wp\/v2\/product"}],"about":[{"href":"https:\/\/webmaibinh.com\/w\/dienmay3\/wp-json\/wp\/v2\/types\/product"}],"replies":[{"embeddable":true,"href":"https:\/\/webmaibinh.com\/w\/dienmay3\/wp-json\/wp\/v2\/comments?post=1009"}],"wp:featuredmedia":[{"embeddable":true,"href":"https:\/\/webmaibinh.com\/w\/dienmay3\/wp-json\/wp\/v2\/media\/1011"}],"wp:attachment":[{"href":"https:\/\/webmaibinh.com\/w\/dienmay3\/wp-json\/wp\/v2\/media?parent=1009"}],"curies":[{"name":"wp","href":"https:\/\/api.w.org\/{rel}","templated":true}]}}