{"id":730,"date":"2017-08-09T01:51:28","date_gmt":"2017-08-08T18:51:28","guid":{"rendered":"https:\/\/bizhostvn.com\/w\/dienmay\/?post_type=product&#038;p=730"},"modified":"2017-08-09T01:51:28","modified_gmt":"2017-08-08T18:51:28","slug":"macbook-air-13-128gb","status":"publish","type":"product","link":"https:\/\/webmaibinh.com\/w\/dienmay\/s\u1ea3n ph\u1ea9m\/macbook-air-13-128gb\/","title":{"rendered":"Macbook Air 13 128GB"},"content":{"rendered":"<p>V\u1edbi thi\u1ebft k\u1ebf truy\u1ec1n th\u1ed1ng c\u1ee7a d\u00f2ng MacBook Air, phi\u00ean b\u1ea3n 2017 n\u00e0y c\u0169ng kh\u00f4ng c\u00f3 thay \u0111\u1ed5i khi \u0111\u01b0\u1ee3c trang b\u1ecb l\u1edbp v\u1ecf nh\u00f4m nguy\u00ean kh\u1ed1i Unibody sang tr\u1ecdng,\u00a0ch\u1ec9 m\u1ecfng 1.7cm v\u00e0 tr\u1ecdng l\u01b0\u1ee3ng l\u00e0 1.35kg, r\u1ea5t ti\u1ec7n l\u1ee3i v\u00e0 d\u1ec5 d\u00e0ng \u0111\u1ec3 b\u1ea1n lu\u00f4n mang theo b\u00ean m\u00ecnh.\u00a0 Logo qu\u1ea3 t\u00e1o Apple ph\u00e1t s\u00e1ng t\u1ea1o n\u00ean \u0111\u1eb7c tr\u01b0ng ri\u00eang kh\u00e1c bi\u1ec7t.<\/p>\n<p>Tr\u00ean Macbook Air 13 128 GB MQD32SA\/A (2017), c\u1ed5ng Thunderbolt th\u1ebf h\u1ec7 th\u1ee9 hai cho t\u1ed1c \u0111\u1ed9 truy\u1ec1n t\u1ea3i d\u1eef li\u1ec7u cao h\u01a1n g\u1ea5p \u0111\u00f4i so v\u1edbi Thunderbolt 1, \u0111\u1ed3ng th\u1eddi c\u00f2n c\u00f3 th\u1ec3 xu\u1ea5t h\u00ecnh \u1ea3nh \u0111\u1ed9 ph\u00e2n gi\u1ea3i cao ra m\u00e0n h\u00ecnh 4K. Ngo\u00e0i ra s\u1ea3n ph\u1ea9m c\u00f2n c\u00f3\u00a02 c\u1ed5ng\u00a0USB\u00a03.0, SD card, kh\u00f4ng c\u00f3 c\u1ed5ng LAN,\u00a0HDMI\u00a0v\u00e0 \u1ed5 \u0111\u0129a quang.<\/p>\n<p>Macbook Air 13 2017 c\u00f3 b\u1ed9 x\u1eed l\u00fd Intel core i5, hai nh\u00e2n xung nh\u1ecbp 1.8 GHz, so v\u1edbi phi\u00ean b\u1ea3n tr\u01b0\u1edbc th\u00ec t\u1ed1c \u0111\u1ed9 CPU \u0111\u00e3 t\u0103ng l\u00ean nh\u1eb9, card \u0111\u1ed3 h\u1ecda t\u00edch h\u1ee3p Intel HD Graphics 6000, b\u1ed9 nh\u1edb RAM 8 GB, c\u00f9ng \u1ed5 c\u1ee9ng l\u01b0u tr\u1eef SSD 128 GB, c\u00f3 t\u1ed1c \u0111\u1ed9 \u0111\u1ecdc v\u00e0 ghi d\u1eef li\u1ec7u cao h\u01a1n 2 l\u1ea7n so v\u1edbi th\u1ebf h\u1ec7 tr\u01b0\u1edbc. C\u00f9ng v\u1edbi h\u1ec7 sinh th\u00e1i kh\u00e9p k\u00edn c\u1ee7a h\u1ec7 \u0111i\u1ec1u h\u00e0nh Mac OS, s\u1ea3n ph\u1ea9m ch\u1eafc ch\u1eafn mang l\u1ea1i cho ng\u01b0\u1eddi d\u00f9ng nh\u1eefng tr\u1ea3i nghi\u1ec7m \u0111a nhi\u1ec7m m\u01b0\u1ee3t m\u00e0 nh\u1ea5t.<\/p>\n<p>&nbsp;<\/p>\n<h3><strong>M\u00e0n h\u00ecnh \u0111\u1ed9 ph\u00e2n gi\u1ea3i kh\u00e1<\/strong><\/h3>\n<p>&nbsp;<\/p>\n<p><img title=\"macbook-air-13-128gb-mqd32saa\" src=\"https:\/\/fptshop.com.vn\/Uploads\/images\/2015\/SANPHAM\/T7\/macbook-air-13-128gb-mqd32saa\/macbook-air-13-128gb-mqd32saa-6.jpg\" alt=\"macbook-air-13-128gb-mqd32saa\" longdesc=\"https:\/\/fptshop.com.vn\/may-tinh-xach-tay\/macbook-air-13-128gb-mqd32saa\" \/><\/p>\n<p>&nbsp;<\/p>\n<p>Macbook Air 13 2017 c\u00f3 m\u00e0n h\u00ecnh r\u1ed9ng 13.3 inch, \u0111\u1ed9 ph\u00e2n gi\u1ea3i l\u00e0\u00a01440x900px. C\u00f3 l\u1ebd m\u00e0n h\u00ecnh v\u1eabn l\u00e0 m\u1ed9t \u0111i\u1ec3m c\u00f2n h\u1ea1n ch\u1ebf tr\u00ean s\u1ea3n ph\u1ea9m khi ch\u01b0a \u0111\u01b0\u1ee3c n\u00e2ng c\u1ea5p l\u00ean Retina nh\u01b0 c\u00e1c d\u00f2ng kh\u00e1c. Tuy nhi\u00ean, h\u00ecnh \u1ea3nh hi\u1ec3n th\u1ecb kh\u00e1 ch\u1ea5t l\u01b0\u1ee3ng, t\u01b0\u01a1i s\u00e1ng.<\/p>\n<p>&nbsp;<\/p>\n<h3><strong>B\u00e0n r\u00ea c\u1ea3m \u1ee9ng m\u01b0\u1ee3t m\u00e0, b\u00e0n ph\u00edm t\u1ed1i \u01b0u s\u1eed d\u1ee5ng<\/strong><\/h3>\n<p>N\u1ebfu d\u00f9ng qua b\u00e0n r\u00ea c\u1ea3m \u1ee9ng tr\u00ean MacBook, c\u00f3 th\u1ec3 b\u1ea1n s\u1ebd qu\u00ean ngay \u0111i con chu\u1ed9t truy\u1ec1n th\u1ed1ng, b\u1edfi n\u00f3 r\u1ea5t nh\u1ea1y v\u00e0 m\u01b0\u1ee3t m\u00e0, ti\u1ec7n d\u1ee5ng. B\u00e0n ph\u00edm chiclet cho c\u00e1c ph\u00edm b\u1ea5m g\u1ecdn g\u00e0ng, tinh t\u1ebf, c\u00e1c ph\u00edm v\u1eeba tay, \u0111\u00e8n n\u1ec1n backlit th\u00eam thu\u1eadn ti\u1ec7n khi l\u00e0m vi\u1ec7c trong \u0111i\u1ec1u ki\u1ec7n \u00e1nh s\u00e1ng y\u1ebfu.<\/p>\n","protected":false},"excerpt":{"rendered":"<p>Macbook Air 13 128 GB MQD32SA\/A (2017) v\u1edbi thi\u1ebft k\u1ebf kh\u00f4ng thay \u0111\u1ed5i, v\u1ecf nh\u00f4m sang tr\u1ecdng, si\u00eau m\u1ecfng v\u00e0 si\u00eau nh\u1eb9, hi\u1ec7u n\u0103ng \u0111\u01b0\u1ee3c n\u00e2ng c\u1ea5p, th\u1eddi l\u01b0\u1ee3ng pin c\u1ef1c l\u00e2u, ph\u00f9 h\u1ee3p cho nhu c\u1ea7u l\u00e0m vi\u1ec7c v\u0103n ph\u00f2ng nh\u1eb9 nh\u00e0ng, kh\u00f4ng c\u1ea7n qu\u00e1 ch\u00fa tr\u1ecdng v\u00e0o hi\u1ec3n th\u1ecb c\u1ee7a m\u00e0n h\u00ecnh.<\/p>\n","protected":false},"featured_media":731,"comment_status":"open","ping_status":"closed","template":"","meta":[],"_links":{"self":[{"href":"https:\/\/webmaibinh.com\/w\/dienmay\/wp-json\/wp\/v2\/product\/730"}],"collection":[{"href":"https:\/\/webmaibinh.com\/w\/dienmay\/wp-json\/wp\/v2\/product"}],"about":[{"href":"https:\/\/webmaibinh.com\/w\/dienmay\/wp-json\/wp\/v2\/types\/product"}],"replies":[{"embeddable":true,"href":"https:\/\/webmaibinh.com\/w\/dienmay\/wp-json\/wp\/v2\/comments?post=730"}],"wp:featuredmedia":[{"embeddable":true,"href":"https:\/\/webmaibinh.com\/w\/dienmay\/wp-json\/wp\/v2\/media\/731"}],"wp:attachment":[{"href":"https:\/\/webmaibinh.com\/w\/dienmay\/wp-json\/wp\/v2\/media?parent=730"}],"curies":[{"name":"wp","href":"https:\/\/api.w.org\/{rel}","templated":true}]}}