{"id":726,"date":"2017-08-09T01:45:58","date_gmt":"2017-08-08T18:45:58","guid":{"rendered":"https:\/\/bizhostvn.com\/w\/dienmay\/?post_type=product&#038;p=726"},"modified":"2017-08-09T01:46:07","modified_gmt":"2017-08-08T18:46:07","slug":"dien-thoai-iphone-6s-plus-32gb","status":"publish","type":"product","link":"https:\/\/webmaibinh.com\/w\/dienmay\/s\u1ea3n ph\u1ea9m\/dien-thoai-iphone-6s-plus-32gb\/","title":{"rendered":"\u0110i\u1ec7n tho\u1ea1i iPhone 6s Plus 32GB"},"content":{"rendered":"<h2>iPhone 6s Plus 32 GB l\u00e0\u00a0phi\u00ean b\u1ea3n\u00a0n\u00e2ng c\u1ea5p ho\u00e0n h\u1ea3o t\u1eeb iPhone 6 Plus v\u1edbi nhi\u1ec1u t\u00ednh n\u0103ng m\u1edbi h\u1ea5p d\u1eabn.<\/h2>\n<h3><strong>Camera \u0111\u01b0\u1ee3c c\u1ea3i ti\u1ebfn<\/strong><\/h3>\n<p>iPhone 6s Plus 32 GB \u0111\u01b0\u1ee3c n\u00e2ng c\u1ea5p \u0111\u1ed9 ph\u00e2n gi\u1ea3i camera sau l\u00ean 12 MP (thay v\u00ec 8 MP nh\u01b0 tr\u00ean\u00a0iPhone 6 Plus), camera cho t\u1ed1c \u0111\u1ed9 l\u1ea5y n\u00e9t v\u00e0 ch\u1ee5p nhanh, thao t\u00e1c ch\u1ea1m \u0111\u1ec3 ch\u1ee5p nh\u1eb9 nh\u00e0ng. Ch\u1ea5t l\u01b0\u1ee3ng \u1ea3nh trong c\u00e1c \u0111i\u1ec1u ki\u1ec7n ch\u1ee5p kh\u00e1c nhau t\u1ed1t.<\/p>\n<h3><strong>Th\u00edch th\u00fa h\u01a1n v\u1edbi m\u00e0n h\u00ecnh r\u1ed9ng<\/strong><\/h3>\n<p>M\u00e0n h\u00ecnh l\u1edbn c\u00f9ng\u00a0m\u00e0u s\u1eafc t\u01b0\u01a1i t\u1eafn, \u0111\u1ed9 n\u00e9t cao\u00a0s\u1ebd mang \u0111\u1ebfn nhi\u1ec1u\u00a0th\u00edch th\u00fa khi l\u01b0\u1edbt web, xem phim hay l\u00e0m vi\u1ec7c.<\/p>\n<p><a class=\"preventdefault\" href=\"https:\/\/www.thegioididong.com\/images\/42\/71770\/iphone-6s-plus4-1.jpg\"><img class=\"lazy aligncenter\" title=\"M\u00e0n h\u00ecnh l\u1edbn 5.5 inch tho\u1ea3i m\u00e1i \u0111\u1ec3 l\u00e0m vi\u1ec7c v\u00e0 gi\u1ea3i tr\u00ed\" src=\"https:\/\/cdn.tgdd.vn\/Products\/Images\/42\/71770\/iphone-6s-plus4-1.jpg\" alt=\"M\u00e0n h\u00ecnh l\u1edbn 5.5 inch tho\u1ea3i m\u00e1i \u0111\u1ec3 l\u00e0m vi\u1ec7c v\u00e0 gi\u1ea3i tr\u00ed\" data-original=\"https:\/\/cdn.tgdd.vn\/Products\/Images\/42\/71770\/iphone-6s-plus4-1.jpg\" \/><\/a><\/p>\n<p><i>M\u00e0n h\u00ecnh l\u1edbn 5.5 inch tho\u1ea3i m\u00e1i \u0111\u1ec3 l\u00e0m vi\u1ec7c v\u00e0 gi\u1ea3i tr\u00ed<\/i><\/p>\n<h3><strong>C\u1ea3m \u1ee9ng 3D Touch \u0111\u1ed9c \u0111\u00e1o<\/strong><\/h3>\n<p>3D Touch l\u00e0 t\u00ednh n\u0103ng ho\u00e0n to\u00e0n m\u1edbi tr\u00ean iPhone 6s Plus 32 GB, cho ph\u00e9p ng\u01b0\u1eddi d\u00f9ng xem tr\u01b0\u1edbc \u0111\u01b0\u1ee3c c\u00e1c t\u00f9y ch\u1ecdn nhanh d\u1ef1a v\u00e0o l\u1ef1c nh\u1ea5n m\u1ea1nh hay nh\u1eb9 m\u00e0 kh\u00f4ng c\u1ea7n ph\u1ea3i nh\u1ea5p v\u00e0o \u1ee9ng d\u1ee5ng.<\/p>\n<p>\u0110\u1ec3 s\u1eed d\u1ee5ng, b\u1ea1n ch\u1ec9 c\u1ea7n nh\u1ea5n v\u00e0o m\u00e0n h\u00ecnh ho\u1eb7c \u1ee9ng d\u1ee5ng 1 l\u1ef1c m\u1ea1nh \u0111\u1ebfn khi m\u00e1y rung nh\u1eb9 l\u00e0 c\u00f3 th\u1ec3 xem \u0111\u01b0\u1ee3c.<\/p>\n<p><a class=\"preventdefault\" href=\"https:\/\/www.thegioididong.com\/images\/42\/71770\/iphone-6s-plus342.gif\"><img class=\"lazy aligncenter\" title=\"Ch\u1ecdn nhanh c\u00e1c l\u1ef1a ch\u1ecdn tr\u00ean camera c\u1ee7a m\u00e1y\" src=\"https:\/\/cdn2.tgdd.vn\/Products\/Images\/42\/71770\/iphone-6s-plus342.gif\" alt=\"Ch\u1ecdn nhanh c\u00e1c l\u1ef1a ch\u1ecdn tr\u00ean camera c\u1ee7a m\u00e1y\" data-original=\"https:\/\/cdn2.tgdd.vn\/Products\/Images\/42\/71770\/iphone-6s-plus342.gif\" \/><\/a><\/p>\n<p><i>Ch\u1ecdn nhanh c\u00e1c l\u1ef1a ch\u1ecdn tr\u00ean camera c\u1ee7a m\u00e1y<\/i><\/p>\n<p>\u0110\u00e1ng ti\u1ebfc t\u00ednh n\u0103ng 3D Touch n\u00e0y ch\u1ec9 m\u1edbi \u0111\u01b0\u1ee3c \u00e1p d\u1ee5ng tr\u00ean c\u00e1c\u00a0\u1ee9ng d\u1ee5ng c\u1ee7a Apple\u00a0nh\u01b0: danh b\u1ea1, camera, mail, m\u00e1y \u1ea3nh &#8230;<\/p>\n<p>B\u1ea1n c\u00f3 th\u1ec3 t\u00ecm hi\u1ec3u th\u00eam t\u00ednh n\u0103ng 3D Touch t\u1ea1i\u00a0<strong>\u0111\u00e2y<\/strong>.<\/p>\n","protected":false},"excerpt":{"rendered":"<p>iPhone 6s Plus 32 GB \u0111\u01b0\u1ee3c n\u00e2ng c\u1ea5p \u0111\u1ed9 ph\u00e2n gi\u1ea3i camera sau l\u00ean 12 MP (thay v\u00ec 8 MP nh\u01b0 tr\u00ean\u00a0iPhone 6 Plus), camera cho t\u1ed1c \u0111\u1ed9 l\u1ea5y n\u00e9t v\u00e0 ch\u1ee5p nhanh, thao t\u00e1c ch\u1ea1m \u0111\u1ec3 ch\u1ee5p nh\u1eb9 nh\u00e0ng. Ch\u1ea5t l\u01b0\u1ee3ng \u1ea3nh trong c\u00e1c \u0111i\u1ec1u ki\u1ec7n ch\u1ee5p kh\u00e1c nhau t\u1ed1t.<\/p>\n","protected":false},"featured_media":727,"comment_status":"open","ping_status":"closed","template":"","meta":[],"_links":{"self":[{"href":"https:\/\/webmaibinh.com\/w\/dienmay\/wp-json\/wp\/v2\/product\/726"}],"collection":[{"href":"https:\/\/webmaibinh.com\/w\/dienmay\/wp-json\/wp\/v2\/product"}],"about":[{"href":"https:\/\/webmaibinh.com\/w\/dienmay\/wp-json\/wp\/v2\/types\/product"}],"replies":[{"embeddable":true,"href":"https:\/\/webmaibinh.com\/w\/dienmay\/wp-json\/wp\/v2\/comments?post=726"}],"wp:featuredmedia":[{"embeddable":true,"href":"https:\/\/webmaibinh.com\/w\/dienmay\/wp-json\/wp\/v2\/media\/727"}],"wp:attachment":[{"href":"https:\/\/webmaibinh.com\/w\/dienmay\/wp-json\/wp\/v2\/media?parent=726"}],"curies":[{"name":"wp","href":"https:\/\/api.w.org\/{rel}","templated":true}]}}