{"id":722,"date":"2017-08-09T01:40:41","date_gmt":"2017-08-08T18:40:41","guid":{"rendered":"https:\/\/bizhostvn.com\/w\/dienmay\/?post_type=product&#038;p=722"},"modified":"2017-08-09T01:40:41","modified_gmt":"2017-08-08T18:40:41","slug":"dien-thoai-iphone-6-plus-16gb","status":"publish","type":"product","link":"https:\/\/webmaibinh.com\/w\/dienmay\/s\u1ea3n ph\u1ea9m\/dien-thoai-iphone-6-plus-16gb\/","title":{"rendered":"\u0110i\u1ec7n tho\u1ea1i iPhone 6 Plus 16GB"},"content":{"rendered":"<h2>\u0110\u01b0\u1ee3c \u0111\u1ed5i m\u1edbi m\u1ea1nh m\u1ebd v\u1ec1 thi\u1ebft k\u1ebf, c\u1ea5u h\u00ecnh c\u00f9ng m\u1ed9t m\u00e0n h\u00ecnh k\u00edch th\u01b0\u1edbc l\u1edbn \u0111i c\u00f9ng mang \u0111\u1ebfn nhi\u1ec1u th\u00edch th\u00fa h\u01a1n trong s\u1eed d\u1ee5ng.<\/h2>\n<h3><strong>Bo tr\u00f2n l\u1ea1 m\u1eaft<\/strong><\/h3>\n<p>C\u00e1c phi\u00ean b\u1ea3n c\u1ee7a iPhone 6 Plus \u0111\u01b0\u1ee3c bo tr\u00f2n c\u00e1c c\u1ea1nh n\u00ean khi c\u1ea7m l\u00e2u m\u00e1y s\u1ebd kh\u00f4ng b\u1ecb \u0111au do c\u1ea5n v\u00e0o tay, nh\u1ea5t l\u00e0 v\u1edbi chi\u1ebfc \u0111i\u1ec7n tho\u1ea1i c\u00f3 k\u00edch th\u01b0\u1edbc l\u1edbn th\u00ec \u0111i\u1ec1u n\u00e0y s\u1ebd l\u00e0m b\u1ea1n y\u00eau th\u00edch h\u01a1n.<\/p>\n<h3><strong>Camera c\u1ea3i thi\u1ec7n t\u1ed1t<\/strong><\/h3>\n<p>M\u1eb7c d\u00f9 \u0111\u1ed9 ph\u00e2n gi\u1ea3i ch\u1ec9 8 MP, kh\u1ea9u \u0111\u1ed9 F2.2 nh\u01b0ng nh\u1eefng g\u00ec camera iPhone 6 Plus l\u00e0m \u0111\u01b0\u1ee3c l\u1ea1i r\u1ea5t t\u1ed1t, m\u00e1y cho t\u1ed1c \u0111\u1ed9 l\u1ea5y n\u00e9t v\u00e0 ch\u1ea1m ch\u1ee5p r\u1ea5t nhanh, m\u00e0u s\u1eafc \u0111\u01b0\u1ee3c thu l\u1ea1i r\u1ea5t t\u1ed1t.<\/p>\n<h3><strong>Vi x\u1eed l\u00fd m\u1ea1nh m\u1ebd h\u01a1n<\/strong><\/h3>\n<p>iPhone 6 Plus s\u1eed d\u1ee5ng\u00a0chip x\u1eed l\u00fd A8\u00a0t\u1ed1c \u0111\u1ed9 1.4 GHz\u00a0cho vi\u1ec7c x\u1eed l\u00fd t\u00e1c v\u1ee5 nhanh h\u01a1n 30%, ti\u1ebft ki\u1ec7m n\u0103ng l\u01b0\u1ee3ng h\u01a1n 25% so v\u1edbi\u00a0chip A7\u00a0tr\u00ean\u00a0iPhone 5S\u00a0(1.3 GHz), \u0111\u1ed1i v\u1edbi vi\u1ec7c ch\u01a1i game c\u00f3 c\u1ea5u h\u00ecnh n\u1eb7ng c\u0169ng s\u1ebd r\u1ea5t d\u1ec5 d\u00e0ng.<\/p>\n<p>iPhone 6 Plus d\u00f9ng h\u1ec7 \u0111i\u1ec1u h\u00e0nh iOS 9 v\u1edbi nhi\u1ec1u t\u00ednh n\u0103ng th\u00fa v\u1ecb, b\u1ea1n c\u00f3 th\u1ec3 tham kh\u1ea3o th\u00eam<strong>\u00a0t\u1ea1i \u0111\u00e2y.<\/strong><\/p>\n<p>M\u00e1y s\u1eed d\u1ee5ng\u00a0chip \u0111\u1ed3 h\u1ecda\u00a0PowerVR GX6450, c\u00f3 th\u1ec3 x\u1eed l\u00fd h\u00ecnh \u1ea3nh \u0111\u1ed9 ph\u00e2n gi\u1ea3i cao nh\u01b0 video 4K hay gamec 3D t\u1ed1t v\u00e0 m\u01b0\u1ee3t h\u01a1n, m\u00e0n h\u00ecnh Retina HD c\u00f9ng k\u00edch th\u01b0\u1edbc 5.5 inch cho m\u1ecdi thao t\u00e1c l\u01b0\u1edbt web, gi\u1ea3i tr\u00ed hay x\u1eed l\u00fd c\u00f4ng vi\u1ec7c \u0111\u1ec1u r\u1ea5t t\u1ed1t.<\/p>\n","protected":false},"excerpt":{"rendered":"<p>\u0110\u01b0\u1ee3c \u0111\u1ed5i m\u1edbi m\u1ea1nh m\u1ebd v\u1ec1 thi\u1ebft k\u1ebf, c\u1ea5u h\u00ecnh c\u00f9ng m\u1ed9t m\u00e0n h\u00ecnh k\u00edch th\u01b0\u1edbc l\u1edbn \u0111i c\u00f9ng mang \u0111\u1ebfn nhi\u1ec1u th\u00edch th\u00fa h\u01a1n trong s\u1eed d\u1ee5ng.\u00a0C\u00e1c phi\u00ean b\u1ea3n c\u1ee7a iPhone 6 Plus \u0111\u01b0\u1ee3c bo tr\u00f2n c\u00e1c c\u1ea1nh n\u00ean khi c\u1ea7m l\u00e2u m\u00e1y s\u1ebd kh\u00f4ng b\u1ecb \u0111au do c\u1ea5n v\u00e0o tay, nh\u1ea5t l\u00e0 v\u1edbi chi\u1ebfc \u0111i\u1ec7n tho\u1ea1i c\u00f3 k\u00edch th\u01b0\u1edbc l\u1edbn th\u00ec \u0111i\u1ec1u n\u00e0y s\u1ebd l\u00e0m b\u1ea1n y\u00eau th\u00edch h\u01a1n.<\/p>\n","protected":false},"featured_media":723,"comment_status":"open","ping_status":"closed","template":"","meta":[],"_links":{"self":[{"href":"https:\/\/webmaibinh.com\/w\/dienmay\/wp-json\/wp\/v2\/product\/722"}],"collection":[{"href":"https:\/\/webmaibinh.com\/w\/dienmay\/wp-json\/wp\/v2\/product"}],"about":[{"href":"https:\/\/webmaibinh.com\/w\/dienmay\/wp-json\/wp\/v2\/types\/product"}],"replies":[{"embeddable":true,"href":"https:\/\/webmaibinh.com\/w\/dienmay\/wp-json\/wp\/v2\/comments?post=722"}],"wp:featuredmedia":[{"embeddable":true,"href":"https:\/\/webmaibinh.com\/w\/dienmay\/wp-json\/wp\/v2\/media\/723"}],"wp:attachment":[{"href":"https:\/\/webmaibinh.com\/w\/dienmay\/wp-json\/wp\/v2\/media?parent=722"}],"curies":[{"name":"wp","href":"https:\/\/api.w.org\/{rel}","templated":true}]}}