{"id":713,"date":"2017-08-09T01:29:17","date_gmt":"2017-08-08T18:29:17","guid":{"rendered":"https:\/\/bizhostvn.com\/w\/dienmay\/?post_type=product&#038;p=713"},"modified":"2017-08-09T01:29:17","modified_gmt":"2017-08-08T18:29:17","slug":"iphone-7-plus-red-128gb","status":"publish","type":"product","link":"https:\/\/webmaibinh.com\/w\/dienmay\/s\u1ea3n ph\u1ea9m\/iphone-7-plus-red-128gb\/","title":{"rendered":"iPhone 7 Plus Red 128GB"},"content":{"rendered":"<p>M\u00e0u \u0111\u1ecf tr\u00ean chi\u1ebfc\u00a0iPhone 7 Plus Red 128GB l\u00e0 m\u00e0u l\u1ea7n \u0111\u1ea7u ti\u00ean \u0111\u01b0\u1ee3c Apple mang l\u00ean nh\u1eefng chi\u1ebfc iPhone c\u1ee7a m\u00ecnh. Theo \u0111\u00f3 th\u00ec nh\u1eefng chi\u1ebfc iPhone m\u1edbi s\u1ebd c\u00f3 m\u1eb7t l\u01b0ng \u0111\u01b0\u1ee3c l\u00e0m t\u1eeb nh\u00f4m nguy\u00ean kh\u1ed1i, \u0111\u01b0\u1ee3c s\u01a1n l\u00ean l\u1edbp s\u01a1n m\u00e0u \u0111\u1ecf r\u1ea5t n\u1ed5i b\u1eadt v\u00e0 b\u1eaft m\u1eaft.<\/p>\n<p><a class=\"preventdefault\" href=\"https:\/\/www.thegioididong.com\/images\/42\/93709\/iphone-7-plus-red-128gb13.jpg\"><img class=\"lazy aligncenter\" title=\"M\u1eb7t tr\u01b0\u1edbc v\u1eabn l\u00e0 m\u00e0u tr\u1eafng quen thu\u1ed9c\" src=\"https:\/\/cdn2.tgdd.vn\/Products\/Images\/42\/93709\/iphone-7-plus-red-128gb13.jpg\" alt=\"M\u1eb7t tr\u01b0\u1edbc v\u1eabn l\u00e0 m\u00e0u tr\u1eafng quen thu\u1ed9c\" data-original=\"https:\/\/cdn2.tgdd.vn\/Products\/Images\/42\/93709\/iphone-7-plus-red-128gb13.jpg\" \/><\/a><\/p>\n<p>\u0110\u00e1ng ti\u1ebfc l\u00e0 ph\u1ea7n m\u1eb7t tr\u01b0\u1edbc c\u1ee7a m\u00e1y v\u1eabn gi\u1eef m\u00e0u tr\u1eafng quen thu\u1ed9c n\u00ean s\u1ebd cho b\u1ea1n \u0111\u00f4i ch\u00fat c\u1ea3m th\u1ea5y h\u1ee5t h\u1eabng.<\/p>\n<p>\u0110i\u1ec3m c\u1ed9ng c\u1ee7a chi\u1ebfc\u00a0iPhone 7 Plus Red 128GB m\u1edbi l\u00e0 m\u1eb7t l\u01b0ng c\u1ee7a m\u00e1y s\u1ebd kh\u00f4ng \u0111\u1ec3 l\u1ea1i m\u1ed3 h\u00f4i v\u00e0 d\u1ea5u v\u00e2n tay trong qu\u00e1 tr\u00ecnh s\u1eed d\u1ee5ng nh\u01b0 m\u00e0u Jet Black ra m\u1eaft tr\u01b0\u1edbc \u0111\u00f3.<\/p>\n<p>Ngo\u00e0i thi\u1ebft k\u1ebf \u0111\u01b0\u1ee3c b\u1ed5 sung m\u00e0u s\u1eafc m\u1edbi th\u00ec\u00a0iPhone 7 Plus Red 128GB v\u1eabn s\u1edf h\u1eefu cho m\u00ecnh \u0111\u1ea7y \u0111\u1ee7 c\u00e1c t\u00ednh n\u0103ng v\u00e0 trang b\u1ecb nh\u01b0 nh\u1eefng chi\u1ebfc iPhone 7 Plus \u0111\u01b0\u1ee3c gi\u1edbi thi\u1ec7u tr\u01b0\u1edbc \u0111\u00f3.<\/p>\n<p>iPhone 7 Plus l\u00e0 chi\u1ebfc iPhone \u0111\u1ea7u ti\u00ean \u0111\u01b0\u1ee3c trang b\u1ecb camera k\u00e9p, \u0111em l\u1ea1i kh\u1ea3 n\u0103ng ch\u1ee5p \u1ea3nh \u1edf hai ti\u00eau c\u1ef1 kh\u00e1c nhau. V\u1edbi b\u1ed9 \u0111\u00f4i camera n\u00e0y th\u00ec b\u1ea1n c\u00f3 th\u1ec3 ch\u1ee5p cho m\u00ecnh nh\u1eefng b\u1ee9c \u1ea3nh x\u00f3a ph\u00f4ng c\u00f3 ch\u1ea5t l\u01b0\u1ee3ng r\u1ea5t t\u1ed1t.<\/p>\n<p>Camera tr\u01b0\u1edbc c\u0169ng \u0111\u01b0\u1ee3c n\u00e2ng c\u1ea5p \u0111\u1ed9 ph\u00e2n gi\u1ea3i l\u00ean 7 MP c\u00f9ng t\u00ednh n\u0103ng Retina Flash th\u00ec b\u1ea1n c\u00f3 th\u1ec3 th\u1ecfa s\u1ee9c t\u1ef1 s\u01b0\u1edbng ngay c\u1ea3 trong \u0111i\u1ec1u ki\u1ec7n thi\u1ebfu s\u00e1ng m\u00e0 ch\u1ea5t l\u01b0\u1ee3ng \u1ea3nh cho ra v\u1eabn r\u1ea5t t\u1ed1t.<\/p>\n<p>Ph\u00edm Home c\u1ee7a m\u00e1y c\u0169ng \u0111\u00e3 \u0111\u01b0\u1ee3c thay \u0111\u1ed5i t\u1eeb ph\u00edm Home truy\u1ec1n th\u1ed1ng sang d\u1ea1ng ph\u00edm Home c\u1ea3m \u1ee9ng l\u1ef1c gi\u00fap gi\u1ea3m thi\u1ec3u kh\u1ea3 n\u0103ng h\u1ecfng ph\u00edm Home khi s\u1eed d\u1ee5ng l\u00e2u d\u00e0i.<\/p>\n","protected":false},"excerpt":{"rendered":"<p>iPhone 7 Plus Red 128GB l\u00e0 phi\u00ean b\u1ea3n iPhone 7 Plus m\u1edbi \u0111\u01b0\u1ee3c Apple gi\u1edbi thi\u1ec7u v\u1edbi m\u00e0u s\u1eafc m\u1edbi l\u00e0 m\u00e0u Red nh\u1eb1m k\u1ec9 ni\u1ec7m 10 n\u0103m\u00a0h\u1ee3p t\u00e1c gi\u1eefa Apple v\u00e0 (RED) \u2013 m\u1ed9t t\u1ed5 ch\u1ee9c g\u00e2y qu\u1ef9 h\u1ed7 tr\u1ee3 ph\u00f2ng ch\u1ed1ng AIDS.<\/p>\n","protected":false},"featured_media":714,"comment_status":"open","ping_status":"closed","template":"","meta":[],"_links":{"self":[{"href":"https:\/\/webmaibinh.com\/w\/dienmay\/wp-json\/wp\/v2\/product\/713"}],"collection":[{"href":"https:\/\/webmaibinh.com\/w\/dienmay\/wp-json\/wp\/v2\/product"}],"about":[{"href":"https:\/\/webmaibinh.com\/w\/dienmay\/wp-json\/wp\/v2\/types\/product"}],"replies":[{"embeddable":true,"href":"https:\/\/webmaibinh.com\/w\/dienmay\/wp-json\/wp\/v2\/comments?post=713"}],"wp:featuredmedia":[{"embeddable":true,"href":"https:\/\/webmaibinh.com\/w\/dienmay\/wp-json\/wp\/v2\/media\/714"}],"wp:attachment":[{"href":"https:\/\/webmaibinh.com\/w\/dienmay\/wp-json\/wp\/v2\/media?parent=713"}],"curies":[{"name":"wp","href":"https:\/\/api.w.org\/{rel}","templated":true}]}}