{"id":558,"date":"2017-08-08T16:45:05","date_gmt":"2017-08-08T09:45:05","guid":{"rendered":"https:\/\/bizhostvn.com\/w\/dienmay\/?post_type=product&#038;p=558"},"modified":"2017-08-08T16:45:05","modified_gmt":"2017-08-08T09:45:05","slug":"dien-thoai-htc-butterfly","status":"publish","type":"product","link":"https:\/\/webmaibinh.com\/w\/dienmay\/s\u1ea3n ph\u1ea9m\/dien-thoai-htc-butterfly\/","title":{"rendered":"\u0110i\u1ec7n tho\u1ea1i HTC Butterfly"},"content":{"rendered":"<p align=\"\">Tr\u00e1i v\u1edbi nh\u1eefng b\u00e1o c\u00e1o t\u00e0i ch\u00ednh \u1ea3m \u0111\u1ea1m v\u1ec1 doanh s\u1ed1 c\u1ee7a h\u00e3ng \u0111i\u1ec7n t\u1eed \u0110\u00e0i Loan HTC n\u1eefa \u0111\u1ea7u n\u0103m nay, nh\u1eefng d\u1ea5u hi\u1ec7u kh\u1ea3 quan \u0111ang d\u1ea7n xu\u1ea5t hi\u1ec7n v\u00e0o d\u1ecbp mua s\u1eafm cu\u1ed1i n\u0103m sau khi HTC cho ra m\u1eaft h\u00e0ng lo\u1ea1t m\u1eabu \u0111i\u1ec7n tho\u1ea1i m\u1edbi nh\u1ea5t ch\u1ea1y h\u1ec7 \u0111i\u1ec1u h\u00e0nh Android c\u0169ng nh\u01b0 Windows Phone 8. Kh\u00f4ng d\u1eebng l\u1ea1i \u1edf \u0111\u00f3, HTC v\u1eeba cho ra m\u1eaft m\u1ed9t si\u00eau ph\u1ea9m smartphone \u1edf th\u1ecb tr\u01b0\u1eddng M\u1ef9 v\u1edbi t\u00ean g\u1ecdi\u00a0<strong>HTC Butterfly<\/strong>\u00a0\u2013 m\u00e0n h\u00ecnh si\u00eau s\u1eafc n\u00e9t v\u00e0 c\u1ea5u h\u00ecnh kh\u1ee7ng l\u00e0 nh\u1eefng g\u00ec gi\u1edbi c\u00f4ng ngh\u1ec7 n\u00f3i v\u1ec1 chi\u1ebfc \u0111i\u1ec7n tho\u1ea1i n\u00e0y.<\/p>\n<h3>Thi\u1ebft k\u1ebf \u1ea5n t\u01b0\u1ee3ng<\/h3>\n<p align=\"\">C\u00f3 th\u1ec3 n\u00f3i\u00a0<strong>HTC Butterfly<\/strong>\u00a0l\u00e0 m\u1eabu \u0111i\u1ec7n tho\u1ea1i \u0111\u00e3 tho\u00e1t kh\u1ecfi ki\u1ec3u thi\u1ebft k\u1ebf quen thu\u1ed9c c\u1ee7a HTC tr\u00ean c\u00e1c d\u00f2ng HTC One tr\u01b0\u1edbc \u0111\u00e2y, m\u00e1y c\u00f3 d\u1ea1ng thanh tr\u00f4ng kh\u00e1 vu\u00f4ng v\u1ee9c v\u00e0 h\u01a1i bo tr\u00f2n \u1edf c\u00e1c g\u00f3c (ki\u1ec3u thi\u1ebft k\u1ebf gi\u1ed1ng iPhone 5) nh\u01b0ng HTC Butterfly l\u1ea1i tr\u00f4ng c\u00e2n x\u1ee9ng h\u01a1n do m\u00e1y s\u1edf h\u1eefu m\u00e0n h\u00ecnh c\u1ea3m \u1ee9ng l\u1edbn 5 inch. Th\u00e2n m\u00e1y \u0111\u01b0\u1ee3c l\u00e0m theo ki\u1ec3u unibody v\u1edbi ch\u1ea5t li\u1ec7u nh\u1ef1a kh\u00e1 nh\u1eb9, d\u1ecdc hai b\u00ean th\u00e2n m\u00e1y l\u00e0 c\u00e1c \u0111\u01b0\u1eddng th\u1eb3ng m\u00e0u \u0111\u00f3 l\u00e0m cho m\u00e1y n\u1ed5i b\u1eadt m\u1ed9t c\u00e1ch m\u1ea1nh m\u1ebd v\u00e0 sang tr\u1ecdng. C\u1ea3m gi\u00e1c c\u1ea7m tr\u00ean tay m\u1ed9t chi\u1ebfc \u0111i\u1ec7n tho\u1ea1i kh\u00e1 l\u1edbn nh\u01b0 HTC Butterfly r\u1ea5t tuy\u1ec7t do m\u00e1y kh\u00e1 nh\u1eb9 (140g) v\u00e0 thi\u1ebft k\u1ebf nguy\u00ean kh\u1ed1i h\u1ee3p l\u00fd.<\/p>\n","protected":false},"excerpt":{"rendered":"<p>C\u00f3 th\u1ec3 n\u00f3i\u00a0<strong>HTC Butterfly<\/strong>\u00a0l\u00e0 m\u1eabu \u0111i\u1ec7n tho\u1ea1i \u0111\u00e3 tho\u00e1t kh\u1ecfi ki\u1ec3u thi\u1ebft k\u1ebf quen thu\u1ed9c c\u1ee7a HTC tr\u00ean c\u00e1c d\u00f2ng HTC One tr\u01b0\u1edbc \u0111\u00e2y, m\u00e1y c\u00f3 d\u1ea1ng thanh tr\u00f4ng kh\u00e1 vu\u00f4ng v\u1ee9c v\u00e0 h\u01a1i bo tr\u00f2n \u1edf c\u00e1c g\u00f3c (ki\u1ec3u thi\u1ebft k\u1ebf gi\u1ed1ng iPhone 5) nh\u01b0ng HTC Butterfly l\u1ea1i tr\u00f4ng c\u00e2n x\u1ee9ng h\u01a1n do m\u00e1y s\u1edf h\u1eefu m\u00e0n h\u00ecnh c\u1ea3m \u1ee9ng l\u1edbn 5 inch.<\/p>\n","protected":false},"featured_media":559,"comment_status":"open","ping_status":"closed","template":"","meta":[],"_links":{"self":[{"href":"https:\/\/webmaibinh.com\/w\/dienmay\/wp-json\/wp\/v2\/product\/558"}],"collection":[{"href":"https:\/\/webmaibinh.com\/w\/dienmay\/wp-json\/wp\/v2\/product"}],"about":[{"href":"https:\/\/webmaibinh.com\/w\/dienmay\/wp-json\/wp\/v2\/types\/product"}],"replies":[{"embeddable":true,"href":"https:\/\/webmaibinh.com\/w\/dienmay\/wp-json\/wp\/v2\/comments?post=558"}],"wp:featuredmedia":[{"embeddable":true,"href":"https:\/\/webmaibinh.com\/w\/dienmay\/wp-json\/wp\/v2\/media\/559"}],"wp:attachment":[{"href":"https:\/\/webmaibinh.com\/w\/dienmay\/wp-json\/wp\/v2\/media?parent=558"}],"curies":[{"name":"wp","href":"https:\/\/api.w.org\/{rel}","templated":true}]}}