{"id":270,"date":"2020-03-01T01:12:36","date_gmt":"2020-02-29T18:12:36","guid":{"rendered":"http:\/\/denled2.muathemewordpress.net\/?post_type=product&#038;p=270"},"modified":"2020-03-01T01:12:36","modified_gmt":"2020-02-29T18:12:36","slug":"den-chum-dong-ccd-7011-15","status":"publish","type":"product","link":"https:\/\/webmaibinh.com\/w\/denled12011\/den-chum-dong-ccd-7011-15\/","title":{"rendered":"\u0110\u00e8n Ch\u00f9m \u0110\u1ed3ng CCD-7011-15"},"content":{"rendered":"<p dir=\"ltr\">Chi\u1ebfc \u0111\u00e8n ch\u00f9m \u0111\u1ed3ng n\u1ebfn CCD-7011-15 l\u00e0 v\u1eadt ph\u1ea9m n\u1ed9i th\u1ea5t v\u00f4 c\u00f9ng c\u1ea7n thi\u1ebft cho kh\u00f4ng gian c\u00f3 v\u1ebb \u0111\u1eb9p sang tr\u1ecdng, c\u1ed5 k\u00ednh. Chi\u1ebfc \u0111\u00e8n n\u00e0y \u0111\u01b0\u1ee3c gia c\u00f4ng th\u1ee7 c\u00f4ng t\u1ec9 m\u1ec9, c\u1ea9n th\u1eadn t\u1eeb nh\u1eefng ngh\u1ec7 nh\u00e2n kh\u00e9o l\u00e9o, tinh t\u1ebf nh\u1ea5t. \u0110\u00e2y kh\u00f4ng ch\u1ec9 l\u00e0 v\u1eadt d\u1ee5ng chi\u1ebfu s\u00e1ng m\u00e0 c\u00f2n l\u00e0 m\u1ed9t t\u00e1c ph\u1ea9m ngh\u1ec7 thu\u1eadt \u0111\u00e1ng gi\u00e1.<\/p>\n<h2>Th\u00f4ng s\u1ed1 k\u0129 thu\u1eadt:<\/h2>\n<p dir=\"ltr\">&#8211; M\u00e3 SP: CCD-7011-15<\/p>\n<p dir=\"ltr\">&#8211; Lo\u1ea1i: \u0110\u00e8n ch\u00f9m \u0111\u1ed3ng n\u1ebfn<\/p>\n<p dir=\"ltr\">&#8211; B\u1ea3o h\u00e0nh: 24 Th\u00e1ng<\/p>\n<p dir=\"ltr\">&#8211; K\u00edch th\u01b0\u1edbc: D=1000mm<\/p>\n<p dir=\"ltr\">&#8211; Gi\u00e1 b\u00e1n: Li\u00ean h\u1ec7 nh\u1eadn gi\u00e1 t\u1ed1t<\/p>\n<h2>\u01afu \u0111i\u1ec3m s\u1ea3n ph\u1ea9m \u0110\u00e8n ch\u00f9m \u0111\u1ed3ng n\u1ebfn CCD-7011-15<\/h2>\n<p dir=\"ltr\">\u0110\u00e8n ch\u00f9m \u0111\u1ed3ng n\u1ebfn CCD-7011-15 \u0111\u01b0\u1ee3c y\u00eau th\u00edch v\u00ec \u0111\u1ec1n th\u1ed5i v\u00e0o h\u01a1i th\u1edf sang tr\u1ecdng, qu\u00fd ph\u00e1i cho kh\u00f4ng gian. T\u1eebng chi ti\u1ebft c\u1ee7a \u0111\u00e8n th\u1ec3 hi\u1ec7n s\u1ea3n ph\u1ea9m l\u00e0 v\u1eadt ph\u1ea9m c\u00f3 gi\u00e1 tr\u1ecb, c\u00f3 t\u00e2m h\u1ed3n v\u00e0 \u00fd ngh\u0129a ri\u00eang.<\/p>\n<p dir=\"ltr\"><img loading=\"lazy\" src=\"https:\/\/casani.vn\/img\/p\/den-chum-dong-ccd-7011-15-p577.jpg\" alt=\"\u0110\u00e8n Ch\u00f9m \u0110\u1ed3ng CCD-7011-15\" width=\"600\" height=\"600\" \/><\/p>\n<p><em>\u0110\u00e8n Ch\u00f9m \u0110\u1ed3ng CCD-7011-15<\/em><\/p>\n<h3>Qu\u00e1 tr\u00ecnh s\u1ea3n xu\u1ea5t chuy\u00ean nghi\u1ec7p<\/h3>\n<p dir=\"ltr\">\u0110\u00e8n ch\u00f9m \u0111\u1ed3ng CCD-7011-15 l\u00e0 s\u1ea3n ph\u1ea9m \u0111\u01b0\u1ee3c t\u1ea1o ra t\u1eeb nh\u1eefng ngh\u1ec7 nh\u00e2n kh\u00e9o tay, chuy\u00ean nghi\u1ec7p. H\u1ecd th\u1ef1c hi\u1ec7n \u0111\u00e8n theo quy tr\u00ecnh ti\u00eau chu\u1ea9n cao, cho ra k\u1ebft c\u1ea5u \u0111\u00e8n ho\u00e0n h\u1ea3o, t\u1ec9 m\u1ec9 \u0111\u1ebfn t\u1eebng chi ti\u1ebft nh\u1ecf.<\/p>\n<p dir=\"ltr\">Tay ngh\u1ec1 th\u1ee3 \u0111\u1ec9nh cao, k\u1ebft h\u1ee3p m\u00e1y m\u00f3c hi\u1ec7n \u0111\u1ea1i n\u00ean c\u1ea5u th\u00e0nh \u0111\u00e8n \u0111\u1ea3m b\u1ea3o k\u1ebft n\u1ed1i ch\u1eafc ch\u1eafn \u0111\u1ebfn t\u1eebng milimet. S\u1ea3n ph\u1ea9m <strong><a href=\"https:\/\/casani.vn\/\">\u0111\u00e8n trang tr\u00ed<\/a><\/strong> n\u00e0y \u0111\u1ebfn tay b\u1ea1n ch\u1eafc ch\u1eafn s\u1ebd \u0111\u1eb9p s\u1eafc x\u1ea3o t\u1eebng chi ti\u1ebft, t\u1eebng hoa v\u0103n v\u00e0 th\u00e0nh ph\u1ea7n.<\/p>\n<h3>\u00c1nh \u0111\u00e8n h\u00f2a s\u00e1ng trong kh\u00f4ng gian<\/h3>\n<p dir=\"ltr\">\u0110\u00e8n ch\u00f9m \u0111\u1ed3ng n\u1ebfn CCD-7011-15 \u0111\u01b0\u1ee3c thi\u1ebft k\u1ebf v\u1edbi 15 ng\u1ecdn \u0111\u00e8n, t\u1ecfa s\u00e1ng \u1ed5n \u0111\u1ecbnh. M\u1ed7i chi\u1ebfc \u0111\u00e8n s\u1ebd l\u00e0m m\u1ed9t chi\u1ebfc n\u1ebfn lung linh \u0111\u01b0\u1ee3c k\u1ebft n\u1ed1i ch\u1eafc tr\u00ean khung \u0111\u00e8n cao c\u1ea5p. M\u00e0u \u00e1nh s\u00e1ng \u0111\u00e8n, k\u1ebft h\u1ee3p c\u00f9ng \u0111\u1ed9 s\u00e1ng v\u00e0ng c\u1ee7a \u00e1nh \u0111\u1ed3ng tr\u00ean khung s\u1ebd cho ra lu\u1ed3ng s\u00e1ng h\u00f2a quy\u1ec7n v\u00f4 c\u00f9ng huy\u1ec1n \u1ea3o, h\u00fat h\u1ed3n.<\/p>\n<p dir=\"ltr\">\u0110\u00e8n c\u00f3 m\u1eb7t trong kh\u00f4ng gian s\u1ebd chi\u1ebfu s\u00e1ng hi\u1ec7u qu\u1ea3, nh\u1eb9 nh\u00e0ng v\u00e0 \u0111\u1ea7y \u0111\u1ee7. B\u1ea1n s\u1ebd th\u1ea5y v\u00f4 c\u00f9ng d\u1ec5 ch\u1ecbu, tho\u1ea3i m\u00e1i khi c\u00f3 chi\u1ebfc \u0111\u00e8n n\u00e0y<\/p>\n<h3>Thi\u1ebft k\u1ebf khung \u0111\u00e8n tinh t\u1ebf<\/h3>\n<p dir=\"ltr\">Phong c\u00e1ch \u0111\u00e8n s\u1edf h\u1eefu ch\u00ednh l\u00e0 phong c\u00e1ch c\u1ed5 \u0111i\u1ec3n ch\u00e2u \u00c2u. V\u00ec v\u1eady, khung \u0111\u00e8n cong m\u01b0\u1ee3t m\u00e0, uy\u1ec3n chuy\u1ec3n v\u00f4 c\u00f9ng b\u1eaft m\u1eaft. B\u1ed1 c\u1ee5c khung \u0111i\u1ec7n c\u0169ng \u0111\u01b0\u1ee3c ph\u00e2n b\u1ed1 r\u1ea5t h\u00e0i h\u00f2a, ch\u1eb7t ch\u1ebd v\u00e0 ti\u1ec7n nghi. \u0110\u1eb7c bi\u1ec7t, khung \u0111\u00e8n n\u00e0y c\u00f2n v\u00f4 c\u00f9ng ch\u1eafc ch\u1eafn, b\u1edfi l\u00e0m t\u1eeb h\u1ee3p kim \u0111\u1ed3ng cao c\u1ea5p. B\u1ea1n s\u1ebd c\u00f3 th\u1ec3 s\u1eed d\u1ee5ng \u0111\u00e8n l\u00e2u d\u00e0i, b\u1ec1n b\u1ec9 theo th\u1eddi gian.<\/p>\n<h2>\u1ee8ng d\u1ee5ng s\u1ea3n ph\u1ea9m<\/h2>\n<p dir=\"ltr\"><strong>\u0110\u00e8n ch\u00f9m cao c\u1ea5p<\/strong> CCD-7011-15 \u0111\u01b0\u1ee3c t\u1ea1o ra \u0111\u1ec3 \u0111\u1eb7t trong nh\u1eefng kh\u00f4ng gian c\u00f3 k\u00edch th\u01b0\u1edbc r\u1ed9ng, tho\u00e1ng, tr\u1ea7n nh\u00e0 cao, r\u1ed9ng m\u1edf. Kh\u00f4ng gian n\u00e0y mang v\u1ebb \u0111\u1eb9p c\u1ed5 \u0111i\u1ec3n, t\u00e2n c\u1ed5 \u0111i\u1ec3n xa hoa v\u00e0 sang tr\u1ecdng b\u1eadc nh\u1ea5t. Nh\u1eefng n\u01a1i \u0111\u00f3 c\u00f3 th\u1ec3 k\u1ec3 \u0111\u1ebfn l\u00e0 s\u1ea3nh ch\u1edd kh\u00e1ch s\u1ea1n, nh\u00e0 h\u00e0ng, ph\u00f2ng kh\u00e1ch bi\u1ec7t th\u1ef1, c\u0103n h\u1ed9 l\u1edbn,\u2026<\/p>\n<p dir=\"ltr\">\u0110\u00e8n ch\u00f9m \u0111\u1ed3ng n\u1ebfn CCD-7011-15 l\u00e0 m\u1ed9t t\u00e1c ph\u1ea9m k\u1ebft h\u1ee3p h\u00e0i h\u00f2a nh\u1eefng \u0111\u01b0\u1eddng n\u00e9t bay b\u1ed5ng, hoa v\u0103n tinh t\u1ebf, c\u1ea7u k\u1ef3 theo l\u1ed1i trang tr\u00ed ch\u00e2u \u00c2u. S\u1ea3n ph\u1ea9m ch\u1eafc ch\u1eafn s\u1ebd chi\u1ebfm l\u0129nh, l\u00e0m n\u1ed5i tr\u1ed9i v\u1ebb \u0111\u1eb9p c\u1ee7a kh\u00f4ng gian v\u00e0 t\u1ea1o th\u00eam ni\u1ec1m t\u1ef1 h\u00e0o cho b\u1ea1n khi s\u1edf h\u1eefu.<\/p>\n","protected":false},"excerpt":{"rendered":"<ul class=\"cc\">\n<li class=\"l\">M\u00e3 SP: CCD-7011-15<\/li>\n<li class=\"l\">B\u1ea3o h\u00e0nh: 12 Th\u00e1ng<\/li>\n<li>K\u00edch th\u01b0\u1edbc: D=1000mm<\/li>\n<li>T\u00ecnh tr\u1ea1ng: C\u00f2n h\u00e0ng<\/li>\n<\/ul>\n","protected":false},"featured_media":271,"comment_status":"open","ping_status":"closed","template":"","meta":[],"_links":{"self":[{"href":"https:\/\/webmaibinh.com\/w\/denled12011\/wp-json\/wp\/v2\/product\/270"}],"collection":[{"href":"https:\/\/webmaibinh.com\/w\/denled12011\/wp-json\/wp\/v2\/product"}],"about":[{"href":"https:\/\/webmaibinh.com\/w\/denled12011\/wp-json\/wp\/v2\/types\/product"}],"replies":[{"embeddable":true,"href":"https:\/\/webmaibinh.com\/w\/denled12011\/wp-json\/wp\/v2\/comments?post=270"}],"wp:featuredmedia":[{"embeddable":true,"href":"https:\/\/webmaibinh.com\/w\/denled12011\/wp-json\/wp\/v2\/media\/271"}],"wp:attachment":[{"href":"https:\/\/webmaibinh.com\/w\/denled12011\/wp-json\/wp\/v2\/media?parent=270"}],"curies":[{"name":"wp","href":"https:\/\/api.w.org\/{rel}","templated":true}]}}