{"id":257,"date":"2020-03-01T01:07:59","date_gmt":"2020-02-29T18:07:59","guid":{"rendered":"http:\/\/denled2.muathemewordpress.net\/?post_type=product&#038;p=257"},"modified":"2020-03-01T01:07:59","modified_gmt":"2020-02-29T18:07:59","slug":"den-chum-pha-le-ccp-5088-15-r","status":"publish","type":"product","link":"https:\/\/webmaibinh.com\/w\/denled12011\/den-chum-pha-le-ccp-5088-15-r\/","title":{"rendered":"\u0110\u00e8n Ch\u00f9m Pha L\u00ea CCP-5088-15-R"},"content":{"rendered":"<p dir=\"ltr\">Nh\u00ecn qua, m\u1eabu \u0110\u00e8n Ch\u00f9m Pha L\u00ea CCP-5088-15-R \u0111\u01b0\u1ee3c thi\u1ebft k\u1ebf theo \u00fd t\u01b0\u1edfng k\u1ebft h\u1ee3p gi\u1eefa hoa v\u1edbi l\u00e1 c\u00f9ng v\u1edbi s\u1ef1 k\u1ebft h\u1ee3p m\u00e0u linh ho\u1ea1t t\u1ea1o n\u00ean v\u1ebb \u0111\u1eb9p thi\u00ean nhi\u00ean nh\u01b0ng kh\u00f4ng k\u00e9m ph\u1ea7n sang tr\u1ecdng, qu\u00fd ph\u00e1i cho kh\u00f4ng gian ng\u00f4i nh\u00e0 b\u1ea1n.<\/p>\n<h2>Th\u00f4ng s\u1ed1 k\u1ef9 thu\u1eadt<\/h2>\n<ul>\n<li>M\u00e3 SP: CCP-5088-15-R<\/li>\n<li>B\u1ea3o h\u00e0nh: 12 Th\u00e1ng<\/li>\n<li>K\u00edch th\u01b0\u1edbc: 1000mm<\/li>\n<li>Ch\u1ea5t li\u1ec7u:H\u01a1p kim, nh\u1eadp kh\u1ea9u nguy\u00ean chi\u1ebfc<\/li>\n<li>M\u00e0u s\u1eafc: m\u00e0u v\u00e0ng<\/li>\n<li>C\u00f4ng su\u1ea5t: 15x4W\/E14<\/li>\n<li>\u1ee8ng d\u1ee5ng: \u0111\u00e8n trang tr\u00ed n\u1ed9i th\u1ea5t ph\u00f2ng kh\u00e1ch, ph\u00f2ng ng\u1ee7, s\u1ea3nh kh\u00e1ch s\u1ea1n, nh\u00e0 h\u00e0ng,&#8230;c\u00e1c kh\u00f4ng gian \u01b0a s\u1ef1 sang tr\u1ecdng.<\/li>\n<\/ul>\n<h3><img src=\"https:\/\/casani.vn\/img\/image\/den-chum\/den-chum-pha-le-ccp-5088-15-r-1.jpg\" alt=\"\u0110\u00e8n Ch\u00f9m Pha L\u00ea CCP-5088-15-R\" \/><\/p>\n<p>\u0110i\u1ec3m nh\u1ea5n c\u1ee7a m\u1eabu \u0110\u00e8n Ch\u00f9m Pha L\u00ea CCP-5088-15-R<\/h3>\n<p dir=\"ltr\">V\u1edbi thi\u1ebft k\u1ebf d\u1ef1a tr\u00ean \u00fd t\u01b0\u1edfng thi\u00ean nhi\u00ean \u0111\u1ed9c \u0111\u00e1o, k\u1ebft h\u1ee3p v\u1edbi phong c\u00e1ch t\u00e2n c\u1ed5 \u0111i\u1ec3n \u0111\u00e3 t\u1ea1o n\u00ean s\u1ea3n ph\u1ea9m \u0110\u00e8n Ch\u00f9m Pha L\u00ea CCP-5088-15-R tuy\u1ec7t \u0111\u1eb9p. \u0110i\u1ec3m nh\u1ea5n n\u1ed5i b\u1eadt c\u1ee7a m\u1eabu \u0111\u00e8n n\u00e0y l\u00e0 s\u1ef1 k\u1ebft h\u1ee3p b\u00e1t \u0111\u00e1 m\u00e0u \u0111\u1ecf n\u1ed5i b\u1eadt n\u1eb1m ch\u00ednh gi\u1eefa ph\u1ea7n th\u00e2n \u0111\u00e8n t\u1ea1o n\u00ean s\u1ef1 n\u1ed5i b\u1eadt \u1ea5n t\u01b0\u1ee3ng kh\u00f3 qu\u00ean.<\/p>\n<p dir=\"ltr\"><img src=\"https:\/\/casani.vn\/img\/p\/den-chum-pha-le-ccp-5088-15-r-p468.jpg\" alt=\"\u0111\u00e8n ch\u00f9m pha l\u00ea ph\u00f2ng kh\u00e1ch\" \/><\/p>\n<p dir=\"ltr\">\u0110\u00e2y l\u00e0 chi\u1ebfc \u0111\u00e8n ch\u00f9m pha l\u00ea \u0111\u01b0\u1ee3c thi\u1ebft k\u1ebf d\u00e0nh cho ph\u00f2ng kh\u00e1ch \u0111\u1ec3 t\u1ea1o kh\u00f4ng gian \u0111\u1ea7m \u1ea5m v\u00e0 kh\u00f4ng m\u1ea5t \u0111i s\u1ef1 sang tr\u1ecdng c\u1ea7n thi\u1ebft c\u1ee7a ph\u00f2ng kh\u00e1ch. Chao \u0111\u00e8n \u0111\u01b0\u1ee3c kh\u00e9o l\u00e9o thi\u1ebft k\u1ebf th\u00e0nh nh\u1eefng b\u00f4ng hoa loa k\u00e8n t\u1ea1o c\u1ea3m gi\u00e1c l\u00e0 \u0111\u00e8n m\u00e0 l\u1ea1i kh\u00f4ng ph\u1ea3i l\u00e0 \u0111\u00e8n.<\/p>\n<p dir=\"ltr\">Ngo\u00e0i ra s\u1eed d\u1ee5ng <strong>\u0111\u00e8n ch\u00f9m pha l\u00ea ph\u00f2ng kh\u00e1ch<\/strong> c\u00f2n gi\u00fap gia ch\u1ee7 ti\u1ebft ki\u1ec7m t\u1ed1i \u0111a \u0111i\u1ec7n n\u0103ng.<\/p>\n<h2>L\u01b0u \u00fd khi l\u1ef1a ch\u1ecdn \u0111\u00e8n ch\u00f9m pha l\u00ea ph\u00f2ng kh\u00e1ch<\/h2>\n<ul>\n<li>\u0110\u1ed9i ng\u0169 chuy\u00ean gia Casani xin \u0111\u01b0a ra m\u1ed9t v\u00e0i l\u01b0u \u00fd khi qu\u00fd kh\u00e1ch h\u00e0ng l\u1ef1a ch\u1ecdn \u0111\u00e8n ch\u00f9m pha l\u00ea ph\u00f2ng kh\u00e1ch:<\/li>\n<li>L\u1ef1a ch\u1ecdn \u0111\u00e8n ch\u00f9m c\u00f3 k\u00edch th\u01b0\u1edbc ph\u00f9 h\u1ee3p v\u1edbi k\u00edch th\u01b0\u1edbc c\u1ee7a c\u0103n ph\u00f2ng. K\u00edch th\u01b0\u1edbc h\u00e0i h\u00f2a s\u1ebd t\u1ea1o ra t\u1ed5ng th\u1ec3 \u0111\u1ed3ng nh\u1ea5t.<\/li>\n<li>L\u1ef1a ch\u1ecdn phong c\u00e1ch \u0111\u00e8n ph\u00f9 h\u1ee3p v\u1edbi phong c\u00e1ch c\u1ee7a ph\u00f2ng. B\u1ea1n kh\u00f4ng th\u1ec3 l\u1ef1a ch\u1ecdn \u0111\u00e8n ch\u00f9m phong c\u00e1ch c\u1ed5 \u0111i\u1ec3n \u0111\u1ec3 trang tr\u00ed cho m\u1ed9t ph\u00f2ng kh\u00e1ch hi\u1ec7n \u0111\u1ea1i \u0111\u01b0\u1ee3c.<\/li>\n<li>T\u00ecm \u0111\u1ecba ch\u1ec9 cung c\u1ea5p <strong>\u0111\u00e8n ch\u00f9m<\/strong> uy t\u00edn b\u1edfi l\u00fac n\u00e0y b\u1ea1n s\u1ebd \u0111\u01b0\u1ee3c mua \u0111\u00e8n v\u1edbi m\u1ee9c gi\u00e1 t\u1ed1t nh\u1ea5t, h\u1ea1n ch\u1ebf c\u1ea3nh ti\u1ec1n m\u1ea5t t\u1eadt mang \u0111\u00e1ng ti\u1ebfc.<\/li>\n<\/ul>\n<h3>Cam k\u1ebft khi mua \u0111\u00e8n trang tr\u00ed t\u1ea1i Casani<\/h3>\n<p dir=\"ltr\">T\u1ea5t c\u1ea3 \u0111\u00e8n \u0111\u1ec1u \u0111\u01b0\u1ee3c \u0111\u1ea3m b\u1ea3o ch\u1ea5t l\u01b0\u1ee3ng uy t\u00edn. N\u00f3i kh\u00f4ng v\u1edbi h\u00e0ng gi\u1ea3 h\u00e0ng k\u00e9m ch\u1ea5t l\u01b0\u1ee3ng. \u0110\u00e8n c\u00f3 \u0111\u1ed9 b\u1ec1n cao, c\u00f3 th\u1ec3 th\u00e1o r\u1eddi b\u1ea3o h\u00e0nh ho\u1eb7c s\u1eeda ch\u1eefa.<\/p>\n<p dir=\"ltr\">T\u01b0 v\u1ea5n nhi\u1ec7t t\u00ecnh khi kh\u00e1ch h\u00e0ng c\u00f3 nhu c\u1ea7u t\u00ecm hi\u1ec3u th\u00f4ng tin c\u1ee7a s\u1ea3n ph\u1ea9m. Chuy\u00ean gia t\u01b0 v\u1ea5n \u0111\u00e8n trang tr\u00ed \u0111\u01b0a ra gi\u1ea3i ph\u00e1p ph\u00f9 h\u1ee3p v\u00e0 t\u1ed1i \u01b0u chi ph\u00ed nh\u1ea5t.<\/p>\n<p dir=\"ltr\">Gi\u00e1 c\u1ea3 \u0111\u00e8n t\u1ed1t nh\u1ea5t th\u1ecb tr\u01b0\u1eddng. B\u00e1n h\u00e0ng theo h\u00ecnh th\u1ee9c tr\u1ef1c ti\u1ebfp v\u00e0 online. H\u1ed7 tr\u1ee3 v\u1eadn chuy\u1ec3n \u0111\u1ed1i v\u1edbi kh\u00e1ch h\u00e0ng \u1edf xa.<\/p>\n<div>\u0110\u1ec3 \u0111\u01b0\u1ee3c t\u01b0 v\u1ea5n m\u1eabu \u0111\u00e8n trang tr\u00ed gi\u00e1 r\u1ebb n\u00e0y th\u00ec li\u00ean h\u1ec7 th\u00f4ng tin d\u01b0\u1edbi \u0111\u00e2y:<\/div>\n","protected":false},"excerpt":{"rendered":"<ul class=\"cc\">\n<li class=\"l\">M\u00e3 SP: CCP-5088-15-R<\/li>\n<li class=\"l\">B\u1ea3o h\u00e0nh: 12 Th\u00e1ng<\/li>\n<li>K\u00edch th\u01b0\u1edbc: 1000mm<\/li>\n<li>T\u00ecnh tr\u1ea1ng: C\u00f2n h\u00e0ng<\/li>\n<\/ul>\n","protected":false},"featured_media":258,"comment_status":"open","ping_status":"closed","template":"","meta":[],"_links":{"self":[{"href":"https:\/\/webmaibinh.com\/w\/denled12011\/wp-json\/wp\/v2\/product\/257"}],"collection":[{"href":"https:\/\/webmaibinh.com\/w\/denled12011\/wp-json\/wp\/v2\/product"}],"about":[{"href":"https:\/\/webmaibinh.com\/w\/denled12011\/wp-json\/wp\/v2\/types\/product"}],"replies":[{"embeddable":true,"href":"https:\/\/webmaibinh.com\/w\/denled12011\/wp-json\/wp\/v2\/comments?post=257"}],"wp:featuredmedia":[{"embeddable":true,"href":"https:\/\/webmaibinh.com\/w\/denled12011\/wp-json\/wp\/v2\/media\/258"}],"wp:attachment":[{"href":"https:\/\/webmaibinh.com\/w\/denled12011\/wp-json\/wp\/v2\/media?parent=257"}],"curies":[{"name":"wp","href":"https:\/\/api.w.org\/{rel}","templated":true}]}}