{"id":37,"date":"2020-01-24T03:11:58","date_gmt":"2020-01-24T03:11:58","guid":{"rendered":"http:\/\/demo33.muathemewordpress.net\/?page_id=37"},"modified":"2020-01-25T17:57:00","modified_gmt":"2020-01-25T17:57:00","slug":"cua-nhua","status":"publish","type":"page","link":"https:\/\/webmaibinh.com\/w\/cuanhom12011\/cua-nhua\/","title":{"rendered":"C\u1eeda nh\u1ef1a"},"content":{"rendered":"\t<section class=\"section bg-patern-sago\" id=\"section_1554498997\">\n\t\t<div class=\"bg section-bg fill bg-fill  bg-loaded\" >\n\n\t\t\t\n\t\t\t\n\t\t\t\n\n\t\t<\/div>\n\n\t\t<div class=\"section-content relative\">\n\t\t\t\n<div class=\"row\"  id=\"row-500382259\">\n\n\t<div id=\"col-657460629\" class=\"col medium-6 small-12 large-6\"  >\n\t\t<div class=\"col-inner text-left\"  >\n\t\t\t\n\t\t\t\n<h2><span style=\"color: #2ab56f;\">C\u1eeda nh\u1ef1a l\u00f5i th\u00e9p uPVC<\/span><\/h2>\n<div class=\"is-divider divider clearfix\" style=\"margin-top:0.0em;margin-bottom:0.0em;max-width:64px;height:2px;background-color:rgb(42, 181, 111);\"><\/div>\n\t<div id=\"gap-1467783697\" class=\"gap-element clearfix\" style=\"display:block; height:auto;\">\n\t\t\n<style>\n#gap-1467783697 {\n  padding-top: 5px;\n}\n<\/style>\n\t<\/div>\n\t\n<p><span style=\"font-size: 85%; color: #2ab56f;\"><strong>I. \u0110\u1ecaNH NGH\u0128A C\u1eecA L\u00d5I TH\u00c9P<\/strong><\/span><\/p>\n<p><span style=\"font-size: 85%;\">\u2022 \u00a0C\u1eeda nh\u1ef1a l\u00f5i th\u00e9p c\u00f3 c\u1ea5u tr\u00fac\u00a0\u0111a khoang d\u1ea1ng h\u1ed9p k\u1ebft c\u1ea5u v\u1edbi l\u00f5i th\u00e9p gia c\u01b0\u1eddng t\u0103ng kh\u1ea3 n\u0103ng ch\u1ecbu l\u1ef1c v\u00e0 t\u00ednh c\u00e1ch \u00e2m, c\u00e1ch nhi\u1ec7t.<\/span><\/p>\n<p><span style=\"font-size: 85%;\">\u2022\u00a0\u00a0uPVC l\u00e0 unplasticized Poly Vinyl Chloride \u0111\u01b0\u1ee3c bi\u1ebfn t\u00ednh b\u1edfi c\u00e1c th\u00e0nh ph\u1ea7n: Acrylic Polymers t\u1ea1o s\u1ef1 b\u1ec1n ch\u1eafc, ch\u1ecbu \u0111\u01b0\u1ee3c l\u1ef1c va \u0111\u1eadp m\u1ea1nh; c\u00e1c ch\u1ea5t \u1ed5n \u0111\u1ecbnh gi\u00fap nh\u1ef1a ch\u1ecbu \u0111\u01b0\u1ee3c t\u00e1c \u0111\u1ed9ng c\u1eeda nhi\u1ec7t v\u00e0 tia c\u1ef1c t\u00edm; s\u00e1p d\u00f9ng trong qu\u00e1 tr\u00ecnh ch\u1ebf bi\u1ebfn t\u1ea1o cho thanh Profile c\u00f3 b\u1ec1 m\u1eb7t b\u00f3ng, \u0111\u1eb9p.<\/span><\/p>\n<p><span style=\"font-size: 85%; color: #2ab56f;\"><strong>II. NH\u1eeeNG T\u00cdNH N\u0102NG N\u1ed4I B\u1eacT C\u1ee6A C\u1eecA NH\u1ef0A:<\/strong><\/span><\/p>\n<p><span style=\"font-size: 85%;\">\u2022 \u00a0C\u00f3 kh\u1ea3 n\u0103ng c\u00e1ch \u00e2m, c\u00e1ch nhi\u1ec7t t\u1ed1t<\/span><\/p>\n<p><span style=\"font-size: 85%;\">\u2022 \u00a0\u0110\u1ed9 b\u1ec1n cao, Th\u00e2n thi\u1ec7n m\u00f4i tr\u01b0\u1eddng.<\/span><\/p>\n<p><span style=\"font-size: 85%;\">\u2022 \u00a0T\u00ednh an to\u00e0n cao<\/span><\/p>\n<p><span style=\"font-size: 85%;\">\u2022 \u00a0C\u00f3 kh\u1ea3 n\u0103ng ch\u1ed1ng ch\u00e1y t\u1ed1t.<\/span><\/p>\n<p><span style=\"font-size: 85%;\">\u2022 \u00a0Ph\u00f9 h\u1ee3p v\u1edbi nhi\u1ec1u ki\u1ec3u ki\u1ebfn tr\u00fac.<\/span><\/p>\n<p><span style=\"font-size: 85%; color: #2ab56f;\"><strong>III. C\u00c1C B\u1ed8 PH\u1eacN C\u1ea4U TH\u00c0NH C\u1eecA NH\u1ef0A:<\/strong><\/span><\/p>\n<p><span style=\"font-size: 85%;\">\u2022 \u00a0Thanh Profile<\/span><\/p>\n<p><span style=\"font-size: 85%;\">\u2022 \u00a0Ph\u1ee5 ki\u1ec7n kim kh\u00ed<\/span><\/p>\n<p><span style=\"font-size: 85%;\">\u2022 \u00a0K\u00ednh<\/span><\/p>\n<p><span style=\"font-size: 85%;\">\u2022\u00a0 H\u1ec7 gio\u0103ng, v\u1eadt t\u01b0 ph\u1ee5<\/span><\/p>\n\t\t<\/div>\n\t\t\t<\/div>\n\n\t\n\n\t<div id=\"col-2034007409\" class=\"col medium-6 small-12 large-6\"  >\n\t\t<div class=\"col-inner\"  >\n\t\t\t\n\t\t\t\n\t<div class=\"img has-hover x md-x lg-x y md-y lg-y\" id=\"image_629284407\">\n\t\t\t\t\t\t\t\t<div class=\"img-inner dark\" >\n\t\t\t<img width=\"1020\" height=\"619\" src=\"https:\/\/webmaibinh.com\/w\/cuanhom12011\/wp-content\/uploads\/2020\/01\/cua_nhua-1319x800.jpg\" class=\"attachment-large size-large\" alt=\"\" loading=\"lazy\" srcset=\"https:\/\/webmaibinh.com\/w\/cuanhom12011\/wp-content\/uploads\/2020\/01\/cua_nhua-1319x800.jpg 1319w, https:\/\/webmaibinh.com\/w\/cuanhom12011\/wp-content\/uploads\/2020\/01\/cua_nhua-659x400.jpg 659w, https:\/\/webmaibinh.com\/w\/cuanhom12011\/wp-content\/uploads\/2020\/01\/cua_nhua-768x466.jpg 768w, https:\/\/webmaibinh.com\/w\/cuanhom12011\/wp-content\/uploads\/2020\/01\/cua_nhua-1536x932.jpg 1536w, https:\/\/webmaibinh.com\/w\/cuanhom12011\/wp-content\/uploads\/2020\/01\/cua_nhua-600x364.jpg 600w, https:\/\/webmaibinh.com\/w\/cuanhom12011\/wp-content\/uploads\/2020\/01\/cua_nhua.jpg 1734w\" sizes=\"(max-width: 1020px) 100vw, 1020px\" \/>\t\t\t\t\t\t\n\t\t\t\t\t<\/div>\n\t\t\t\t\t\t\t\t\n<style>\n#image_629284407 {\n  width: 100%;\n}\n<\/style>\n\t<\/div>\n\t\n\t\t<\/div>\n\t\t\t<\/div>\n\n\t\n<\/div>\n\t\t<\/div>\n\n\t\t\n<style>\n#section_1554498997 {\n  padding-top: 30px;\n  padding-bottom: 30px;\n}\n<\/style>\n\t<\/section>\n\t\n","protected":false},"excerpt":{"rendered":"","protected":false},"author":1,"featured_media":0,"parent":0,"menu_order":0,"comment_status":"closed","ping_status":"closed","template":"page-blank.php","meta":[],"_links":{"self":[{"href":"https:\/\/webmaibinh.com\/w\/cuanhom12011\/wp-json\/wp\/v2\/pages\/37"}],"collection":[{"href":"https:\/\/webmaibinh.com\/w\/cuanhom12011\/wp-json\/wp\/v2\/pages"}],"about":[{"href":"https:\/\/webmaibinh.com\/w\/cuanhom12011\/wp-json\/wp\/v2\/types\/page"}],"author":[{"embeddable":true,"href":"https:\/\/webmaibinh.com\/w\/cuanhom12011\/wp-json\/wp\/v2\/users\/1"}],"replies":[{"embeddable":true,"href":"https:\/\/webmaibinh.com\/w\/cuanhom12011\/wp-json\/wp\/v2\/comments?post=37"}],"version-history":[{"count":16,"href":"https:\/\/webmaibinh.com\/w\/cuanhom12011\/wp-json\/wp\/v2\/pages\/37\/revisions"}],"predecessor-version":[{"id":613,"href":"https:\/\/webmaibinh.com\/w\/cuanhom12011\/wp-json\/wp\/v2\/pages\/37\/revisions\/613"}],"wp:attachment":[{"href":"https:\/\/webmaibinh.com\/w\/cuanhom12011\/wp-json\/wp\/v2\/media?parent=37"}],"curies":[{"name":"wp","href":"https:\/\/api.w.org\/{rel}","templated":true}]}}